-- --------------------------------------------------------
-- Server OS:                    Win64
-- HeidiSQL Version:             9.5.0.5332
-- --------------------------------------------------------



-- Dumping database structure for insurehe_iceworm
-- CREATE DATABASE IF NOT EXISTS `insurehe_iceworm` /*!40100 DEFAULT CHARACTER SET latin1 */;
-- USE `insurehe_iceworm`;

-- Dumping structure for table insurehe_iceworm.dx_agencies
CREATE TABLE IF NOT EXISTS `dx_agencies` (
  `id` int(11) NOT NULL AUTO_INCREMENT,
  `agency_name` varchar(50) DEFAULT NULL,
  `phone` varchar(50) DEFAULT NULL,
  `email` varchar(50) DEFAULT NULL,
  `website` varchar(50) DEFAULT NULL,
  `balance` varchar(50) DEFAULT NULL,
  `transection_price` int(11) DEFAULT '0',
  `status` varchar(50) DEFAULT '1',
  `created_at` timestamp NULL DEFAULT NULL,
  `updated_at` timestamp NULL DEFAULT NULL,
  `deleted_at` timestamp NULL DEFAULT NULL,
  PRIMARY KEY (`id`)
) ENGINE=InnoDB AUTO_INCREMENT=16 DEFAULT CHARSET=latin1;

-- Dumping data for table insurehe_iceworm.dx_agencies: ~4 rows (approximately)
INSERT INTO `dx_agencies` (`id`, `agency_name`, `phone`, `email`, `website`, `balance`, `transection_price`, `status`, `created_at`, `updated_at`, `deleted_at`) VALUES
	(2, 'Lorem Ispem', '3320323482', 'suhaibzaidi@gmail.com', 'google.com', '100', 10, '1', '2019-03-28 13:44:28', '2019-03-28 13:44:28', NULL),
	(3, 'Afgan Real Estate', '3049958886', 'afgan@gmail.com', 'google.com', '460', 5, '1', '2019-03-28 13:45:01', '2019-03-28 13:45:01', NULL),
	(4, 'UF', '4152347686', 'agent@uf.com', 'www.uf.com', '900', 10, '1', '2019-06-25 03:05:53', '2019-06-25 12:06:01', NULL),
	(11, 'yguyg', '123456789', 'gggj@hk.dasd', 'jsidfjskl', NULL, 10, '1', '2019-06-25 15:11:40', '2019-06-25 15:11:40', NULL),
	(14, 'Ahmad Real Estate', '123456789', 'suhaibzaidi@gmail.com', 'google.com', NULL, 10, '1', '2019-06-25 15:25:45', '2019-06-25 15:25:45', NULL),
	(15, 'Ginwalla Gym', '123456789', 'sohaibzaidi2@gmail.com', 'ginwalla.com', NULL, 5, '1', '2019-06-25 15:32:10', '2019-06-25 15:32:10', NULL);

-- Dumping structure for table insurehe_iceworm.dx_agents
CREATE TABLE IF NOT EXISTS `dx_agents` (
  `id` int(11) NOT NULL AUTO_INCREMENT,
  `first_name` varchar(50) DEFAULT NULL,
  `last_name` varchar(50) DEFAULT NULL,
  `phone` varchar(50) DEFAULT NULL,
  `mobile` varchar(50) DEFAULT NULL,
  `email` varchar(50) DEFAULT NULL,
  `agency_id` varchar(50) DEFAULT NULL,
  `status` varchar(50) DEFAULT '1',
  `created_at` timestamp NULL DEFAULT NULL,
  `updated_at` timestamp NULL DEFAULT NULL,
  `deleted_at` timestamp NULL DEFAULT NULL,
  PRIMARY KEY (`id`)
) ENGINE=InnoDB AUTO_INCREMENT=19 DEFAULT CHARSET=latin1;

-- Dumping data for table insurehe_iceworm.dx_agents: ~5 rows (approximately)
INSERT INTO `dx_agents` (`id`, `first_name`, `last_name`, `phone`, `mobile`, `email`, `agency_id`, `status`, `created_at`, `updated_at`, `deleted_at`) VALUES
	(2, 'Yousuf', 'Ginwalla', '3049958886', '3320323482', 'sohaib@summitgulf.com', '3', '1', '2019-03-28 13:47:11', '2019-03-28 13:47:11', NULL),
	(4, 'Aashar', 'Muneer', '3049958886', '3320323482', 'aasher@gmail.com', '3', '1', '2019-04-02 12:22:24', '2019-04-02 12:22:24', NULL),
	(6, 'Umer', 'Usman', '1112223334', '1112223334', 'umerfinancials@gmail.com', '3', '1', '2019-05-22 05:43:36', '2019-05-22 05:43:36', NULL),
	(7, 'sdadasd', 'sadsad', '1234567890', '1234567890', 'dasdas@sfsd.ghfh', '3', '1', '2019-05-27 01:13:44', '2019-05-27 01:13:44', NULL),
	(8, 'Agent UF', 'Last Name', '2021230115', '123456780', 'agent1@uf.com', '4', '1', '2019-06-25 03:11:35', '2019-06-25 03:11:35', NULL),
	(15, 'test', 'test', '123456789', '123456789', 'test@gmail.com', '15', '1', '2019-06-25 16:40:53', '2019-06-25 16:40:53', NULL),
	(16, 'test1', 'test1', '123456789', '123456789', 'test1@gmail.com', '15', '1', '2019-06-25 16:43:26', '2019-06-25 16:43:26', NULL),
	(17, 'shahzaib', 'Zaidi', '123456789', '123456789', 'test3@gmail.com', '15', '1', '2019-06-25 16:45:33', '2019-06-25 16:45:33', NULL),
	(18, 'fsdfsda', 'dsadad', '123456789', '123456789', 'test4@gmail.com', '15', '1', '2019-06-25 17:18:40', '2019-06-25 17:18:40', NULL);

-- Dumping structure for table insurehe_iceworm.dx_country
CREATE TABLE IF NOT EXISTS `dx_country` (
  `id` int(11) NOT NULL AUTO_INCREMENT,
  `name` varchar(255) NOT NULL DEFAULT '0',
  `status` tinyint(4) NOT NULL DEFAULT '0',
  `created_at` varchar(50) NOT NULL DEFAULT '0',
  `updated_at` varchar(50) NOT NULL DEFAULT '0',
  `deleted_at` varchar(50) NOT NULL DEFAULT '0',
  PRIMARY KEY (`id`)
) ENGINE=InnoDB AUTO_INCREMENT=4 DEFAULT CHARSET=latin1;

-- Dumping data for table insurehe_iceworm.dx_country: ~3 rows (approximately)
INSERT INTO `dx_country` (`id`, `name`, `status`, `created_at`, `updated_at`, `deleted_at`) VALUES
	(1, 'Pakistan', 1, '0', '0', 'NULL'),
	(2, 'India', 1, '0', '0', 'NULL'),
	(3, 'UK', 1, '0', '0', 'NULL');

-- Dumping structure for table insurehe_iceworm.dx_currencies
CREATE TABLE IF NOT EXISTS `dx_currencies` (
  `id` int(11) NOT NULL AUTO_INCREMENT,
  `amount` float NOT NULL DEFAULT '0',
  `currency_code` varchar(50) NOT NULL DEFAULT '0',
  `agency_id` varchar(50) NOT NULL DEFAULT '0',
  `updated_at` timestamp NOT NULL DEFAULT CURRENT_TIMESTAMP,
  `created_at` timestamp NOT NULL DEFAULT CURRENT_TIMESTAMP,
  `deleted_at` timestamp NULL DEFAULT NULL,
  PRIMARY KEY (`id`)
) ENGINE=InnoDB AUTO_INCREMENT=4 DEFAULT CHARSET=latin1;

-- Dumping data for table insurehe_iceworm.dx_currencies: ~3 rows (approximately)
INSERT INTO `dx_currencies` (`id`, `amount`, `currency_code`, `agency_id`, `updated_at`, `created_at`, `deleted_at`) VALUES
	(1, 100, 'USD', '2', '2019-03-28 13:45:16', '2019-02-28 14:45:16', NULL),
	(2, 500, 'USD', '3', '2019-03-28 13:45:27', '2019-03-28 13:45:27', NULL),
	(3, 1000, 'USD', '4', '2019-06-25 03:07:09', '2019-06-25 03:07:09', NULL);

-- Dumping structure for table insurehe_iceworm.dx_plans
CREATE TABLE IF NOT EXISTS `dx_plans` (
  `id` int(255) NOT NULL AUTO_INCREMENT,
  `plan_name` varchar(255) NOT NULL,
  `type` varchar(255) NOT NULL,
  `price` varchar(255) NOT NULL,
  `description` varchar(255) NOT NULL,
  `status` int(11) DEFAULT NULL,
  `promoprice` varchar(50) DEFAULT NULL,
  `drivercount` int(255) DEFAULT NULL,
  `allowedtask` int(255) DEFAULT NULL,
  `smslimit` int(11) DEFAULT NULL,
  `expiry` varchar(50) DEFAULT NULL,
  `with_sms_notification` int(11) DEFAULT NULL,
  `with_push_broadcast` int(11) DEFAULT NULL,
  `created_at` timestamp NOT NULL DEFAULT CURRENT_TIMESTAMP,
  `updated_at` timestamp NULL DEFAULT NULL,
  `deleted_at` timestamp NULL DEFAULT NULL,
  PRIMARY KEY (`id`)
) ENGINE=InnoDB AUTO_INCREMENT=13 DEFAULT CHARSET=latin1;

-- Dumping data for table insurehe_iceworm.dx_plans: ~6 rows (approximately)
INSERT INTO `dx_plans` (`id`, `plan_name`, `type`, `price`, `description`, `status`, `promoprice`, `drivercount`, `allowedtask`, `smslimit`, `expiry`, `with_sms_notification`, `with_push_broadcast`, `created_at`, `updated_at`, `deleted_at`) VALUES
	(1, 'Standard', 'day', '1', 'Requires min 3 bookings p/day Service', 1, '5', 2, 4, 12, '2017-12-15', 1, 1, '2017-12-16 05:29:43', '2019-03-11 18:55:01', NULL),
	(2, 'standard', 'Membership Limit 1 month', '2', 'Requires min 3 bookings p/day Service', 1, '5', 2, 5, 50, '2017-12-15', NULL, NULL, '2017-12-16 05:29:43', '2017-12-16 05:29:46', NULL),
	(3, 'standard', 'Membership Limit 1 month', '10.99', 'Requires min 3 bookings p/day Service', 1, '5', 2, 5, 13, '2017-12-15', NULL, NULL, '2017-12-16 05:29:43', '2017-12-16 05:29:46', NULL),
	(4, 'standard', 'Membership Limit 1 month', '100000', 'Requires min 3 bookings p/day Service', 1, '5', 2, 5, 0, '2017-12-15', NULL, NULL, '2017-12-16 05:29:43', '2017-12-16 05:29:46', NULL),
	(5, 'standard', 'Membership Limit 1 month', '8000000', 'Requires min 3 bookings p/day Service', 1, '5', 2, 5, 13, '2017-12-15', NULL, NULL, '2017-12-16 05:29:43', '2017-12-16 05:29:46', NULL),
	(12, 'Supreme Deluxe', 'year', '2103', 'Supreme Deluxe', 1, '210', 6, 6, 5000, NULL, 1, 1, '2018-02-28 16:21:12', '2018-02-28 16:21:12', NULL);

-- Dumping structure for table insurehe_iceworm.dx_system_logs
CREATE TABLE IF NOT EXISTS `dx_system_logs` (
  `id` int(14) NOT NULL AUTO_INCREMENT,
  `to_number` varchar(100) NOT NULL,
  `sms_text` text NOT NULL,
  `provider` varchar(100) NOT NULL,
  `msg` varchar(255) NOT NULL,
  `raw` text NOT NULL,
  `user_ip` varchar(40) NOT NULL,
  `user_id` int(12) NOT NULL,
  `created_at` timestamp NOT NULL DEFAULT CURRENT_TIMESTAMP,
  `updated_at` timestamp NOT NULL DEFAULT CURRENT_TIMESTAMP,
  `deleted_at` timestamp NULL DEFAULT NULL,
  PRIMARY KEY (`id`)
) ENGINE=InnoDB AUTO_INCREMENT=2 DEFAULT CHARSET=latin1;

-- Dumping data for table insurehe_iceworm.dx_system_logs: ~0 rows (approximately)
INSERT INTO `dx_system_logs` (`id`, `to_number`, `sms_text`, `provider`, `msg`, `raw`, `user_ip`, `user_id`, `created_at`, `updated_at`, `deleted_at`) VALUES
	(1, '03320323482', 'yahoo', 'sohaib', 'Hello Word', 'n', '123.132.15.1', 2, '2018-01-03 07:33:18', '2018-01-03 07:33:19', NULL);

-- Dumping structure for table insurehe_iceworm.history
CREATE TABLE IF NOT EXISTS `history` (
  `id` int(10) unsigned NOT NULL AUTO_INCREMENT,
  `type_id` int(10) unsigned NOT NULL,
  `user_id` int(10) unsigned NOT NULL,
  `entity_id` int(10) unsigned DEFAULT NULL,
  `icon` varchar(191) COLLATE utf8mb4_unicode_ci DEFAULT NULL,
  `class` varchar(191) COLLATE utf8mb4_unicode_ci DEFAULT NULL,
  `text` varchar(191) COLLATE utf8mb4_unicode_ci NOT NULL,
  `assets` text COLLATE utf8mb4_unicode_ci,
  `created_at` timestamp NULL DEFAULT NULL,
  `updated_at` timestamp NULL DEFAULT NULL,
  PRIMARY KEY (`id`),
  KEY `history_type_id_foreign` (`type_id`),
  KEY `history_user_id_foreign` (`user_id`),
  CONSTRAINT `history_type_id_foreign` FOREIGN KEY (`type_id`) REFERENCES `history_types` (`id`) ON DELETE CASCADE,
  CONSTRAINT `history_user_id_foreign` FOREIGN KEY (`user_id`) REFERENCES `users` (`id`) ON DELETE CASCADE
) ENGINE=InnoDB AUTO_INCREMENT=57 DEFAULT CHARSET=utf8mb4 COLLATE=utf8mb4_unicode_ci;

-- Dumping data for table insurehe_iceworm.history: ~53 rows (approximately)
INSERT INTO `history` (`id`, `type_id`, `user_id`, `entity_id`, `icon`, `class`, `text`, `assets`, `created_at`, `updated_at`) VALUES
	(1, 1, 1, 98, 'times', 'bg-yellow', 'trans("history.backend.users.deactivated") <strong>{user}</strong>', '{"user_link":["admin.access.user.show","shastri a",98]}', '2018-01-30 07:31:06', '2018-01-30 07:31:06'),
	(2, 1, 1, 98, 'check', 'bg-green', 'trans("history.backend.users.reactivated") <strong>{user}</strong>', '{"user_link":["admin.access.user.show","shastri a",98]}', '2018-01-30 07:32:05', '2018-01-30 07:32:05'),
	(3, 1, 1, 108, 'check', 'bg-green', 'trans("history.backend.users.reactivated") <strong>{user}</strong>', '{"user_link":["admin.access.user.show","just test",108]}', '2018-01-30 08:42:07', '2018-01-30 08:42:07'),
	(4, 2, 1, 3, 'save', 'bg-aqua', 'trans("history.backend.roles.updated") <strong>Driver</strong>', NULL, '2018-02-01 05:10:23', '2018-02-01 05:10:23'),
	(5, 2, 1, 4, 'plus', 'bg-green', 'trans("history.backend.roles.created") <strong>Sohaib</strong>', NULL, '2018-02-01 05:14:03', '2018-02-01 05:14:03'),
	(6, 2, 1, 5, 'plus', 'bg-green', 'trans("history.backend.roles.created") <strong>usamabaig@gmail.com</strong>', NULL, '2018-02-01 05:21:58', '2018-02-01 05:21:58'),
	(7, 2, 1, 6, 'plus', 'bg-green', 'trans("history.backend.roles.created") <strong>ex</strong>', NULL, '2018-02-08 09:08:55', '2018-02-08 09:08:55'),
	(8, 1, 1, 144, 'check', 'bg-green', 'trans("history.backend.users.reactivated") <strong>{user}</strong>', '{"user_link":["admin.access.user.show","Hassaan Anwer",144]}', '2018-02-16 20:54:40', '2018-02-16 20:54:40'),
	(9, 1, 1, 144, 'save', 'bg-aqua', 'trans("history.backend.users.updated") <strong>{user}</strong>', '{"user_link":["admin.access.user.show","Hassaan Anwer",144]}', '2018-02-16 20:55:50', '2018-02-16 20:55:50'),
	(10, 1, 1, 123, 'save', 'bg-aqua', 'trans("history.backend.users.updated") <strong>{user}</strong>', '{"user_link":["admin.access.user.show","Zulfiqar Ali",123]}', '2018-02-19 23:33:43', '2018-02-19 23:33:43'),
	(11, 1, 1, 123, 'times', 'bg-yellow', 'trans("history.backend.users.deactivated") <strong>{user}</strong>', '{"user_link":["admin.access.user.show","Zulfiqar Ali",123]}', '2018-02-19 23:34:07', '2018-02-19 23:34:07'),
	(12, 1, 1, 123, 'save', 'bg-aqua', 'trans("history.backend.users.updated") <strong>{user}</strong>', '{"user_link":["admin.access.user.show","Zulfiqar Ali",123]}', '2018-02-19 23:34:58', '2018-02-19 23:34:58'),
	(13, 1, 1, 149, 'save', 'bg-aqua', 'trans("history.backend.users.updated") <strong>{user}</strong>', '{"user_link":["admin.access.user.show","Hassaan Anwer",149]}', '2018-02-19 23:41:49', '2018-02-19 23:41:49'),
	(14, 1, 1, 149, 'times', 'bg-yellow', 'trans("history.backend.users.deactivated") <strong>{user}</strong>', '{"user_link":["admin.access.user.show","Hassaan Anwer",149]}', '2018-02-19 23:41:55', '2018-02-19 23:41:55'),
	(15, 1, 1, 156, 'check', 'bg-green', 'trans("history.backend.users.reactivated") <strong>{user}</strong>', '{"user_link":["admin.access.user.show","hash hash",156]}', '2018-02-19 23:42:52', '2018-02-19 23:42:52'),
	(16, 1, 1, 156, 'save', 'bg-aqua', 'trans("history.backend.users.updated") <strong>{user}</strong>', '{"user_link":["admin.access.user.show","hash hash",156]}', '2018-02-19 23:43:03', '2018-02-19 23:43:03'),
	(17, 1, 1, 144, 'save', 'bg-aqua', 'trans("history.backend.users.updated") <strong>{user}</strong>', '{"user_link":["admin.access.user.show","Hassaanz Anwerz",144]}', '2018-02-26 23:50:07', '2018-02-26 23:50:07'),
	(18, 1, 1, 144, 'times', 'bg-red', 'trans("history.backend.users.unconfirmed") <strong>{user}</strong>', '{"user_link":["admin.access.user.show","Hassaanz Anwerz",144]}', '2018-02-27 16:49:08', '2018-02-27 16:49:08'),
	(19, 1, 1, 144, 'check', 'bg-green', 'trans("history.backend.users.confirmed") <strong>{user}</strong>', '{"user_link":["admin.access.user.show","Hassaanz Anwerz",144]}', '2018-02-27 16:49:46', '2018-02-27 16:49:46'),
	(20, 1, 1, 144, 'save', 'bg-aqua', 'trans("history.backend.users.updated") <strong>{user}</strong>', '{"user_link":["admin.access.user.show","Hassaan Anwer",144]}', '2018-02-27 17:16:08', '2018-02-27 17:16:08'),
	(22, 1, 1, 144, 'save', 'bg-aqua', 'trans("history.backend.users.updated") <strong>{user}</strong>', '{"user_link":["admin.access.user.show","Hassaan Anwer",144]}', '2018-02-27 17:19:12', '2018-02-27 17:19:12'),
	(23, 1, 1, 144, 'save', 'bg-aqua', 'trans("history.backend.users.updated") <strong>{user}</strong>', '{"user_link":["admin.access.user.show","Hassaan Anwer",144]}', '2018-02-27 17:19:35', '2018-02-27 17:19:35'),
	(25, 1, 1, 2, 'save', 'bg-aqua', 'trans("history.backend.users.updated") <strong>{user}</strong>', '{"user_link":["admin.access.user.show","Backend User",2]}', '2019-03-21 14:25:45', '2019-03-21 14:25:45'),
	(26, 1, 1, 3, 'save', 'bg-aqua', 'trans("history.backend.users.updated") <strong>{user}</strong>', '{"user_link":["admin.access.user.show","Default User",3]}', '2019-03-21 14:26:34', '2019-03-21 14:26:34'),
	(27, 1, 1, 3, 'lock', 'bg-blue', 'trans("history.backend.users.changed_password") <strong>{user}</strong>', '{"user_link":["admin.access.user.show","Default User",3]}', '2019-03-21 14:26:57', '2019-03-21 14:26:57'),
	(28, 1, 1, 165, 'save', 'bg-aqua', 'trans("history.backend.users.updated") <strong>{user}</strong>', '{"user_link":["admin.access.user.show","Elisabet Dudenie",165]}', '2019-03-21 23:12:20', '2019-03-21 23:12:20'),
	(29, 1, 1, 166, 'plus', 'bg-green', 'trans("history.backend.users.created") <strong>{user}</strong>', '{"user_link":["admin.access.user.show","Yousuf Ginwalla",166]}', '2019-03-21 23:27:11', '2019-03-21 23:27:11'),
	(30, 1, 1, 2, 'save', 'bg-aqua', 'trans("history.backend.users.updated") <strong>{user}</strong>', '{"user_link":["admin.access.user.show","Backend User",2]}', '2019-03-21 23:34:48', '2019-03-21 23:34:48'),
	(31, 1, 1, 2, 'save', 'bg-aqua', 'trans("history.backend.users.updated") <strong>{user}</strong>', '{"user_link":["admin.access.user.show","Backend User",2]}', '2019-03-21 23:41:46', '2019-03-21 23:41:46'),
	(32, 1, 1, 2, 'save', 'bg-aqua', 'trans("history.backend.users.updated") <strong>{user}</strong>', '{"user_link":["admin.access.user.show","Backend User",2]}', '2019-03-24 13:28:11', '2019-03-24 13:28:11'),
	(33, 1, 1, 169, 'save', 'bg-aqua', 'trans("history.backend.users.updated") <strong>{user}</strong>', '{"user_link":["admin.access.user.show","Yousuf Ginwalla",169]}', '2019-03-28 13:49:49', '2019-03-28 13:49:49'),
	(34, 1, 1, 171, 'plus', 'bg-green', 'trans("history.backend.users.created") <strong>{user}</strong>', '{"user_string":"sohaib zaodo"}', '2019-03-28 15:02:17', '2019-03-28 15:03:10'),
	(35, 1, 1, 171, 'trash', 'bg-maroon', 'trans("history.backend.users.deleted") <strong>{user}</strong>', '{"user_string":"sohaib zaodo"}', '2019-03-28 15:02:57', '2019-03-28 15:03:10'),
	(36, 1, 1, 171, 'trash', 'bg-maroon', 'trans("history.backend.users.permanently_deleted") <strong>{user}</strong>', '{"user_string":"sohaib zaodo"}', '2019-03-28 15:03:10', '2019-03-28 15:03:10'),
	(37, 1, 1, 176, 'trash', 'bg-maroon', 'trans("history.backend.users.deleted") <strong>{user}</strong>', '{"user_string":"sohaib zaidui"}', '2019-03-28 15:20:12', '2019-03-28 15:20:19'),
	(38, 1, 1, 176, 'trash', 'bg-maroon', 'trans("history.backend.users.permanently_deleted") <strong>{user}</strong>', '{"user_string":"sohaib zaidui"}', '2019-03-28 15:20:19', '2019-03-28 15:20:19'),
	(39, 1, 1, 177, 'trash', 'bg-maroon', 'trans("history.backend.users.deleted") <strong>{user}</strong>', '{"user_string":"Sohaib Zaidi"}', '2019-03-28 15:24:09', '2019-03-28 15:29:34'),
	(40, 1, 1, 177, 'trash', 'bg-maroon', 'trans("history.backend.users.permanently_deleted") <strong>{user}</strong>', '{"user_string":"Sohaib Zaidi"}', '2019-03-28 15:29:34', '2019-03-28 15:29:34'),
	(41, 1, 1, 169, 'save', 'bg-aqua', 'trans("history.backend.users.updated") <strong>{user}</strong>', '{"user_link":["admin.access.user.show","Yousuf Ginwalla",169]}', '2019-03-28 15:45:59', '2019-03-28 15:45:59'),
	(42, 1, 1, 169, 'save', 'bg-aqua', 'trans("history.backend.users.updated") <strong>{user}</strong>', '{"user_link":["admin.access.user.show","Yousuf Ginwalla",169]}', '2019-03-28 17:26:33', '2019-03-28 17:26:33'),
	(43, 1, 1, 170, 'trash', 'bg-maroon', 'trans("history.backend.users.deleted") <strong>{user}</strong>', '{"user_string":"Aashar Dudenie"}', '2019-04-02 12:20:58', '2019-04-02 12:21:15'),
	(44, 1, 1, 170, 'trash', 'bg-maroon', 'trans("history.backend.users.permanently_deleted") <strong>{user}</strong>', '{"user_string":"Aashar Dudenie"}', '2019-04-02 12:21:15', '2019-04-02 12:21:15'),
	(45, 1, 1, 169, 'lock', 'bg-blue', 'trans("history.backend.users.changed_password") <strong>{user}</strong>', '{"user_link":["admin.access.user.show","Yousuf Ginwalla",169]}', '2019-04-22 03:21:13', '2019-04-22 03:21:13'),
	(46, 1, 1, 175, 'plus', 'bg-green', 'trans("history.backend.users.created") <strong>{user}</strong>', '{"user_link":["admin.access.user.show","Asim Mughni",175]}', '2019-05-22 05:30:52', '2019-05-22 05:30:52'),
	(47, 1, 1, 174, 'trash', 'bg-maroon', 'trans("history.backend.users.deleted") <strong>{user}</strong>', '{"user_string":"Umer Usman"}', '2019-05-22 05:41:50', '2019-05-22 05:42:04'),
	(48, 1, 1, 174, 'trash', 'bg-maroon', 'trans("history.backend.users.permanently_deleted") <strong>{user}</strong>', '{"user_string":"Umer Usman"}', '2019-05-22 05:42:04', '2019-05-22 05:42:04'),
	(49, 1, 1, 177, 'plus', 'bg-green', 'trans("history.backend.users.created") <strong>{user}</strong>', '{"user_link":["admin.access.user.show","Emad Siddiqui",177]}', '2019-05-23 04:27:31', '2019-05-23 04:27:31'),
	(50, 1, 1, 177, 'save', 'bg-aqua', 'trans("history.backend.users.updated") <strong>{user}</strong>', '{"user_link":["admin.access.user.show","Emad Siddiqui",177]}', '2019-05-23 04:27:57', '2019-05-23 04:27:57'),
	(51, 1, 1, 171, 'lock', 'bg-blue', 'trans("history.backend.users.changed_password") <strong>{user}</strong>', '{"user_link":["admin.access.user.show","Aashar Muneer",171]}', '2019-06-12 02:22:02', '2019-06-12 02:22:02'),
	(52, 1, 1, 179, 'plus', 'bg-green', 'trans("history.backend.users.created") <strong>{user}</strong>', '{"user_link":["admin.access.user.show","Tele 1 Last Name",179]}', '2019-06-25 03:03:08', '2019-06-25 03:03:08'),
	(53, 1, 1, 180, 'plus', 'bg-green', 'trans("history.backend.users.created") <strong>{user}</strong>', '{"user_link":["admin.access.user.show","Admin 1 Last Name",180]}', '2019-06-25 03:03:45', '2019-06-25 03:03:45'),
	(54, 1, 1, 179, 'times', 'bg-yellow', 'trans("history.backend.users.deactivated") <strong>{user}</strong>', '{"user_link":["admin.access.user.show","Tele 1 Last Name",179]}', '2019-06-25 03:19:23', '2019-06-25 03:19:23'),
	(55, 1, 1, 179, 'check', 'bg-green', 'trans("history.backend.users.reactivated") <strong>{user}</strong>', '{"user_link":["admin.access.user.show","Tele 1 Last Name",179]}', '2019-06-25 03:19:50', '2019-06-25 03:19:50'),
	(56, 2, 1, 4, 'save', 'bg-aqua', 'trans("history.backend.roles.updated") <strong>Agency</strong>', NULL, '2019-06-25 15:37:53', '2019-06-25 15:37:53');

-- Dumping structure for table insurehe_iceworm.history_types
CREATE TABLE IF NOT EXISTS `history_types` (
  `id` int(10) unsigned NOT NULL AUTO_INCREMENT,
  `name` varchar(191) COLLATE utf8mb4_unicode_ci NOT NULL,
  `created_at` timestamp NULL DEFAULT NULL,
  `updated_at` timestamp NULL DEFAULT NULL,
  PRIMARY KEY (`id`)
) ENGINE=InnoDB AUTO_INCREMENT=3 DEFAULT CHARSET=utf8mb4 COLLATE=utf8mb4_unicode_ci;

-- Dumping data for table insurehe_iceworm.history_types: ~2 rows (approximately)
INSERT INTO `history_types` (`id`, `name`, `created_at`, `updated_at`) VALUES
	(1, 'User', '2017-12-15 13:59:02', '2017-12-15 13:59:02'),
	(2, 'Role', '2017-12-15 13:59:02', '2017-12-15 13:59:02');

-- Dumping structure for table insurehe_iceworm.jobs
CREATE TABLE IF NOT EXISTS `jobs` (
  `id` bigint(20) unsigned NOT NULL AUTO_INCREMENT,
  `queue` varchar(191) COLLATE utf8mb4_unicode_ci NOT NULL,
  `payload` longtext COLLATE utf8mb4_unicode_ci NOT NULL,
  `attempts` tinyint(3) unsigned NOT NULL,
  `reserved_at` int(10) unsigned DEFAULT NULL,
  `available_at` int(10) unsigned NOT NULL,
  `created_at` int(10) unsigned NOT NULL,
  PRIMARY KEY (`id`),
  KEY `jobs_queue_reserved_at_index` (`queue`,`reserved_at`)
) ENGINE=InnoDB AUTO_INCREMENT=3 DEFAULT CHARSET=utf8mb4 COLLATE=utf8mb4_unicode_ci;

-- Dumping data for table insurehe_iceworm.jobs: ~0 rows (approximately)

-- Dumping structure for table insurehe_iceworm.jobs_logs
CREATE TABLE IF NOT EXISTS `jobs_logs` (
  `id` int(11) NOT NULL AUTO_INCREMENT,
  `user_id` int(11) NOT NULL DEFAULT '0',
  `name` varchar(50) DEFAULT NULL,
  `on_duty` int(11) DEFAULT '0',
  `parent_id` int(11) DEFAULT '0',
  `assign_job` int(11) NOT NULL DEFAULT '0',
  `unassign_job` int(11) NOT NULL DEFAULT '1',
  `job_completed` int(11) NOT NULL DEFAULT '0',
  `job_id` int(11) NOT NULL DEFAULT '0',
  `pay_rate` int(11) NOT NULL DEFAULT '0',
  `total_payment` int(11) DEFAULT '0',
  `paid_unpaid` int(11) DEFAULT '0',
  `distance` int(11) DEFAULT '0',
  PRIMARY KEY (`id`)
) ENGINE=InnoDB AUTO_INCREMENT=38 DEFAULT CHARSET=latin1;

-- Dumping data for table insurehe_iceworm.jobs_logs: ~22 rows (approximately)
INSERT INTO `jobs_logs` (`id`, `user_id`, `name`, `on_duty`, `parent_id`, `assign_job`, `unassign_job`, `job_completed`, `job_id`, `pay_rate`, `total_payment`, `paid_unpaid`, `distance`) VALUES
	(3, 113, 'usama', 0, 0, 1, 0, 1, 35, 3, 30, 0, 10),
	(8, 113, 'usama', 1, 0, 0, 1, 1, 2, 34, 340, 0, 10),
	(14, 113, 'usama', 0, 0, 0, 1, 1, 321, 43, 430, 0, 10),
	(15, 123, 'Zulfiqar', 0, 88, 0, 1, 0, 0, 2, 0, 0, 5),
	(20, 88, 'Sohaib', 1, 0, 1, 0, 0, 66, 0, 0, 0, 0),
	(21, 88, 'Sohaib', 1, 0, 1, 0, 0, 67, 0, 0, 0, 0),
	(22, 88, 'Sohaib', 1, 0, 1, 0, 1, 53, 0, 0, 0, 0),
	(23, 88, 'khab sahab', 1, 0, 0, 1, 0, 0, 0, 0, 0, 0),
	(24, 135, 'dsdsdsd', 0, 88, 0, 1, 1, 0, 3, 12, 0, 4),
	(25, 136, 'dfgdfgdf', 0, 88, 0, 1, 0, 0, 4, 0, 0, 3),
	(26, 137, 'fsdfsdf', 0, 88, 0, 1, 0, 0, 5, 0, 0, 2),
	(27, 88, 'Sohaib', 1, 88, 1, 0, 1, 64, 20, 200, 0, 10),
	(28, 124, 'Sohaib', 1, 88, 1, 0, 1, 64, 20, 200, 0, 10),
	(29, 145, 'imran', 1, 0, 0, 1, 0, 0, 0, 0, 0, 0),
	(30, 146, 'khan', 0, 0, 0, 1, 0, 0, 0, 0, 0, 0),
	(31, 147, 'KHAN', 0, 0, 0, 1, 0, 0, 0, 0, 0, 0),
	(32, 148, 'hassan', 0, 0, 0, 1, 0, 0, 0, 0, 0, 0),
	(33, 149, 'Hassaan', 0, 0, 0, 1, 0, 0, 0, 0, 0, 0),
	(34, 150, 'Random', 0, 0, 0, 1, 0, 0, 0, 0, 0, 0),
	(35, 153, '12', 0, 0, 0, 1, 0, 0, 0, 0, 0, 0),
	(36, 155, '12', 0, 0, 0, 1, 0, 0, 0, 0, 0, 0),
	(37, 160, 'hashagent', 0, 0, 0, 1, 0, 0, 0, 0, 0, 0);

-- Dumping structure for table insurehe_iceworm.leads
CREATE TABLE IF NOT EXISTS `leads` (
  `id` int(10) unsigned NOT NULL AUTO_INCREMENT,
  `fname` varchar(191) COLLATE utf8mb4_unicode_ci DEFAULT NULL,
  `lname` varchar(191) COLLATE utf8mb4_unicode_ci DEFAULT NULL,
  `pphone` varchar(191) COLLATE utf8mb4_unicode_ci DEFAULT NULL,
  `sphone` varchar(191) COLLATE utf8mb4_unicode_ci DEFAULT NULL,
  `email` varchar(191) COLLATE utf8mb4_unicode_ci DEFAULT NULL,
  `address` varchar(191) COLLATE utf8mb4_unicode_ci DEFAULT NULL,
  `city` varchar(191) COLLATE utf8mb4_unicode_ci DEFAULT NULL,
  `state` varchar(191) COLLATE utf8mb4_unicode_ci DEFAULT NULL,
  `zip` varchar(191) COLLATE utf8mb4_unicode_ci DEFAULT NULL,
  `gender` varchar(191) COLLATE utf8mb4_unicode_ci DEFAULT NULL,
  `birthdate` varchar(191) COLLATE utf8mb4_unicode_ci DEFAULT NULL,
  `age` varchar(191) COLLATE utf8mb4_unicode_ci DEFAULT NULL,
  `self_assessed_credit` varchar(191) COLLATE utf8mb4_unicode_ci DEFAULT NULL,
  `home_type` varchar(191) COLLATE utf8mb4_unicode_ci DEFAULT NULL,
  `year_built` varchar(191) COLLATE utf8mb4_unicode_ci DEFAULT NULL,
  `square_feet` varchar(191) COLLATE utf8mb4_unicode_ci DEFAULT NULL,
  `bedrooms` varchar(191) COLLATE utf8mb4_unicode_ci DEFAULT NULL,
  `bathrooms` varchar(191) COLLATE utf8mb4_unicode_ci DEFAULT NULL,
  `construction_type` varchar(191) COLLATE utf8mb4_unicode_ci DEFAULT NULL,
  `roof_surface` varchar(191) COLLATE utf8mb4_unicode_ci DEFAULT NULL,
  `foundation_type` varchar(191) COLLATE utf8mb4_unicode_ci DEFAULT NULL,
  `exterior_walls` varchar(191) COLLATE utf8mb4_unicode_ci DEFAULT NULL,
  `garage_type` varchar(191) COLLATE utf8mb4_unicode_ci DEFAULT NULL,
  `total_stories` varchar(191) COLLATE utf8mb4_unicode_ci DEFAULT NULL,
  `electrical_system` varchar(191) COLLATE utf8mb4_unicode_ci DEFAULT NULL,
  `fireplaces` varchar(191) COLLATE utf8mb4_unicode_ci DEFAULT NULL,
  `pool` varchar(191) COLLATE utf8mb4_unicode_ci DEFAULT NULL,
  `patio_deck` varchar(191) COLLATE utf8mb4_unicode_ci DEFAULT NULL,
  `alarm` varchar(191) COLLATE utf8mb4_unicode_ci DEFAULT NULL,
  `central_ac` varchar(191) COLLATE utf8mb4_unicode_ci DEFAULT NULL,
  `dead_bolt` varchar(191) COLLATE utf8mb4_unicode_ci DEFAULT NULL,
  `smoke_detector` varchar(191) COLLATE utf8mb4_unicode_ci DEFAULT NULL,
  `fire_extinguisher` varchar(191) COLLATE utf8mb4_unicode_ci DEFAULT NULL,
  `smoker_in_home` varchar(191) COLLATE utf8mb4_unicode_ci DEFAULT NULL,
  `dog_in_home` varchar(191) COLLATE utf8mb4_unicode_ci DEFAULT NULL,
  `near_fire_station` varchar(191) COLLATE utf8mb4_unicode_ci DEFAULT NULL,
  `near_fire_hydrant` varchar(191) COLLATE utf8mb4_unicode_ci DEFAULT NULL,
  `currently_insured` varchar(191) COLLATE utf8mb4_unicode_ci DEFAULT NULL,
  `current_carrier` varchar(191) COLLATE utf8mb4_unicode_ci DEFAULT NULL,
  `residence_coverage_amount` varchar(191) COLLATE utf8mb4_unicode_ci DEFAULT NULL,
  `personal_property_amount` varchar(191) COLLATE utf8mb4_unicode_ci DEFAULT NULL,
  `personal_liability_amount` varchar(191) COLLATE utf8mb4_unicode_ci DEFAULT NULL,
  `deductible_amount` varchar(191) COLLATE utf8mb4_unicode_ci DEFAULT NULL,
  `years_continuously_covered` varchar(191) COLLATE utf8mb4_unicode_ci DEFAULT NULL,
  `policy_expiration` varchar(191) COLLATE utf8mb4_unicode_ci DEFAULT NULL,
  `property_address` varchar(191) COLLATE utf8mb4_unicode_ci DEFAULT NULL,
  `property_city` varchar(191) COLLATE utf8mb4_unicode_ci DEFAULT NULL,
  `property_state` varchar(191) COLLATE utf8mb4_unicode_ci DEFAULT NULL,
  `property_zip` varchar(191) COLLATE utf8mb4_unicode_ci DEFAULT NULL,
  `property_use` varchar(191) COLLATE utf8mb4_unicode_ci DEFAULT NULL,
  `home_value` varchar(191) COLLATE utf8mb4_unicode_ci DEFAULT NULL,
  `isverfied` varchar(191) COLLATE utf8mb4_unicode_ci DEFAULT '0',
  `isvalidated` varchar(191) COLLATE utf8mb4_unicode_ci DEFAULT '0',
  `transferto` int(11) DEFAULT '0',
  `status` tinyint(1) NOT NULL DEFAULT '1',
  `created_at` timestamp NULL DEFAULT NULL,
  `updated_at` timestamp NULL DEFAULT NULL,
  `deleted_at` timestamp NULL DEFAULT NULL,
  PRIMARY KEY (`id`)
) ENGINE=InnoDB AUTO_INCREMENT=261 DEFAULT CHARSET=utf8mb4 COLLATE=utf8mb4_unicode_ci;

-- Dumping data for table insurehe_iceworm.leads: ~260 rows (approximately)
INSERT INTO `leads` (`id`, `fname`, `lname`, `pphone`, `sphone`, `email`, `address`, `city`, `state`, `zip`, `gender`, `birthdate`, `age`, `self_assessed_credit`, `home_type`, `year_built`, `square_feet`, `bedrooms`, `bathrooms`, `construction_type`, `roof_surface`, `foundation_type`, `exterior_walls`, `garage_type`, `total_stories`, `electrical_system`, `fireplaces`, `pool`, `patio_deck`, `alarm`, `central_ac`, `dead_bolt`, `smoke_detector`, `fire_extinguisher`, `smoker_in_home`, `dog_in_home`, `near_fire_station`, `near_fire_hydrant`, `currently_insured`, `current_carrier`, `residence_coverage_amount`, `personal_property_amount`, `personal_liability_amount`, `deductible_amount`, `years_continuously_covered`, `policy_expiration`, `property_address`, `property_city`, `property_state`, `property_zip`, `property_use`, `home_value`, `isverfied`, `isvalidated`, `transferto`, `status`, `created_at`, `updated_at`, `deleted_at`) VALUES
	(1, 'Ray', 'Winfield', '4092121564', NULL, 'louise_winfield@gmail.com', '2355 CLEARVIEW ST', 'BEAUMONT', 'TX', '77701', 'Male', '1936-01-01 00:00:00', '82', 'Excellent', 'Single family', '1978', '2500', '3', '2', 'Wood Frame', 'Asphalt Shingle', 'Concrete Slab', 'Brick', 'None', '1', 'Unknown', '0', 'No', 'No', 'No', NULL, 'No', 'No', 'No', 'No', 'No', 'No', 'No', 'Yes', 'Allied', '200000', '0', '100000', '1000', '2', '2017-07-31 00:00:00', '2355 CLEARVIEW ST', 'BEAUMONT', 'TX', '77701', 'Primary Residence', '0', '0', '0', 0, 1, NULL, NULL, NULL),
	(2, 'Andrea', 'Hasberry', '2548136442', NULL, 'andreahasberry@yahoo.com', '1006 S 8th st', 'KILLEEN', 'TX', '76541', 'Male', '1970-07-08 00:00:00', '48', 'Fair', 'Single family', '1989', '2500', '3', '1', 'Wood Frame', 'Asphalt Shingle', 'Concrete Slab', 'Brick', 'None', '1', 'Unknown', '0', 'No', 'No', 'No', NULL, 'No', 'No', 'No', 'No', 'No', 'No', 'No', 'No', NULL, '150000', '0', '300000', '500', 'Less Than 1', '0000-00-00', '1006 S 8th st', 'KILLEEN', 'TX', '76541', 'Primary Residence', '0', '1', '1', 6, 1, NULL, NULL, NULL),
	(3, 'James', 'Felkner', '2145871324', NULL, 'Jim.felkner@gmail.com', '6810 FM 1156', 'JACKSBORO', 'TX', '76458', 'Male', '1986-01-01 00:00:00', '32', 'Excellent', 'Single family', '2004', '1500', '3', '2', 'Wood Frame', 'Asphalt Shingle', 'Concrete Slab', 'Brick', 'Detached', '2', 'Unknown', '0', 'No', 'No', 'No', NULL, 'No', 'No', 'No', 'No', 'No', 'No', 'No', 'Yes', 'Allstate Insurance', '150000', '0', '300000', '500', '2', '2017-08-01 00:00:00', '6810 FM 1156', 'JACKSBORO', 'TX', '76458', 'Primary Residence', '0', '0', '0', 0, 1, NULL, NULL, NULL),
	(4, 'Jane', 'Mill', '2102907370', NULL, 'maxyneeee@gmail.com', '11 Upper Cibolo Creek Rd, Boerne, TX 78006', 'SAN ANTONIO', 'TX', '78211', 'Male', '1990-02-28 00:00:00', '28', 'Fair', 'Other', '2014', '3500', '2', '1', 'Wood Frame', 'Asphalt Shingle', 'Concrete Slab', 'Brick', 'Detached', '2', 'Unknown', '0', 'No', 'No', 'No', NULL, 'No', 'No', 'No', 'No', 'No', 'No', 'No', 'Yes', 'Allied', '150000', '0', '300000', '500', '5', '2017-07-31 00:00:00', '11 Upper Cibolo Creek Rd, Boerne, TX 78006', 'SAN ANTONIO', 'TX', '78211', 'Primary Residence', '0', '0', '0', 0, 1, NULL, NULL, NULL),
	(5, 'Dusty', 'Reichert', '9034490993', NULL, 'Reichert25@yahoo.com', '1410 FM 896', 'LEONARD', 'TX', '75452', 'Male', '1977-06-14 00:00:00', '41', 'Excellent', 'Single family', '1960', '1500', '3', '2', 'Wood Frame', 'Asphalt Shingle', 'Concrete Slab', 'Brick', 'Attached', '1', 'Unknown', '0', 'No', 'No', 'No', NULL, 'No', 'No', 'No', 'No', 'No', 'No', 'No', 'Yes', 'Allstate Insurance', '100000', '0', '1000000', '1000', '2', '2017-08-01 00:00:00', '1410 FM 896', 'LEONARD', 'TX', '75452', 'Primary Residence', '0', '0', '0', 0, 1, NULL, NULL, NULL),
	(6, 'Dora', 'Carrillo', '2256361905', NULL, 'Xavier.carrillo.22@gmail.com', '8763 Guinevere St', 'HOUSTON', 'TX', '77029', 'Male', '1991-08-11 00:00:00', '26', 'Excellent', 'Single family', '2008', '1500', '2', '2', 'Wood Frame', 'Asphalt Shingle', 'Concrete Slab', 'Brick', 'Detached', '2', 'Unknown', '0', 'No', 'No', 'No', NULL, 'No', 'No', 'No', 'No', 'No', 'No', 'No', 'Yes', 'American Family Insurance', '150000', '0', '300000', '500', '2', '2017-08-01 00:00:00', '8763 Guinevere St', 'HOUSTON', 'TX', '77029', 'Primary Residence', '0', '0', '0', 0, 1, NULL, NULL, NULL),
	(7, 'Eugene', 'Jones', '9037591852', NULL, 'Eugene.Jones@HOTMAIL.COM', '4943 George Richey Rd', 'LONGVIEW', 'TX', '75604', 'Male', '1949-09-26 00:00:00', '68', 'Good', 'Single family', '1993', '1500', '2', '1', 'Wood Frame', 'Asphalt Shingle', 'Concrete Slab', 'Brick', 'Attached', '1', 'Unknown', '0', 'No', 'No', 'No', NULL, 'No', 'No', 'No', 'No', 'No', 'No', 'No', 'Yes', 'Allstate Insurance', '150000', '0', '300000', '500', '2', '2017-08-31 00:00:00', '4943 George Richey Rd', 'LONGVIEW', 'TX', '75604', 'Primary Residence', '0', '0', '0', 0, 1, NULL, NULL, NULL),
	(8, 'Darren', 'Antwine', '8172645277', NULL, 'darrenraye70@gmail.com', '2800 randall way', 'FORT WORTH', 'TX', '76116', 'Male', '1969-11-20 00:00:00', '48', 'Excellent', 'Other', '1997', '1750', '4', '2', 'Wood Frame', 'Asphalt Shingle', 'Concrete Slab', 'Brick', 'Attached', '1', 'Unknown', '0', 'No', 'No', 'No', NULL, 'No', 'No', 'No', 'No', 'No', 'No', 'No', 'No', NULL, '150000', '0', '300000', '500', 'Less Than 1', '0000-00-00', '2800 randall way', 'FORT WORTH', 'TX', '76116', 'Primary Residence', '0', '0', '0', 0, 1, NULL, NULL, NULL),
	(9, 'Gwen', 'MILES', '8174785386', NULL, 'gwenMILES@yahoo.com', '6204 RENDON NEW HOPE RD', 'FORT WORTH', 'TX', '76140', 'Male', '1943-07-09 00:00:00', '75', 'Excellent', 'Single family', '1950', '1500', '3', '2', 'Wood Frame', 'Asphalt Shingle', 'Concrete Slab', 'Brick', 'None', '1', 'Unknown', '0', 'No', 'No', 'No', NULL, 'No', 'No', 'No', 'No', 'No', 'No', 'No', 'Yes', 'State Farm', '150000', '0', '300000', '500', '2', '2017-09-01 00:00:00', '6204 RENDON NEW HOPE RD', 'FORT WORTH', 'TX', '76140', 'Primary Residence', '0', '0', '0', 0, 1, NULL, NULL, NULL),
	(10, 'Vilma', 'Leonor', '2818147765', NULL, 'vilmaleonor100@icloud.com', '6262 underhill st', 'HOUSTON', 'TX', '77092', 'Male', '1980-07-03 00:00:00', '38', 'Fair', 'Other', '1982', '900', '1', '1', 'Wood Frame', 'Asphalt Shingle', 'Concrete Slab', 'Brick', 'None', '1', 'Unknown', '0', 'No', 'No', 'No', NULL, 'No', 'No', 'No', 'No', 'No', 'No', 'No', 'Yes', 'Allstate Insurance', '150000', '0', '300000', '500', '2', '2017-07-31 00:00:00', '6262 underhill st', 'HOUSTON', 'TX', '77092', 'Primary Residence', '0', '0', '0', 0, 1, NULL, NULL, NULL),
	(11, 'Jsj', 'Skks', '9562333188', NULL, 'djro@hotmail.com', '2102 willio', 'LAREDO', 'TX', '78046', 'Male', '1985-09-01 00:00:00', '32', 'Good', 'Condominium', '2017', '1750', '3', '3', 'Wood Frame', 'Asphalt Shingle', 'Concrete Slab', 'Brick', 'Car Port', '3', 'Unknown', '0', 'No', 'No', 'No', NULL, 'No', 'No', 'No', 'No', 'No', 'No', 'No', 'Yes', 'Auto Owners', '150000', '0', '300000', '500', '2', '2017-07-31 00:00:00', '2102 willio', 'LAREDO', 'TX', '78046', 'Primary Residence', '0', '0', '0', 0, 1, NULL, NULL, NULL),
	(12, 'Beast', 'Rao', '2816873856', NULL, 'beastrao@gmail.com', '8450 cambridge st', 'HOUSTON', 'TX', '77054', 'Male', '1982-01-01 00:00:00', '36', 'Excellent', 'Single family', '2007', '1500', '2', '1', 'Wood Frame', 'Asphalt Shingle', 'Concrete Slab', 'Brick', 'Detached', '1', 'Unknown', '0', 'No', 'No', 'No', NULL, 'No', 'No', 'No', 'No', 'No', 'No', 'No', 'Yes', 'Allstate Insurance', '150000', '0', '300000', '500', '2', '2017-08-01 00:00:00', '8450 cambridge st', 'HOUSTON', 'TX', '77054', 'Primary Residence', '0', '0', '0', 0, 1, NULL, NULL, NULL),
	(13, 'Herbert', 'Dunlap', '8176092508', NULL, 'hrdunlap@gmail.com', '9579 Bowen Drive', 'SAN ANTONIO', 'TX', '78250', 'Male', '1970-01-23 00:00:00', '48', 'Fair', 'Other', '2015', '1750', '4', '2', 'Wood Frame', 'Asphalt Shingle', 'Concrete Slab', 'Brick', 'Attached', '2', 'Unknown', '0', 'No', 'No', 'No', NULL, 'No', 'No', 'No', 'No', 'No', 'No', 'No', 'No', NULL, '150000', '0', '300000', '500', 'Less Than 1', '0000-00-00', '9579 Bowen Drive', 'SAN ANTONIO', 'TX', '78250', 'Primary Residence', '0', '0', '0', 0, 1, NULL, NULL, NULL),
	(14, 'CAROLINE', 'ROBERTS', '7136336824', NULL, 'CAROLINEROBERTS@GMAIL.COM', '6716 LARKSTONE ST', 'HOUSTON', 'TX', '77028', 'Male', '1938-12-31 00:00:00', '79', 'Good', 'Single family', '1994', '1500', '3', '2', 'Wood Frame', 'Asphalt Shingle', 'Concrete Slab', 'Brick', 'Attached', '1', 'Unknown', '0', 'No', 'No', 'No', NULL, 'No', 'No', 'No', 'No', 'No', 'No', 'No', 'Yes', 'Allstate Insurance', '150000', '0', '300000', '500', '2', '2017-08-31 00:00:00', '6716 LARKSTONE ST', 'HOUSTON', 'TX', '77028', 'Primary Residence', '0', '0', '0', 0, 1, NULL, NULL, NULL),
	(15, 'Nathan', 'Littlepage', '8328880784', NULL, 'natlit123@yahoo.com', '14242 luthe apt. b', 'HOUSTON', 'TX', '77039', 'Male', '1970-04-01 00:00:00', '48', 'Good', 'Duplex', '2007', '1500', '2', '1', 'Wood Frame', 'Asphalt Shingle', 'Concrete Slab', 'Brick', 'Attached', '1', 'Unknown', '0', 'No', 'No', 'No', NULL, 'No', 'No', 'No', 'No', 'No', 'No', 'No', 'No', NULL, '50000', '0', '100000', '2000', 'Less Than 1', '0000-00-00', '14242 luthe apt. b', 'HOUSTON', 'TX', '77039', 'Primary Residence', '0', '0', '0', 0, 1, NULL, NULL, NULL),
	(16, 'ANTONIO', 'SERENA', '9564679972', NULL, 'Antonioserena@Hotmail.Com', '112 W Gardenia Ave', 'MCALLEN', 'TX', '78501', 'Male', '1985-01-01 00:00:00', '33', 'Excellent', 'Single family', '2000', '1500', '3', '2', 'Wood Frame', 'Asphalt Shingle', 'Concrete Slab', 'Brick', 'Attached', '1', 'Unknown', '0', 'No', 'No', 'No', NULL, 'No', 'No', 'No', 'No', 'No', 'No', 'No', 'Yes', 'Allstate Insurance', '150000', '0', '300000', '500', '2', '2017-08-01 00:00:00', '112 W Gardenia Ave', 'MCALLEN', 'TX', '78501', 'Primary Residence', '0', '1', '0', 6, 1, NULL, NULL, NULL),
	(17, 'KEITH', 'MATH', '5127340096', NULL, 'KEITHMATH@gmail.com', '19 Bellaire Ave', 'LAMPASAS', 'TX', '76550', 'Male', '1947-12-31 00:00:00', '70', 'Good', 'Single family', '1975', '1500', '3', '2', 'Wood Frame', 'Asphalt Shingle', 'Concrete Slab', 'Brick', 'Attached', '1', 'Unknown', '0', 'No', 'No', 'No', NULL, 'No', 'No', 'No', 'No', 'No', 'No', 'No', 'Yes', 'State Farm', '150000', '0', '300000', '500', '2', '2017-08-31 00:00:00', '19 Bellaire Ave', 'LAMPASAS', 'TX', '76550', 'Primary Residence', '0', '0', '0', 0, 1, NULL, NULL, NULL),
	(18, 'Gregory', 'Rively QAS', '5125640505', NULL, 'grively@hotmail.com', '211 Heritage Drive', 'AUSTIN', 'TX', '78737', 'Male', '1968-01-31 00:00:00', '50', 'Excellent', 'Single family', '2017', '2500', '3', '2', 'Wood Frame', 'Asphalt Shingle', 'Concrete Slab', 'Brick', 'None', '1', 'Unknown', '0', 'No', 'No', 'No', NULL, 'No', 'No', 'No', 'No', 'No', 'No', 'No', 'Yes', 'AIG', '200000', '0', '100000', '1000', '3', '2017-07-31 00:00:00', '211 Heritage Drive', 'AUSTIN', 'TX', '78737', 'Primary Residence', '0', '0', '0', 0, 1, NULL, NULL, NULL),
	(19, 'SAMMY', 'WHITE', '8175347487', NULL, 'SAMMYWHITE@GMAIL.COM', '3257 Oak Timber Dr', 'FORT WORTH', 'TX', '76119', 'Male', '1969-01-01 00:00:00', '49', 'Excellent', 'Single family', '1978', '2500', '3', '2', 'Wood Frame', 'Asphalt Shingle', 'Concrete Slab', 'Brick', 'None', '1', 'Unknown', '0', 'No', 'No', 'No', NULL, 'No', 'No', 'No', 'No', 'No', 'No', 'No', 'Yes', 'Allied', '200000', '0', '100000', '1000', '2', '2017-07-31 00:00:00', '3257 Oak Timber Dr', 'FORT WORTH', 'TX', '76119', 'Primary Residence', '0', '0', '0', 0, 1, NULL, NULL, NULL),
	(20, 'DON', 'LAIRD', '9362583861', NULL, 'Donlaird@Att.Net', '1839 County Road 6479', 'DAYTON', 'TX', '77535', 'Male', '1934-05-11 00:00:00', '84', 'Excellent', 'Single family', '2005', '1500', '3', '2', 'Wood Frame', 'Asphalt Shingle', 'Concrete Slab', 'Brick', 'Attached', '1', 'Unknown', '0', 'No', 'No', 'No', NULL, 'No', 'No', 'No', 'No', 'No', 'No', 'No', 'Yes', 'State Farm', '100000', '0', '100000', '1000', '2', '2017-08-01 00:00:00', '1839 County Road 6479', 'DAYTON', 'TX', '77535', 'Primary Residence', '0', '0', '0', 0, 1, NULL, NULL, NULL),
	(21, 'Alice', 'Wingfield', '9039846971', NULL, 'alice777grace@suddenlink.net', '266 Flennikenrd', 'GLADEWATER', 'TX', '75647', 'Male', '1964-09-19 00:00:00', '53', 'Excellent', 'Single family', '1973', '1500', '3', '2', 'Wood Frame', 'Asphalt Shingle', 'Concrete Slab', 'Brick', 'Attached', '1', 'Unknown', '0', 'No', 'No', 'No', NULL, 'No', 'No', 'No', 'No', 'No', 'No', 'No', 'Yes', 'State Farm', '150000', '0', '100000', '1000', '2', '2017-08-01 00:00:00', '266 Flennikenrd', 'GLADEWATER', 'TX', '75647', 'Primary Residence', '0', '1', '1', 0, 1, NULL, NULL, NULL),
	(22, 'Gerald', 'Kubena', '2102907339', NULL, 'kubger@aol.com', '235 Whrmund Ct.', 'SAN ANTONIO', 'TX', '78223', 'Male', '1966-09-02 00:00:00', '51', 'Good', 'Single family', '2014', '1500', '1', '1', 'Wood Frame', 'Asphalt Shingle', 'Concrete Slab', 'Brick', 'Attached', '2', 'Unknown', '0', 'No', 'No', 'No', NULL, 'No', 'No', 'No', 'No', 'No', 'No', 'No', 'No', NULL, '500000', '0', '100000', '250', 'Less Than 1', '0000-00-00', '235 Whrmund Ct.', 'SAN ANTONIO', 'TX', '78223', 'Primary Residence', '0', '0', '0', 0, 1, NULL, NULL, NULL),
	(23, 'PHYLLIS', 'GROSSMAN', '4099865950', NULL, 'flat607@gmail.com', '113 BAYOU GLEN ST', 'HITCHCOCK', 'TX', '77563', 'Male', '1947-08-03 00:00:00', '70', 'Excellent', 'Single family', '1986', '1500', '3', '2', 'Wood Frame', 'Asphalt Shingle', 'Concrete Slab', 'Brick', 'Attached', '1', 'Unknown', '0', 'No', 'No', 'No', NULL, 'No', 'No', 'No', 'No', 'No', 'No', 'No', 'Yes', 'Geico', '100000', '0', '100000', '1000', '2', '2017-08-01 00:00:00', '113 BAYOU GLEN ST', 'HITCHCOCK', 'TX', '77563', 'Primary Residence', '0', '0', '0', 0, 1, NULL, NULL, NULL),
	(24, 'Vijay', 'JUTTU', '5035605870', NULL, 'jvijayg@yahoo.com', '26943 Drybank Creek Ln', 'KATY', 'TX', '77494', 'Male', '1969-01-01 00:00:00', '49', 'Excellent', 'Single family', '1978', '2500', '3', '2', 'Wood Frame', 'Asphalt Shingle', 'Concrete Slab', 'Brick', 'None', '1', 'Unknown', '0', 'No', 'No', 'No', NULL, 'No', 'No', 'No', 'No', 'No', 'No', 'No', 'Yes', 'Allied', '200000', '0', '100000', '1000', '2', '2017-07-31 00:00:00', '26943 Drybank Creek Ln', 'KATY', 'TX', '77494', 'Primary Residence', '0', '0', '0', 0, 1, NULL, NULL, NULL),
	(25, 'OMAR', 'MASCORRO', '9563346435', NULL, 'o.mascorro@hotmail.com', '2804 PATRON', 'LAREDO', 'TX', '78045', 'Male', '1987-05-06 00:00:00', '31', 'Good', 'Single family', '2015', '1750', '2', '1', 'Wood Frame', 'Asphalt Shingle', 'Concrete Slab', 'Brick', 'Attached', '2', 'Unknown', '0', 'No', 'No', 'No', NULL, 'No', 'No', 'No', 'No', 'No', 'No', 'No', 'No', NULL, '150000', '0', '300000', '500', 'Less Than 1', '0000-00-00', '2804 PATRON', 'LAREDO', 'TX', '78045', 'Primary Residence', '0', '0', '0', 0, 1, NULL, NULL, NULL),
	(26, 'Maria', 'Solis', '9158879099', NULL, 'sofelia92@yahoo.com', '4260 Krag ST', 'FABENS', 'TX', '79838', 'Male', '1948-04-16 00:00:00', '70', 'Excellent', 'Single family', '1980', '1500', '4', '3', 'Wood Frame', 'Asphalt Shingle', 'Concrete Slab', 'Brick', 'None', '1', 'Unknown', '0', 'No', 'No', 'No', NULL, 'No', 'No', 'No', 'No', 'No', 'No', 'No', 'Yes', 'AAA Insurance Co.', '150000', '0', '300000', '500', '2', '2017-08-01 00:00:00', '4260 Krag ST', 'FABENS', 'TX', '79838', 'Primary Residence', '0', '0', '0', 0, 1, NULL, NULL, NULL),
	(27, 'Linda', 'Miglio', '9039879128', NULL, 'linda_miglio@yahoo.com', '4858 Washington St', 'KILGORE', 'TX', '75662', 'Male', '1963-12-07 00:00:00', '54', 'Excellent', 'Single family', '1990', '1500', '3', '2', 'Wood Frame', 'Asphalt Shingle', 'Concrete Slab', 'Brick', 'None', '1', 'Unknown', '0', 'No', 'No', 'No', NULL, 'No', 'No', 'No', 'No', 'No', 'No', 'No', 'Yes', 'Farmers Insurance', '150000', '0', '300000', '500', '2', '2017-08-01 00:00:00', '4858 Washington St', 'KILGORE', 'TX', '75662', 'Primary Residence', '0', '0', '0', 0, 1, NULL, NULL, NULL),
	(28, 'Youlanda', 'Jones', '2143751175', NULL, 'youlandayoyojones@yahoo.com', '4754 zealand st.', 'DALLAS', 'TX', '75216', 'Male', '1966-04-15 00:00:00', '52', 'Good', 'Condominium', '2009', '1500', '2', '2', 'Wood Frame', 'Asphalt Shingle', 'Concrete Slab', 'Brick', 'Attached', '3', 'Unknown', '0', 'No', 'No', 'No', NULL, 'No', 'No', 'No', 'No', 'No', 'No', 'No', 'No', NULL, '150000', '0', '1000000', '2000', 'Less Than 1', '0000-00-00', '4754 zealand st.', 'DALLAS', 'TX', '75216', 'Primary Residence', '0', '0', '0', 0, 1, NULL, NULL, NULL),
	(29, 'JAN', 'MICHIE', '9402413089', NULL, 'JANMICHIE@aol.com', '10501 Fincher Rd', 'ARGYLE', 'TX', '76226', 'Male', '1967-03-30 00:00:00', '51', 'Excellent', 'Single family', '2005', '1500', '3', '2', 'Wood Frame', 'Asphalt Shingle', 'Concrete Slab', 'Brick', 'Attached', '1', 'Unknown', '0', 'No', 'No', 'No', NULL, 'No', 'No', 'No', 'No', 'No', 'No', 'No', 'Yes', 'Allstate Insurance', '150000', '0', '100000', '1000', '2', '2017-08-01 00:00:00', '10501 Fincher Rd', 'ARGYLE', 'TX', '76226', 'Primary Residence', '0', '0', '0', 0, 1, NULL, NULL, NULL),
	(30, 'Charlotte', 'See', '8179262630', NULL, 'charlotte.see@hotmail.com', '900 E. Jefferson Ave.', 'FORT WORTH', 'TX', '76104', 'Male', '1967-11-21 00:00:00', '50', 'Excellent', 'Condominium', '2009', '900', '2', '3', 'Wood Frame', 'Asphalt Shingle', 'Concrete Slab', 'Brick', 'Attached', '3', 'Unknown', '0', 'No', 'No', 'No', NULL, 'No', 'No', 'No', 'No', 'No', 'No', 'No', 'No', NULL, '100000', '0', '300000', '1000', 'Less Than 1', '0000-00-00', '900 E. Jefferson Ave.', 'FORT WORTH', 'TX', '76104', 'Primary Residence', '0', '0', '0', 0, 1, NULL, NULL, NULL),
	(31, 'Dorothy', 'Lovell', '4094741227', NULL, 'd_lovell3@yahoo.com', '3118 FLORA DR.', 'VIDOR', 'TX', '77662', 'Male', '1965-10-28 00:00:00', '52', 'Good', 'Duplex', '2015', '4500', '3', '2', 'Wood Frame', 'Asphalt Shingle', 'Concrete Slab', 'Brick', 'Attached', '3', 'Unknown', '0', 'No', 'No', 'No', NULL, 'No', 'No', 'No', 'No', 'No', 'No', 'No', 'No', NULL, '250000', '0', '1000000', '500', 'Less Than 1', '0000-00-00', '3118 FLORA DR.', 'VIDOR', 'TX', '77662', 'Primary Residence', '0', '0', '0', 0, 1, NULL, NULL, NULL),
	(32, 'Connie', 'Stone', '9725333291', NULL, 'conniestone54@gmail.com', '604 Greenwood Street', 'TERRELL', 'TX', '75160', 'Male', '1970-05-15 00:00:00', '48', 'Good', 'Condominium', '2012', '4500', '2', '3', 'Wood Frame', 'Asphalt Shingle', 'Concrete Slab', 'Brick', 'Attached', '2', 'Unknown', '0', 'No', 'No', 'No', NULL, 'No', 'No', 'No', 'No', 'No', 'No', 'No', 'No', NULL, '550000', '0', '1000000', '500', 'Less Than 1', '0000-00-00', '604 Greenwood Street', 'TERRELL', 'TX', '75160', 'Primary Residence', '0', '0', '0', 0, 1, NULL, NULL, NULL),
	(33, 'Cynthia', 'Oguinn', '8329784760', NULL, 'miteiswell42@yahoo.com', '6101 antoine', 'HOUSTON', 'TX', '77091', 'Male', '1965-04-05 00:00:00', '53', 'Excellent', 'Condominium', '2014', '3500', '1', '1', 'Wood Frame', 'Asphalt Shingle', 'Concrete Slab', 'Brick', 'Attached', '2', 'Unknown', '0', 'No', 'No', 'No', NULL, 'No', 'No', 'No', 'No', 'No', 'No', 'No', 'No', NULL, '550000', '0', '100000', '250', 'Less Than 1', '0000-00-00', '6101 antoine', 'HOUSTON', 'TX', '77091', 'Primary Residence', '0', '0', '0', 0, 1, NULL, NULL, NULL),
	(34, 'Fredy', 'Guevara', '2144060889', NULL, 'fredyguevara75@yahoo.com', '2211 chatham square ct', 'DALLAS', 'TX', '75227', 'Male', '1964-09-21 00:00:00', '53', 'Excellent', 'Other', '2014', '2500', '3', '3', 'Wood Frame', 'Asphalt Shingle', 'Concrete Slab', 'Brick', 'Attached', '2', 'Unknown', '0', 'No', 'No', 'No', NULL, 'No', 'No', 'No', 'No', 'No', 'No', 'No', 'No', NULL, '200000', '0', '1000000', '1000', 'Less Than 1', '0000-00-00', '2211 chatham square ct', 'DALLAS', 'TX', '75227', 'Primary Residence', '0', '0', '0', 0, 1, NULL, NULL, NULL),
	(35, 'John', 'Adams', '3467146845', NULL, 'dragonbimthor@gmail.com', '13738 Bonilla Lane', 'HOUSTON', 'TX', '77083', 'Male', '1997-09-29 00:00:00', '20', 'Good', 'Single family', '1997', '1750', '4', '1', 'Wood Frame', 'Asphalt Shingle', 'Concrete Slab', 'Brick', 'Attached', '1', 'Unknown', '0', 'No', 'No', 'No', NULL, 'No', 'No', 'No', 'No', 'No', 'No', 'No', 'Yes', 'Allstate Insurance', '150000', '0', '300000', '500', '4', '2017-10-31 00:00:00', '13738 Bonilla Lane', 'HOUSTON', 'TX', '77083', 'Primary Residence', '0', '0', '0', 0, 1, NULL, NULL, NULL),
	(36, 'James', 'Jones', '2145170527', NULL, 'james@leathersofaco.com', '6410 highway 78', 'SACHSE', 'TX', '75048', 'Male', '1966-11-18 00:00:00', '51', 'Excellent', 'Condominium', '2006', '2500', '2', '3', 'Wood Frame', 'Asphalt Shingle', 'Concrete Slab', 'Brick', 'Attached', '2', 'Unknown', '0', 'No', 'No', 'No', NULL, 'No', 'No', 'No', 'No', 'No', 'No', 'No', 'No', NULL, '450000', '0', '100000', '250', 'Less Than 1', '0000-00-00', '6410 highway 78', 'SACHSE', 'TX', '75048', 'Primary Residence', '0', '0', '0', 0, 1, NULL, NULL, NULL),
	(37, 'Patricia', 'Clark', '2816380580', NULL, 'clarkpatricia57@yahoo.com', '8565 w.sam houston pkwy.s.#407', 'HOUSTON', 'TX', '77072', 'Male', '1969-08-10 00:00:00', '48', 'Excellent', 'Condominium', '2008', '1500', '3', '1', 'Wood Frame', 'Asphalt Shingle', 'Concrete Slab', 'Brick', 'Attached', '3', 'Unknown', '0', 'No', 'No', 'No', NULL, 'No', 'No', 'No', 'No', 'No', 'No', 'No', 'No', NULL, '450000', '0', '100000', '1000', 'Less Than 1', '0000-00-00', '8565 w.sam houston pkwy.s.#407', 'HOUSTON', 'TX', '77072', 'Primary Residence', '0', '0', '0', 0, 1, NULL, NULL, NULL),
	(38, 'Brit', 'Rogers', '2145433666', NULL, 'brit@jrtconstruction.com', '528 Louella', 'HURST', 'TX', '76054', 'Male', '1985-03-19 00:00:00', '33', 'Fair', 'Townhome', '2002', '2500', '6', '4', 'Wood Frame', 'Asphalt Shingle', 'Concrete Slab', 'Brick', 'Car Port', '2', 'Unknown', '0', 'No', 'No', 'No', NULL, 'No', 'No', 'No', 'No', 'No', 'No', 'No', 'Yes', 'Amica', '300000', '0', '300000', '500', '4', '2017-07-31 00:00:00', '528 Louella', 'HURST', 'TX', '76054', 'Primary Residence', '0', '0', '0', 0, 1, NULL, NULL, NULL),
	(39, 'Rita', 'Toler', '8064484327', NULL, 'tolerrita@yahoo.com', '1811 EAST AMHERST', 'LUBBOCK', 'TX', '79403', 'Male', '1967-06-09 00:00:00', '51', 'Good', 'Duplex', '2006', '900', '3', '3', 'Wood Frame', 'Asphalt Shingle', 'Concrete Slab', 'Brick', 'Attached', '2', 'Unknown', '0', 'No', 'No', 'No', NULL, 'No', 'No', 'No', 'No', 'No', 'No', 'No', 'No', NULL, '200000', '0', '1000000', '250', 'Less Than 1', '0000-00-00', '1811 EAST AMHERST', 'LUBBOCK', 'TX', '79403', 'Primary Residence', '0', '0', '0', 0, 1, NULL, NULL, NULL),
	(40, 'Bralyn', 'Johnson', '2144458844', NULL, 'bralynjohnson8@gmail.com', '55 private road Apt.171', 'PITTSBURG', 'TX', '75686', 'Male', '1998-01-05 00:00:00', '20', 'Good', 'Single family', '2011', '1000', '3', '2', 'Wood Frame', 'Asphalt Shingle', 'Concrete Slab', 'Brick', 'None', '1', 'Unknown', '0', 'No', 'No', 'No', NULL, 'No', 'No', 'No', 'No', 'No', 'No', 'No', 'Yes', 'Allstate Insurance', '150000', '0', '300000', '500', '2', '2017-07-31 00:00:00', '55 private road Apt.171', 'PITTSBURG', 'TX', '75686', 'Primary Residence', '0', '0', '0', 0, 1, NULL, NULL, NULL),
	(41, 'Thomas', 'Quinton', '2547541712', NULL, 't.quinton@grandecom.net', '1127 s 10th st', 'WACO', 'TX', '76706', 'Male', '1970-01-08 00:00:00', '48', 'Good', 'Duplex', '2006', '2500', '3', '3', 'Wood Frame', 'Asphalt Shingle', 'Concrete Slab', 'Brick', 'Attached', '3', 'Unknown', '0', 'No', 'No', 'No', NULL, 'No', 'No', 'No', 'No', 'No', 'No', 'No', 'No', NULL, '550000', '0', '100000', '250', 'Less Than 1', '0000-00-00', '1127 s 10th st', 'WACO', 'TX', '76706', 'Primary Residence', '0', '0', '0', 0, 1, NULL, NULL, NULL),
	(42, 'Ashlei', 'Stanton', '7022034254', NULL, 'jaeworldd@icloud.com', '380 Vista Court Dr. Apt.4202', 'PLANO', 'TX', '75074', 'Male', '1998-07-01 00:00:00', '20', 'Good', 'Other', '1987', '1750', '2', '1', 'Wood Frame', 'Asphalt Shingle', 'Concrete Slab', 'Brick', 'Detached', '1', 'Unknown', '0', 'No', 'No', 'No', NULL, 'No', 'No', 'No', 'No', 'No', 'No', 'No', 'Yes', 'Carrier Not Listed', '550000', '0', '300000', '500', '5', '2017-10-31 00:00:00', '380 Vista Court Dr. Apt.4202', 'PLANO', 'TX', '75074', 'Primary Residence', '0', '0', '0', 0, 1, NULL, NULL, NULL),
	(43, 'Brena', 'Segovia', '8065355533', NULL, 'mysticlove2121@gmail.com', '3811 s 32nd and Memphis', 'BLEDSOE', 'TX', '79314', 'Male', '1977-11-14 00:00:00', '40', 'Good', 'Single family', '1990', '1750', '2', '3', 'Wood Frame', 'Asphalt Shingle', 'Concrete Slab', 'Brick', 'Attached', '1', 'Unknown', '0', 'No', 'No', 'No', NULL, 'No', 'No', 'No', 'No', 'No', 'No', 'No', 'No', NULL, '150000', '0', '300000', '500', 'Less Than 1', '0000-00-00', '3811 s 32nd and Memphis', 'BLEDSOE', 'TX', '79314', 'Primary Residence', '0', '0', '0', 0, 1, NULL, NULL, NULL),
	(44, 'Bonita', 'Holloman', '9729138514', NULL, 'sue120161@aol.com', '1514 edd rd', 'DALLAS', 'TX', '75253', 'Male', '1964-11-24 00:00:00', '53', 'Good', 'Duplex', '2011', '3500', '3', '1', 'Wood Frame', 'Asphalt Shingle', 'Concrete Slab', 'Brick', 'Attached', '3', 'Unknown', '0', 'No', 'No', 'No', NULL, 'No', 'No', 'No', 'No', 'No', 'No', 'No', 'No', NULL, '200000', '0', '1000000', '500', 'Less Than 1', '0000-00-00', '1514 edd rd', 'DALLAS', 'TX', '75253', 'Primary Residence', '0', '0', '0', 0, 1, NULL, NULL, NULL),
	(45, 'Flora', 'Hooks', '2107886836', NULL, 'qfamg6ddj@gmx.com', '7454 Perseus Sound', 'SAN ANTONIO', 'TX', '78252', 'Male', '1985-07-10 00:00:00', '33', 'Good', 'Single family', '2012', '1750', '1', '2', 'Wood Frame', 'Asphalt Shingle', 'Concrete Slab', 'Brick', 'Attached', '1', 'Unknown', '0', 'No', 'No', 'No', NULL, 'No', 'No', 'No', 'No', 'No', 'No', 'No', 'Yes', 'Allstate Insurance', '150000', '0', '300000', '500', '4', '2017-07-31 00:00:00', '7454 Perseus Sound', 'SAN ANTONIO', 'TX', '78252', 'Primary Residence', '0', '0', '0', 0, 1, NULL, NULL, NULL),
	(46, 'Henry', 'Walker', '8325209316', NULL, 'walkerglobal@aol.com', '9223 Eaglewood Glen Trail', 'HOUSTON', 'TX', '77083', 'Male', '1965-06-07 00:00:00', '53', 'Good', 'Townhome', '2009', '2500', '1', '2', 'Wood Frame', 'Asphalt Shingle', 'Concrete Slab', 'Brick', 'Attached', '1', 'Unknown', '0', 'No', 'No', 'No', NULL, 'No', 'No', 'No', 'No', 'No', 'No', 'No', 'No', NULL, '500000', '0', '1000000', '500', 'Less Than 1', '0000-00-00', '9223 Eaglewood Glen Trail', 'HOUSTON', 'TX', '77083', 'Primary Residence', '0', '0', '0', 0, 1, NULL, NULL, NULL),
	(47, 'Mary', 'Kelton', '4099832308', NULL, 'maryjkelton@jourrapide.com', '2210 Hamilton Drive', 'PORT ARTHUR', 'TX', '77640', 'Male', '1934-10-24 00:00:00', '83', 'Excellent', 'Single family', '1955', '900', '3', '2', 'Wood Frame', 'Asphalt Shingle', 'Concrete Slab', 'Brick', 'Attached', '2', 'Unknown', '0', 'No', 'No', 'No', NULL, 'No', 'No', 'No', 'No', 'No', 'No', 'No', 'No', NULL, '200000', '0', '300000', '500', 'Less Than 1', '0000-00-00', '2210 Hamilton Drive', 'PORT ARTHUR', 'TX', '77640', 'Primary Residence', '0', '0', '0', 0, 1, NULL, NULL, NULL),
	(48, 'Johnny', 'Hardemon', '2143911464', NULL, 'jhardemon@yahoo.com', '3333 Edgewood Street #1204', 'DALLAS', 'TX', '75215', 'Male', '1970-02-24 00:00:00', '48', 'Good', 'Other', '1978', '900', '3', '1', 'Wood Frame', 'Asphalt Shingle', 'Concrete Slab', 'Brick', 'Car Port', '1', 'Unknown', '0', 'No', 'No', 'No', NULL, 'No', 'No', 'No', 'No', 'No', 'No', 'No', 'Yes', 'Allstate Insurance', '40000', '0', '300000', '500', '3', '2018-06-30 00:00:00', '3333 Edgewood Street #1204', 'DALLAS', 'TX', '75215', 'Primary Residence', '0', '0', '0', 0, 1, NULL, NULL, NULL),
	(49, 'Jose', 'Hernandez', '9563776278', NULL, 'josehdz44h@gmail.com', 'Mile 10', 'MERCEDES', 'TX', '78570', 'Male', '1998-01-01 00:00:00', '20', 'Excellent', 'Single family', '2017', '900', '3', '1', 'Wood Frame', 'Asphalt Shingle', 'Concrete Slab', 'Brick', 'Attached', '1', 'Unknown', '0', 'No', 'No', 'No', NULL, 'No', 'No', 'No', 'No', 'No', 'No', 'No', 'No', NULL, '200000', '0', '300000', '500', 'Less Than 1', '0000-00-00', 'Mile 10', 'MERCEDES', 'TX', '78570', 'Primary Residence', '0', '0', '0', 0, 1, NULL, NULL, NULL),
	(50, 'Sharpn', 'Snead', '2105083724', NULL, 'texzensalsa@gmail.com', '5450 Rowley Rd', 'SAN ANTONIO', 'TX', '78212', 'Male', '1964-04-13 00:00:00', '54', 'Excellent', 'Townhome', '2010', '4500', '4', '2', 'Wood Frame', 'Asphalt Shingle', 'Concrete Slab', 'Brick', 'Attached', '2', 'Unknown', '0', 'No', 'No', 'No', NULL, 'No', 'No', 'No', 'No', 'No', 'No', 'No', 'No', NULL, '350000', '0', '1000000', '500', 'Less Than 1', '0000-00-00', '5450 Rowley Rd', 'SAN ANTONIO', 'TX', '78212', 'Primary Residence', '0', '0', '0', 0, 1, NULL, NULL, NULL),
	(51, 'Yesenia', 'Sosa', '5126801579', NULL, 'liljesenias88@yahoo.com', '5107 Canella Dr', 'AUSTIN', 'TX', '78744', 'Male', '1983-06-21 00:00:00', '35', 'Good', 'Duplex', '2007', '3500', '5', '3', 'Wood Frame', 'Asphalt Shingle', 'Concrete Slab', 'Brick', 'Detached', '3', 'Unknown', '0', 'No', 'No', 'No', NULL, 'No', 'No', 'No', 'No', 'No', 'No', 'No', 'Yes', 'Auto Owners', '300000', '0', '300000', '500', '5', '2017-07-31 00:00:00', '5107 Canella Dr', 'AUSTIN', 'TX', '78744', 'Primary Residence', '0', '0', '0', 0, 1, NULL, NULL, NULL),
	(52, 'Delores', 'Walling', '2813525581', NULL, 'dorywalling@yahoo.com', '4345 Mixville rd.', 'SEALY', 'TX', '77474', 'Male', '1951-10-21 00:00:00', '66', 'Excellent', 'Single family', '1997', '3500', '3', '3', 'Wood Frame', 'Asphalt Shingle', 'Concrete Slab', 'Brick', 'Attached', '2', 'Unknown', '0', 'No', 'No', 'No', NULL, 'No', 'No', 'No', 'No', 'No', 'No', 'No', 'Yes', 'Amica', '450000', '0', '300000', '500', '4', '2018-05-31 00:00:00', '4345 Mixville rd.', 'SEALY', 'TX', '77474', 'Primary Residence', '0', '0', '0', 0, 1, NULL, NULL, NULL),
	(53, 'Rick', 'Jerry', '4699929461', NULL, 'aaryaatluri2@gmail.com', '9204 BOTTLEBRUSH ln', 'IRVING', 'TX', '75063', 'Male', '1970-04-03 00:00:00', '48', 'Good', 'Condominium', '2013', '3500', '5', '4', 'Wood Frame', 'Asphalt Shingle', 'Concrete Slab', 'Brick', 'Attached', '2', 'Unknown', '0', 'No', 'No', 'No', NULL, 'No', 'No', 'No', 'No', 'No', 'No', 'No', 'Yes', 'American Family Insurance', '150000', '0', '300000', '500', '2', '2017-07-31 00:00:00', '9204 BOTTLEBRUSH ln', 'IRVING', 'TX', '75063', 'Primary Residence', '0', '0', '0', 0, 1, NULL, NULL, NULL),
	(54, 'Rochelle', 'Davis', '8325266414', NULL, 'rdavis_061969@yahoo.com', '4716 Mallow St.', 'HOUSTON', 'TX', '77033', 'Male', '1969-06-08 00:00:00', '49', 'Good', 'Condominium', '2009', '3500', '4', '1', 'Wood Frame', 'Asphalt Shingle', 'Concrete Slab', 'Brick', 'Attached', '2', 'Unknown', '0', 'No', 'No', 'No', NULL, 'No', 'No', 'No', 'No', 'No', 'No', 'No', 'No', NULL, '400000', '0', '1000000', '500', 'Less Than 1', '0000-00-00', '4716 Mallow St.', 'HOUSTON', 'TX', '77033', 'Primary Residence', '0', '0', '0', 0, 1, NULL, NULL, NULL),
	(55, 'Andrew', 'Stewart', '9723355781', NULL, 'andrew75@gmail.com', '9701 shirland ln', 'FRISCO', 'TX', '75035', 'Male', '1976-05-03 00:00:00', '42', 'Good', 'Condominium', '2011', '1000', '3', '2', 'Wood Frame', 'Asphalt Shingle', 'Concrete Slab', 'Brick', 'Attached', '2', 'Unknown', '0', 'No', 'No', 'No', NULL, 'No', 'No', 'No', 'No', 'No', 'No', 'No', 'No', NULL, '150000', '0', '300000', '500', 'Less Than 1', '0000-00-00', '9701 shirland ln', 'FRISCO', 'TX', '75035', 'Primary Residence', '0', '1', '0', 6, 1, NULL, NULL, NULL),
	(56, 'Irene', 'Oc', '2815618164', NULL, 'makasbabe2010@yahoo.com', '114 Heaton Ave', 'HOUSTON', 'TX', '77072', 'Male', '1981-07-03 00:00:00', '37', 'Excellent', 'Duplex', '2009', '3500', '5', '2', 'Wood Frame', 'Asphalt Shingle', 'Concrete Slab', 'Brick', 'Car Port', '1', 'Unknown', '0', 'No', 'No', 'No', NULL, 'No', 'No', 'No', 'No', 'No', 'No', 'No', 'Yes', 'The Hartford', '400000', '0', '300000', '500', '4', '2017-07-31 00:00:00', '114 Heaton Ave', 'HOUSTON', 'TX', '77072', 'Primary Residence', '0', '0', '0', 0, 1, NULL, NULL, NULL),
	(57, 'Aa', 'Aa', '4696543216', NULL, 'quiana.elise@gmail.com', '89 asdfghjk', 'LANCASTER', 'TX', '75146', 'Male', '1987-08-08 00:00:00', '30', 'Fair', 'Other', '2003', '2500', '3', '2', 'Wood Frame', 'Asphalt Shingle', 'Concrete Slab', 'Brick', 'None', '1', 'Unknown', '0', 'No', 'No', 'No', NULL, 'No', 'No', 'No', 'No', 'No', 'No', 'No', 'Yes', 'Geico', '150000', '0', '300000', '500', '4', '2017-07-31 00:00:00', '89 asdfghjk', 'LANCASTER', 'TX', '75146', 'Primary Residence', '0', '1', '1', 2, 1, NULL, NULL, NULL),
	(58, 'James', 'Fisher', '8326698578', NULL, 'jw.ashing.tonm89@gmail.com', '7315 stonebridge creek ln', 'HOUSTON', 'TX', '77293', 'Male', '1984-03-03 00:00:00', '34', 'Good', 'Single family', '2012', '2500', '4', '3', 'Wood Frame', 'Asphalt Shingle', 'Concrete Slab', 'Brick', 'Attached', '2', 'Unknown', '0', 'No', 'No', 'No', NULL, 'No', 'No', 'No', 'No', 'No', 'No', 'No', 'No', NULL, '300000', '0', '300000', '500', 'Less Than 1', '0000-00-00', '7315 stonebridge creek ln', 'HOUSTON', 'TX', '77293', 'Primary Residence', '0', '0', '0', 0, 1, NULL, NULL, NULL),
	(59, 'Kennille', 'Phelps', '9367147605', NULL, 'gabbyphelps@yahoo.com', '114 Heaton Ave', 'HUNTSVILLE', 'TX', '77320', 'Male', '1989-11-19 00:00:00', '28', 'Good', 'Condominium', '2002', '3500', '2', '2', 'Wood Frame', 'Asphalt Shingle', 'Concrete Slab', 'Brick', 'Attached', '1', 'Unknown', '0', 'No', 'No', 'No', NULL, 'No', 'No', 'No', 'No', 'No', 'No', 'No', 'Yes', 'SAFECO', '200000', '0', '300000', '500', '2', '2017-07-31 00:00:00', '114 Heaton Ave', 'HUNTSVILLE', 'TX', '77320', 'Primary Residence', '0', '0', '0', 0, 1, NULL, NULL, NULL),
	(60, 'Michael', 'Jones', '8177264087', NULL, 'mjtatawnka@yahoo.com', '1716 ARBOR MILL CIRCLE', 'BEDFORD', 'TX', '76021', 'Male', '1964-01-26 00:00:00', '54', 'Excellent', 'Duplex', '2015', '1500', '2', '1', 'Wood Frame', 'Asphalt Shingle', 'Concrete Slab', 'Brick', 'Attached', '2', 'Unknown', '0', 'No', 'No', 'No', NULL, 'No', 'No', 'No', 'No', 'No', 'No', 'No', 'No', NULL, '350000', '0', '300000', '2000', 'Less Than 1', '0000-00-00', '1716 ARBOR MILL CIRCLE', 'BEDFORD', 'TX', '76021', 'Primary Residence', '0', '0', '0', 0, 1, NULL, NULL, NULL),
	(61, 'Alondra', 'Castillo', '2102090432', NULL, 'alondracastillo162@gmail.com', '3402 glacier lake', 'SAN ANTONIO', 'TX', '78222', 'Male', '1999-04-10 00:00:00', '19', 'Excellent', 'Single family', '2008', '1750', '3', '2', 'Wood Frame', 'Asphalt Shingle', 'Concrete Slab', 'Brick', 'Attached', '1', 'Unknown', '0', 'No', 'No', 'No', NULL, 'No', 'No', 'No', 'No', 'No', 'No', 'No', 'Yes', 'AIG', '150000', '0', '300000', '500', '5', '2017-07-31 00:00:00', '3402 glacier lake', 'SAN ANTONIO', 'TX', '78222', 'Primary Residence', '0', '1', '1', 0, 1, NULL, NULL, NULL),
	(62, 'Free', 'Alng', '2544067889', NULL, 'freelang6@gmail.com', '9821 chapel rd apt 2313', 'WOODWAY', 'TX', '76712', 'Male', '1997-12-31 00:00:00', '20', 'Good', 'Other', '2010', '1500', '3', '2', 'Wood Frame', 'Asphalt Shingle', 'Concrete Slab', 'Brick', 'Attached', '1', 'Unknown', '0', 'No', 'No', 'No', NULL, 'No', 'No', 'No', 'No', 'No', 'No', 'No', 'Yes', 'AAA Insurance Co.', '150000', '0', '300000', '500', '2', '2017-07-31 00:00:00', '9821 chapel rd apt 2313', 'WOODWAY', 'TX', '76712', 'Primary Residence', '0', '0', '0', 0, 1, NULL, NULL, NULL),
	(63, 'Janice', 'Dryden', '2546447782', NULL, 'janicedyden47@gmail.com', '179 church camp lane', 'WACO', 'TX', '76706', 'Male', '1964-05-09 00:00:00', '54', 'Excellent', 'Condominium', '2010', '900', '3', '2', 'Wood Frame', 'Asphalt Shingle', 'Concrete Slab', 'Brick', 'Attached', '2', 'Unknown', '0', 'No', 'No', 'No', NULL, 'No', 'No', 'No', 'No', 'No', 'No', 'No', 'No', NULL, '350000', '0', '100000', '1000', 'Less Than 1', '0000-00-00', '179 church camp lane', 'WACO', 'TX', '76706', 'Primary Residence', '0', '0', '0', 0, 1, NULL, NULL, NULL),
	(64, 'Michelle', 'Curry', '7137473112', NULL, 'p40michelle@yahoo.com', '3307 holman 2', 'HOUSTON', 'TX', '77004', 'Male', '1966-02-28 00:00:00', '52', 'Excellent', 'Single family', '2014', '900', '3', '1', 'Wood Frame', 'Asphalt Shingle', 'Concrete Slab', 'Brick', 'Attached', '1', 'Unknown', '0', 'No', 'No', 'No', NULL, 'No', 'No', 'No', 'No', 'No', 'No', 'No', 'No', NULL, '550000', '0', '100000', '250', 'Less Than 1', '0000-00-00', '3307 holman 2', 'HOUSTON', 'TX', '77004', 'Primary Residence', '0', '0', '0', 0, 1, NULL, NULL, NULL),
	(65, 'Franklin', 'Durham', '9034723006', NULL, 'kds69stang@aol.com', '530 mcr 3243', 'JEFFERSON', 'TX', '75657', 'Male', '1969-12-10 00:00:00', '48', 'Excellent', 'Single family', '2009', '1500', '3', '3', 'Wood Frame', 'Asphalt Shingle', 'Concrete Slab', 'Brick', 'Attached', '2', 'Unknown', '0', 'No', 'No', 'No', NULL, 'No', 'No', 'No', 'No', 'No', 'No', 'No', 'No', NULL, '100000', '0', '1000000', '2000', 'Less Than 1', '0000-00-00', '530 mcr 3243', 'JEFFERSON', 'TX', '75657', 'Primary Residence', '0', '0', '0', 0, 1, NULL, NULL, NULL),
	(66, 'Stacie', 'Ross', '9797091788', NULL, 'stacieross1971@yahoo.com', '217 e new york', 'BRAZORIA', 'TX', '77422', 'Male', '1971-01-21 00:00:00', '47', 'Excellent', 'Townhome', '2014', '3500', '3', '1', 'Wood Frame', 'Asphalt Shingle', 'Concrete Slab', 'Brick', 'Attached', '2', 'Unknown', '0', 'No', 'No', 'No', NULL, 'No', 'No', 'No', 'No', 'No', 'No', 'No', 'No', NULL, '200000', '0', '1000000', '1000', 'Less Than 1', '0000-00-00', '217 e new york', 'BRAZORIA', 'TX', '77422', 'Primary Residence', '0', '0', '0', 0, 1, NULL, NULL, NULL),
	(67, 'John', 'Johnston', '2149608525', NULL, 'jdj51768@yahoo.com', '1111 johns rd', 'DESOTO', 'TX', '75115', 'Male', '1968-05-16 00:00:00', '50', 'Excellent', 'Duplex', '2007', '1500', '3', '3', 'Wood Frame', 'Asphalt Shingle', 'Concrete Slab', 'Brick', 'Attached', '2', 'Unknown', '0', 'No', 'No', 'No', NULL, 'No', 'No', 'No', 'No', 'No', 'No', 'No', 'No', NULL, '500000', '0', '300000', '250', 'Less Than 1', '0000-00-00', '1111 johns rd', 'DESOTO', 'TX', '75115', 'Primary Residence', '0', '0', '0', 0, 1, NULL, NULL, NULL),
	(68, 'Calvin', 'Cobbs', '7136312787', NULL, 'cjtrucker567@yahoo.com', '7713 caddo rd.', 'HOUSTON', 'TX', '77016', 'Male', '1967-02-01 00:00:00', '51', 'Good', 'Single family', '2009', '3500', '3', '3', 'Wood Frame', 'Asphalt Shingle', 'Concrete Slab', 'Brick', 'Attached', '2', 'Unknown', '0', 'No', 'No', 'No', NULL, 'No', 'No', 'No', 'No', 'No', 'No', 'No', 'No', NULL, '40000', '0', '300000', '250', 'Less Than 1', '0000-00-00', '7713 caddo rd.', 'HOUSTON', 'TX', '77016', 'Primary Residence', '0', '0', '0', 0, 1, NULL, NULL, NULL),
	(69, 'Eloise', 'Lumpkin', '8323733802', NULL, 'shontellbrown@gmail.com', '9035 tite', 'HOUSTON', 'TX', '77029', 'Male', '1969-06-29 00:00:00', '49', 'Good', 'Condominium', '2014', '1500', '4', '2', 'Wood Frame', 'Asphalt Shingle', 'Concrete Slab', 'Brick', 'Attached', '2', 'Unknown', '0', 'No', 'No', 'No', NULL, 'No', 'No', 'No', 'No', 'No', 'No', 'No', 'No', NULL, '40000', '0', '300000', '1000', 'Less Than 1', '0000-00-00', '9035 tite', 'HOUSTON', 'TX', '77029', 'Primary Residence', '0', '0', '0', 0, 1, NULL, NULL, NULL),
	(70, 'Nicole', 'Martin', '2816084529', NULL, 'nikki08896@yahoo.com', '20515 aldine westfield', 'HUMBLE', 'TX', '77338', 'Male', '1970-01-03 00:00:00', '48', 'Good', 'Duplex', '2014', '900', '4', '2', 'Wood Frame', 'Asphalt Shingle', 'Concrete Slab', 'Brick', 'Attached', '2', 'Unknown', '0', 'No', 'No', 'No', NULL, 'No', 'No', 'No', 'No', 'No', 'No', 'No', 'No', NULL, '500000', '0', '100000', '250', 'Less Than 1', '0000-00-00', '20515 aldine westfield', 'HUMBLE', 'TX', '77338', 'Primary Residence', '0', '0', '0', 0, 1, NULL, NULL, NULL),
	(71, 'Danny', 'Cockerham', '8303886885', NULL, 'roadrider78336@yahoo.com', '1104 Western Skies Dr', 'SPRING BRANCH', 'TX', '78070', 'Male', '1964-12-07 00:00:00', '53', 'Excellent', 'Condominium', '2014', '1500', '4', '3', 'Wood Frame', 'Asphalt Shingle', 'Concrete Slab', 'Brick', 'Attached', '2', 'Unknown', '0', 'No', 'No', 'No', NULL, 'No', 'No', 'No', 'No', 'No', 'No', 'No', 'No', NULL, '100000', '0', '300000', '2000', 'Less Than 1', '0000-00-00', '1104 Western Skies Dr', 'SPRING BRANCH', 'TX', '78070', 'Primary Residence', '0', '0', '0', 0, 1, NULL, NULL, NULL),
	(72, 'Anesia', 'Mcshan', '9564231317', NULL, 'princeness4107@netzero.com', '722 sonesta dr apt a', 'HARLINGEN', 'TX', '78550', 'Male', '1968-10-07 00:00:00', '49', 'Excellent', 'Other', '2013', '900', '4', '3', 'Wood Frame', 'Asphalt Shingle', 'Concrete Slab', 'Brick', 'Attached', '2', 'Unknown', '0', 'No', 'No', 'No', NULL, 'No', 'No', 'No', 'No', 'No', 'No', 'No', 'No', NULL, '150000', '0', '300000', '500', 'Less Than 1', '0000-00-00', '722 sonesta dr apt a', 'HARLINGEN', 'TX', '78550', 'Primary Residence', '0', '1', '1', 2, 1, NULL, NULL, NULL),
	(73, 'Jacque', 'Woods', '3612429158', NULL, 'beeville@yahoo.com', '11618 Opossum Creek Dr', 'CORPUS CHRISTI', 'TX', '78410', 'Male', '1981-04-14 00:00:00', '37', 'Good', 'Other', '2001', '2500', '3', '2', 'Wood Frame', 'Asphalt Shingle', 'Concrete Slab', 'Brick', 'Detached', '2', 'Unknown', '0', 'No', 'No', 'No', NULL, 'No', 'No', 'No', 'No', 'No', 'No', 'No', 'Yes', 'Farmers Insurance', '300000', '0', '300000', '500', '4', '2017-07-31 00:00:00', '11618 Opossum Creek Dr', 'CORPUS CHRISTI', 'TX', '78410', 'Primary Residence', '0', '0', '0', 0, 1, NULL, NULL, NULL),
	(74, 'Craig', 'Lewis', '2146943203', NULL, 'clewis395@gmail.com', '2325  richland', 'GARLAND', 'TX', '75044', 'Male', '1964-04-07 00:00:00', '54', 'Excellent', 'Duplex', '2007', '4500', '1', '2', 'Wood Frame', 'Asphalt Shingle', 'Concrete Slab', 'Brick', 'Attached', '1', 'Unknown', '0', 'No', 'No', 'No', NULL, 'No', 'No', 'No', 'No', 'No', 'No', 'No', 'No', NULL, '200000', '0', '300000', '2000', 'Less Than 1', '0000-00-00', '2325  richland', 'GARLAND', 'TX', '75044', 'Primary Residence', '0', '0', '0', 0, 1, NULL, NULL, NULL),
	(75, 'Cynthia', 'Deltoro', '9368299770', NULL, 'cindy.deltoro@yahoo.com', '620 S. Temple Dr.', 'DIBOLL', 'TX', '75941', 'Male', '1967-03-09 00:00:00', '51', 'Excellent', 'Other', '2009', '3500', '4', '3', 'Wood Frame', 'Asphalt Shingle', 'Concrete Slab', 'Brick', 'Attached', '1', 'Unknown', '0', 'No', 'No', 'No', NULL, 'No', 'No', 'No', 'No', 'No', 'No', 'No', 'No', NULL, '300000', '0', '300000', '2000', 'Less Than 1', '0000-00-00', '620 S. Temple Dr.', 'DIBOLL', 'TX', '75941', 'Primary Residence', '0', '0', '0', 0, 1, NULL, NULL, NULL),
	(76, 'Estella', 'Roque', '2108768460', NULL, 'estellaroque81@gmail.com', '113 peche', 'SAN ANTONIO', 'TX', '78207', 'Male', '1956-09-11 00:00:00', '61', 'Fair', 'Single family', '1993', '1750', '3', '1', 'Wood Frame', 'Asphalt Shingle', 'Concrete Slab', 'Brick', 'None', '1', 'Unknown', '0', 'No', 'No', 'No', NULL, 'No', 'No', 'No', 'No', 'No', 'No', 'No', 'No', NULL, '250000', '0', '300000', '500', 'Less Than 1', '0000-00-00', '113 peche', 'SAN ANTONIO', 'TX', '78207', 'Primary Residence', '0', '0', '0', 0, 1, NULL, NULL, NULL),
	(77, 'David', 'Roach', '8327994318', NULL, 'vel62001@yahoo.com', '6918 Elmscott Dr', 'PASADENA', 'TX', '77505', 'Male', '1967-10-13 00:00:00', '50', 'Good', 'Single family', '2013', '4500', '2', '2', 'Wood Frame', 'Asphalt Shingle', 'Concrete Slab', 'Brick', 'Attached', '3', 'Unknown', '0', 'No', 'No', 'No', NULL, 'No', 'No', 'No', 'No', 'No', 'No', 'No', 'No', NULL, '100000', '0', '1000000', '2000', 'Less Than 1', '0000-00-00', '6918 Elmscott Dr', 'PASADENA', 'TX', '77505', 'Primary Residence', '0', '0', '0', 0, 1, NULL, NULL, NULL),
	(78, 'Frances', 'Burnett', '9566052009', NULL, 'fburnett75@yahoo.com', '521 W Gore', 'PHARR', 'TX', '78577', 'Male', '1987-04-13 00:00:00', '31', 'Poor', 'Townhome', '2003', '1500', '5', '4', 'Wood Frame', 'Asphalt Shingle', 'Concrete Slab', 'Brick', 'Detached', '2', 'Unknown', '0', 'No', 'No', 'No', NULL, 'No', 'No', 'No', 'No', 'No', 'No', 'No', 'Yes', 'Auto Owners', '300000', '0', '300000', '500', '4', '2017-07-31 00:00:00', '521 W Gore', 'PHARR', 'TX', '78577', 'Primary Residence', '0', '0', '0', 0, 1, NULL, NULL, NULL),
	(79, 'Karen', 'Stull', '2815639654', NULL, 'oppagangnamstyle0901@gmail.com', '77095 Turquoise Stream,Dr', 'HOUSTON', 'TX', '77095', 'Male', '1980-04-07 00:00:00', '38', 'Good', 'Single family', '2005', '1750', '4', '4', 'Wood Frame', 'Asphalt Shingle', 'Concrete Slab', 'Brick', 'Detached', '2', 'Unknown', '0', 'No', 'No', 'No', NULL, 'No', 'No', 'No', 'No', 'No', 'No', 'No', 'No', NULL, '150000', '0', '300000', '500', 'Less Than 1', '0000-00-00', '77095 Turquoise Stream,Dr', 'HOUSTON', 'TX', '77095', 'Primary Residence', '0', '0', '0', 0, 1, NULL, NULL, NULL),
	(80, 'James', 'Hobbs', '8327314594', NULL, 'hobbster52@msn.com', '18319 FRANKLIN PARK CT', 'SPRING', 'TX', '77379', 'Male', '1964-04-12 00:00:00', '54', 'Excellent', 'Townhome', '2006', '4500', '1', '2', 'Wood Frame', 'Asphalt Shingle', 'Concrete Slab', 'Brick', 'Attached', '3', 'Unknown', '0', 'No', 'No', 'No', NULL, 'No', 'No', 'No', 'No', 'No', 'No', 'No', 'No', NULL, '300000', '0', '100000', '1000', 'Less Than 1', '0000-00-00', '18319 FRANKLIN PARK CT', 'SPRING', 'TX', '77379', 'Primary Residence', '0', '0', '0', 0, 1, NULL, NULL, NULL),
	(81, 'Teresa', 'Zamora', '8065178278', NULL, 'teresazamora10@gmail.com', '1117 se 5th', 'AMARILLO', 'TX', '79102', 'Male', '1966-05-18 00:00:00', '52', 'Good', 'Single family', '2013', '1500', '2', '2', 'Wood Frame', 'Asphalt Shingle', 'Concrete Slab', 'Brick', 'Attached', '1', 'Unknown', '0', 'No', 'No', 'No', NULL, 'No', 'No', 'No', 'No', 'No', 'No', 'No', 'No', NULL, '100000', '0', '300000', '500', 'Less Than 1', '0000-00-00', '1117 se 5th', 'AMARILLO', 'TX', '79102', 'Primary Residence', '0', '0', '0', 0, 1, NULL, NULL, NULL),
	(82, 'Brayden', 'King', '3616885469', NULL, 'tfakings@gmail.com', '7925 pavo real', 'CORPUS CHRISTI', 'TX', '78414', 'Male', '1992-03-03 00:00:00', '26', 'Excellent', 'Condominium', '2017', '900', '4', '4', 'Wood Frame', 'Asphalt Shingle', 'Concrete Slab', 'Brick', 'Car Port', '1', 'Unknown', '0', 'No', 'No', 'No', NULL, 'No', 'No', 'No', 'No', 'No', 'No', 'No', 'No', NULL, '150000', '0', '300000', '500', 'Less Than 1', '0000-00-00', '7925 pavo real', 'CORPUS CHRISTI', 'TX', '78414', 'Primary Residence', '0', '0', '0', 0, 1, NULL, NULL, NULL),
	(83, 'Olga', 'Munoz', '9729371264', NULL, 'olgawaxahachie@gmail.com', '202 Howard', 'WAXAHACHIE', 'TX', '75165', 'Male', '1969-02-11 00:00:00', '49', 'Excellent', 'Townhome', '2013', '1500', '1', '1', 'Wood Frame', 'Asphalt Shingle', 'Concrete Slab', 'Brick', 'Attached', '1', 'Unknown', '0', 'No', 'No', 'No', NULL, 'No', 'No', 'No', 'No', 'No', 'No', 'No', 'No', NULL, '40000', '0', '300000', '1000', 'Less Than 1', '0000-00-00', '202 Howard', 'WAXAHACHIE', 'TX', '75165', 'Primary Residence', '0', '0', '0', 0, 1, NULL, NULL, NULL),
	(84, 'Virginia', 'Guye', '2817816861', NULL, 'vmguye64@yahoo.com', '27009 medina circle', 'MAGNOLIA', 'TX', '77355', 'Male', '1964-08-17 00:00:00', '53', 'Excellent', 'Townhome', '2006', '4500', '4', '3', 'Wood Frame', 'Asphalt Shingle', 'Concrete Slab', 'Brick', 'Attached', '1', 'Unknown', '0', 'No', 'No', 'No', NULL, 'No', 'No', 'No', 'No', 'No', 'No', 'No', 'No', NULL, '50000', '0', '100000', '250', 'Less Than 1', '0000-00-00', '27009 medina circle', 'MAGNOLIA', 'TX', '77355', 'Primary Residence', '0', '0', '0', 0, 1, NULL, NULL, NULL),
	(85, 'Vera', 'Rhoades', '4095843734', NULL, 'krntrygirl@outlook.com', '407 W Cherry', 'PINELAND', 'TX', '75968', 'Male', '1947-05-02 00:00:00', '71', 'Fair', 'Single family', '1965', '900', '1', '1', 'Wood Frame', 'Asphalt Shingle', 'Concrete Slab', 'Brick', 'None', '1', 'Unknown', '0', 'No', 'No', 'No', NULL, 'No', 'No', 'No', 'No', 'No', 'No', 'No', 'Yes', 'Carrier Not Listed', '40000', '0', '300000', '500', '5', '2017-08-31 00:00:00', '407 W Cherry', 'PINELAND', 'TX', '75968', 'Primary Residence', '0', '0', '0', 0, 1, NULL, NULL, NULL),
	(86, 'Tonjala', 'Clay', '8325961202', NULL, 'tonjalaclay@yahoo.com', '4101 corto', 'HOUSTON', 'TX', '77067', 'Male', '1971-07-13 00:00:00', '47', 'Excellent', 'Single family', '2014', '3500', '4', '2', 'Wood Frame', 'Asphalt Shingle', 'Concrete Slab', 'Brick', 'Attached', '2', 'Unknown', '0', 'No', 'No', 'No', NULL, 'No', 'No', 'No', 'No', 'No', 'No', 'No', 'No', NULL, '500000', '0', '300000', '1000', 'Less Than 1', '0000-00-00', '4101 corto', 'HOUSTON', 'TX', '77067', 'Primary Residence', '0', '0', '0', 0, 1, NULL, NULL, NULL),
	(87, 'Phyllis', 'Fankell', '2813602746', NULL, 'qkxaihkzx2@gmx.com', '3223 hickory brook ln', 'KINGWOOD', 'TX', '77345', 'Male', '1990-08-07 00:00:00', '27', 'Fair', 'Single family', '2010', '1750', '4', '3', 'Wood Frame', 'Asphalt Shingle', 'Concrete Slab', 'Brick', 'Car Port', '2', 'Unknown', '0', 'No', 'No', 'No', NULL, 'No', 'No', 'No', 'No', 'No', 'No', 'No', 'Yes', 'Auto Owners', '150000', '0', '300000', '500', '4', '2018-01-31 00:00:00', '3223 hickory brook ln', 'KINGWOOD', 'TX', '77345', 'Primary Residence', '0', '0', '0', 0, 1, NULL, NULL, NULL),
	(88, 'Donald', 'Ellis', '8173983535', NULL, 'donrellis68@gmail.com', '4904 overview drive', 'ARLINGTON', 'TX', '76017', 'Male', '1968-01-01 00:00:00', '50', 'Good', 'Duplex', '2005', '2500', '2', '3', 'Wood Frame', 'Asphalt Shingle', 'Concrete Slab', 'Brick', 'Attached', '3', 'Unknown', '0', 'No', 'No', 'No', NULL, 'No', 'No', 'No', 'No', 'No', 'No', 'No', 'No', NULL, '400000', '0', '100000', '2000', 'Less Than 1', '0000-00-00', '4904 overview drive', 'ARLINGTON', 'TX', '76017', 'Primary Residence', '0', '0', '0', 0, 1, NULL, NULL, NULL),
	(89, 'Mindy', 'Kaase', '9569686886', NULL, 'mindykaase@aol.com', '98146 DUNLEITH LN', 'SPRING', 'TX', '77379', 'Male', '1998-03-01 00:00:00', '20', 'Good', 'Single family', '2015', '3500', '4', '1', 'Wood Frame', 'Asphalt Shingle', 'Concrete Slab', 'Brick', 'Attached', '2', 'Unknown', '0', 'No', 'No', 'No', NULL, 'No', 'No', 'No', 'No', 'No', 'No', 'No', 'Yes', 'Allstate Insurance', '150000', '0', '300000', '500', '3', '2017-07-31 00:00:00', '98146 DUNLEITH LN', 'SPRING', 'TX', '77379', 'Primary Residence', '0', '0', '0', 0, 1, NULL, NULL, NULL),
	(90, 'Lindell', 'Mcmeans', '2103794806', NULL, 'lindell.mcmeans@gmail.com', '142 Dorie St', 'SAN ANTONIO', 'TX', '78220', 'Male', '1978-11-02 00:00:00', '39', 'Fair', 'Single family', '1969', '1000', '2', '1', 'Wood Frame', 'Asphalt Shingle', 'Concrete Slab', 'Brick', 'None', '1', 'Unknown', '0', 'No', 'No', 'No', NULL, 'No', 'No', 'No', 'No', 'No', 'No', 'No', 'No', NULL, '150000', '0', '300000', '500', 'Less Than 1', '0000-00-00', '142 Dorie St', 'SAN ANTONIO', 'TX', '78220', 'Primary Residence', '0', '0', '0', 0, 1, NULL, NULL, NULL),
	(91, 'Jake', 'Bob', '4549409458', NULL, 'jakebob@gmail.com', 'Wirt rd #21', 'HOUSTON', 'TX', '77033', 'Male', '1946-04-03 00:00:00', '72', 'Excellent', 'Single family', '2000', '3500', '3', '3', 'Wood Frame', 'Asphalt Shingle', 'Concrete Slab', 'Brick', 'Attached', '3', 'Unknown', '0', 'No', 'No', 'No', NULL, 'No', 'No', 'No', 'No', 'No', 'No', 'No', 'Yes', 'Nationwide Insurance Company', '150000', '0', '300000', '500', '4', '2017-07-31 00:00:00', 'Wirt rd #21', 'HOUSTON', 'TX', '77033', 'Primary Residence', '0', '0', '0', 0, 1, NULL, NULL, NULL),
	(92, 'Rosalia', 'Amezquita', '8329894134', NULL, 'rosalia.amezquita89@gmail.com', '470 maxey rd, Apt 1115', 'HOUSTON', 'TX', '77013', 'Male', '1989-07-07 00:00:00', '29', 'Poor', 'Other', '2010', '3500', '1', '1', 'Wood Frame', 'Asphalt Shingle', 'Concrete Slab', 'Brick', 'Other', '1', 'Unknown', '0', 'No', 'No', 'No', NULL, 'No', 'No', 'No', 'No', 'No', 'No', 'No', 'No', NULL, '40000', '0', '300000', '500', 'Less Than 1', '0000-00-00', '470 maxey rd, Apt 1115', 'HOUSTON', 'TX', '77013', 'Primary Residence', '0', '0', '0', 0, 1, NULL, NULL, NULL),
	(93, 'Reggie', 'Chadwick', '8178129730', NULL, 'rchadwick1965@gmail.com', '8040 Clear Brook Circle', 'FORT WORTH', 'TX', '76123', 'Male', '1965-05-29 00:00:00', '53', 'Good', 'Single family', '2010', '900', '3', '2', 'Wood Frame', 'Asphalt Shingle', 'Concrete Slab', 'Brick', 'Attached', '1', 'Unknown', '0', 'No', 'No', 'No', NULL, 'No', 'No', 'No', 'No', 'No', 'No', 'No', 'No', NULL, '40000', '0', '1000000', '500', 'Less Than 1', '0000-00-00', '8040 Clear Brook Circle', 'FORT WORTH', 'TX', '76123', 'Primary Residence', '0', '0', '0', 0, 1, NULL, NULL, NULL),
	(94, 'Sabrina', 'Lewis', '9036834812', NULL, 'slewis1166@gmail.com', '2118 fm 1248south', 'RUSK', 'TX', '75785', 'Male', '1970-03-16 00:00:00', '48', 'Good', 'Duplex', '2005', '900', '4', '2', 'Wood Frame', 'Asphalt Shingle', 'Concrete Slab', 'Brick', 'Attached', '2', 'Unknown', '0', 'No', 'No', 'No', NULL, 'No', 'No', 'No', 'No', 'No', 'No', 'No', 'No', NULL, '40000', '0', '100000', '1000', 'Less Than 1', '0000-00-00', '2118 fm 1248south', 'RUSK', 'TX', '75785', 'Primary Residence', '0', '0', '0', 0, 1, NULL, NULL, NULL),
	(95, 'Richard', 'Crodd', '7137328696', NULL, 'ccross8196@att.net', '804 SUE ST', 'HOUSTON', 'TX', '77009', 'Male', '1969-02-21 00:00:00', '49', 'Good', 'Single family', '2007', '1500', '2', '3', 'Wood Frame', 'Asphalt Shingle', 'Concrete Slab', 'Brick', 'Attached', '2', 'Unknown', '0', 'No', 'No', 'No', NULL, 'No', 'No', 'No', 'No', 'No', 'No', 'No', 'No', NULL, '100000', '0', '1000000', '250', 'Less Than 1', '0000-00-00', '804 SUE ST', 'HOUSTON', 'TX', '77009', 'Primary Residence', '0', '0', '0', 0, 1, NULL, NULL, NULL),
	(96, 'Deedee', 'Yustons', '5125083064', NULL, 'dyustons@gmail.com', '217 rim rock drive', 'LEANDER', 'TX', '78641', 'Male', '1995-01-31 00:00:00', '23', 'Good', 'Single family', '2016', '3500', '7', '5', 'Wood Frame', 'Asphalt Shingle', 'Concrete Slab', 'Brick', 'Attached', '3', 'Unknown', '0', 'No', 'No', 'No', NULL, 'No', 'No', 'No', 'No', 'No', 'No', 'No', 'Yes', 'AIG', '550000', '0', '300000', '500', '5', '2017-07-31 00:00:00', '217 rim rock drive', 'LEANDER', 'TX', '78641', 'Primary Residence', '0', '0', '0', 0, 1, NULL, NULL, NULL),
	(97, 'Keith', 'Larue', '9037381152', NULL, 'integsystemskeith@yahoo.com', '154 Private Road 2771', 'LONGVIEW', 'TX', '75603', 'Male', '1984-06-13 00:00:00', '34', 'Good', 'Other', '2014', '1500', '3', '2', 'Wood Frame', 'Asphalt Shingle', 'Concrete Slab', 'Brick', 'Detached', '2', 'Unknown', '0', 'No', 'No', 'No', NULL, 'No', 'No', 'No', 'No', 'No', 'No', 'No', 'Yes', 'Chubb', '400000', '0', '300000', '500', '5', '2017-07-31 00:00:00', '154 Private Road 2771', 'LONGVIEW', 'TX', '75603', 'Primary Residence', '0', '0', '0', 0, 1, NULL, NULL, NULL),
	(98, 'Lori', 'Bybee', '5122419298', NULL, 'loribybee69@gmail.com', '413 swenson farms blvd 826', 'SPICEWOOD', 'TX', '78669', 'Male', '1969-10-22 00:00:00', '48', 'Good', 'Townhome', '2015', '900', '1', '1', 'Wood Frame', 'Asphalt Shingle', 'Concrete Slab', 'Brick', 'Attached', '2', 'Unknown', '0', 'No', 'No', 'No', NULL, 'No', 'No', 'No', 'No', 'No', 'No', 'No', 'No', NULL, '450000', '0', '100000', '500', 'Less Than 1', '0000-00-00', '413 swenson farms blvd 826', 'SPICEWOOD', 'TX', '78669', 'Primary Residence', '0', '0', '0', 0, 1, NULL, NULL, NULL),
	(99, 'Phil', 'Sucruz', '4255322542', NULL, 'phil123@gmail.com', '4253 Kelly Drive', 'FRISCO', 'TX', '75033', 'Male', '1980-04-16 00:00:00', '38', 'Good', 'Single family', '2013', '1750', '3', '3', 'Wood Frame', 'Asphalt Shingle', 'Concrete Slab', 'Brick', 'Attached', '2', 'Unknown', '0', 'No', 'No', 'No', NULL, 'No', 'No', 'No', 'No', 'No', 'No', 'No', 'Yes', 'Allstate Insurance', '150000', '0', '300000', '500', '3', '2017-07-31 00:00:00', '4253 Kelly Drive', 'FRISCO', 'TX', '75033', 'Primary Residence', '0', '0', '0', 0, 1, NULL, NULL, NULL),
	(100, 'Csar', 'Hombre', '7588786557', NULL, 'eddie.ramostro@gmail.com', '512 woodward street, apt 123', 'AUSTIN', 'TX', '73301', 'Male', '1991-01-05 00:00:00', '27', 'Good', 'Single family', '1976', '900', '1', '1', 'Wood Frame', 'Asphalt Shingle', 'Concrete Slab', 'Brick', 'None', '1', 'Unknown', '0', 'No', 'No', 'No', NULL, 'No', 'No', 'No', 'No', 'No', 'No', 'No', 'No', NULL, '40000', '0', '300000', '500', 'Less Than 1', '0000-00-00', '512 woodward street, apt 123', 'AUSTIN', 'TX', '73301', 'Primary Residence', '0', '0', '0', 0, 1, NULL, NULL, NULL),
	(101, 'Veny', 'Gonz', '2102193769', NULL, 'messilikesass@gmail.com', '11607 elm bluf', 'SAN ANTONIO', 'TX', '78230', 'Male', '1976-10-26 00:00:00', '41', 'Good', 'Single family', '2000', '3500', '4', '4', 'Wood Frame', 'Asphalt Shingle', 'Concrete Slab', 'Brick', 'Attached', '2', 'Unknown', '0', 'No', 'No', 'No', NULL, 'No', 'No', 'No', 'No', 'No', 'No', 'No', 'No', NULL, '150000', '0', '300000', '500', 'Less Than 1', '0000-00-00', '11607 elm bluf', 'SAN ANTONIO', 'TX', '78230', 'Primary Residence', '0', '0', '0', 0, 1, NULL, NULL, NULL),
	(102, 'MARCELO', 'ALVAREZ', '3257282581', NULL, 'millja0165@gmail.com', '1733 WALNUT ST', 'COLORADO CITY', 'TX', '79512', 'Male', '1939-01-01 00:00:00', '79', 'Excellent', 'Single family', '1978', '2500', '3', '2', 'Wood Frame', 'Asphalt Shingle', 'Concrete Slab', 'Brick', 'None', '1', 'Unknown', '0', 'No', 'No', 'No', NULL, 'No', 'No', 'No', 'No', 'No', 'No', 'No', 'Yes', 'Allied', '200000', '0', '100000', '1000', '2', '2017-07-31 00:00:00', '1733 WALNUT ST', 'COLORADO CITY', 'TX', '79512', 'Primary Residence', '0', '0', '0', 0, 1, NULL, NULL, NULL),
	(103, 'Oucio', 'Canacho', '2102192157', NULL, 'ouciocanacho@live.com', '905 Serenade Dr', 'SAN ANTONIO', 'TX', '78227', 'Male', '1969-01-31 00:00:00', '49', 'Excellent', 'Single family', '1975', '2500', '3', '2', 'Wood Frame', 'Asphalt Shingle', 'Concrete Slab', 'Brick', 'None', '1', 'Unknown', '0', 'No', 'No', 'No', NULL, 'No', 'No', 'No', 'No', 'No', 'No', 'No', 'Yes', 'Allstate Insurance', '200000', '0', '100000', '1000', '2', '2017-07-31 00:00:00', '905 Serenade Dr', 'SAN ANTONIO', 'TX', '78227', 'Primary Residence', '0', '0', '0', 0, 1, NULL, NULL, NULL),
	(104, 'Robert', 'Coffin', '5129867491', NULL, 'Rtcoffin105@gmail.com', '1910 Discovery Blvd', 'CEDAR PARK', 'TX', '78613', 'Male', '1977-05-18 00:00:00', '41', 'Excellent', 'Single family', '2002', '1500', '4', '3', 'Wood Frame', 'Asphalt Shingle', 'Concrete Slab', 'Brick', 'Attached', '1', 'Unknown', '0', 'No', 'No', 'No', NULL, 'No', 'No', 'No', 'No', 'No', 'No', 'No', 'Yes', 'The Hartford', '150000', '0', '300000', '500', '2', '2017-08-01 00:00:00', '1910 Discovery Blvd', 'CEDAR PARK', 'TX', '78613', 'Primary Residence', '0', '0', '0', 0, 1, NULL, NULL, NULL),
	(105, 'Brynda', 'Beeman', '3253154745', NULL, 'jabsrams86@aol.com', '304 n 11th st', 'BALLINGER', 'TX', '76821', 'Male', '1964-01-08 00:00:00', '54', 'Excellent', 'Townhome', '2013', '900', '2', '3', 'Wood Frame', 'Asphalt Shingle', 'Concrete Slab', 'Brick', 'Attached', '1', 'Unknown', '0', 'No', 'No', 'No', NULL, 'No', 'No', 'No', 'No', 'No', 'No', 'No', 'No', NULL, '200000', '0', '300000', '500', 'Less Than 1', '0000-00-00', '304 n 11th st', 'BALLINGER', 'TX', '76821', 'Primary Residence', '0', '0', '0', 0, 1, NULL, NULL, NULL),
	(106, 'JACK', 'HUGHES', '8328635416', NULL, 'JACKHUGJR@Yahoo.com', '20110 Woodhall Ln', 'HUMBLE', 'TX', '77338', 'Male', '1936-01-31 00:00:00', '82', 'Excellent', 'Single family', '1979', '2500', '3', '2', 'Wood Frame', 'Asphalt Shingle', 'Concrete Slab', 'Brick', 'None', '1', 'Unknown', '0', 'No', 'No', 'No', NULL, 'No', 'No', 'No', 'No', 'No', 'No', 'No', 'Yes', 'Allied', '200000', '0', '100000', '1000', '2', '2017-07-31 00:00:00', '20110 Woodhall Ln', 'HUMBLE', 'TX', '77338', 'Primary Residence', '0', '0', '0', 0, 1, NULL, NULL, NULL),
	(107, 'Sidney', 'Sauls', '2104495256', NULL, 'sidney.sauls@gmail.com', '4326 jarbet dr', 'SAN ANTONIO', 'TX', '78220', 'Male', '1957-12-31 00:00:00', '60', 'Excellent', 'Single family', '1978', '2500', '3', '2', 'Wood Frame', 'Asphalt Shingle', 'Concrete Slab', 'Brick', 'None', '1', 'Unknown', '0', 'No', 'No', 'No', NULL, 'No', 'No', 'No', 'No', 'No', 'No', 'No', 'Yes', 'Allied', '200000', '0', '100000', '1000', '2', '2017-07-31 00:00:00', '4326 jarbet dr', 'SAN ANTONIO', 'TX', '78220', 'Primary Residence', '0', '0', '0', 0, 1, NULL, NULL, NULL),
	(108, 'Everlena', 'Chambers', '7136335120', NULL, 'Everlena@comcast.net', '7418 W Knoll St', 'HOUSTON', 'TX', '77028', 'Male', '1969-01-01 00:00:00', '49', 'Excellent', 'Single family', '1978', '2500', '3', '2', 'Wood Frame', 'Asphalt Shingle', 'Concrete Slab', 'Brick', 'None', '1', 'Unknown', '0', 'No', 'No', 'No', NULL, 'No', 'No', 'No', 'No', 'No', 'No', 'No', 'Yes', 'Allied', '200000', '0', '100000', '1000', '2', '2017-07-31 00:00:00', '7418 W Knoll St', 'HOUSTON', 'TX', '77028', 'Primary Residence', '0', '0', '0', 0, 1, NULL, NULL, NULL),
	(109, 'Theodis', 'Walls', '8328992178', NULL, 'teewalls44@gmail.com', '7506 Silver Cloud Ln', 'HOUSTON', 'TX', '77086', 'Male', '1975-01-30 00:00:00', '43', 'Good', 'Single family', '2014', '1500', '3', '2', 'Wood Frame', 'Asphalt Shingle', 'Concrete Slab', 'Brick', 'Attached', '1', 'Unknown', '0', 'No', 'No', 'No', NULL, 'No', 'No', 'No', 'No', 'No', 'No', 'No', 'Yes', 'Auto Owners', '150000', '0', '300000', '500', '2', '2017-07-31 00:00:00', '7506 Silver Cloud Ln', 'HOUSTON', 'TX', '77086', 'Primary Residence', '0', '0', '0', 0, 1, NULL, NULL, NULL),
	(110, 'JEROME', 'KLUMP', '2814696241', NULL, 'klumpjerome@aol.com', '11904 Dakar Dr', 'HOUSTON', 'TX', '77065', 'Male', '1968-12-31 00:00:00', '49', 'Excellent', 'Single family', '1978', '2500', '3', '2', 'Wood Frame', 'Asphalt Shingle', 'Concrete Slab', 'Brick', 'None', '1', 'Unknown', '0', 'No', 'No', 'No', NULL, 'No', 'No', 'No', 'No', 'No', 'No', 'No', 'Yes', 'Allied', '200000', '0', '100000', '1000', '2', '2017-07-31 00:00:00', '11904 Dakar Dr', 'HOUSTON', 'TX', '77065', 'Primary Residence', '0', '0', '0', 0, 1, NULL, NULL, NULL),
	(111, 'Benjamin', 'Soto', '3612350850', NULL, 'bensoto1964@gmail.com', '408 Carver ST', 'EDNA', 'TX', '77957', 'Male', '1967-01-10 00:00:00', '51', 'Excellent', 'Single family', '2008', '1500', '2', '2', 'Wood Frame', 'Asphalt Shingle', 'Concrete Slab', 'Brick', 'Attached', '1', 'Unknown', '0', 'No', 'No', 'No', NULL, 'No', 'No', 'No', 'No', 'No', 'No', 'No', 'Yes', 'Allstate Insurance', '150000', '0', '300000', '500', '2', '2017-08-01 00:00:00', '408 Carver ST', 'EDNA', 'TX', '77957', 'Primary Residence', '0', '0', '0', 0, 1, NULL, NULL, NULL),
	(112, 'Magdalena', 'Gonzales', '3618550311', NULL, 'maggonzales@yahoo.com', '4841 Phillip Dr', 'CORPUS CHRISTI', 'TX', '78415', 'Male', '1969-10-06 00:00:00', '48', 'Excellent', 'Single family', '1960', '1500', '2', '1', 'Wood Frame', 'Asphalt Shingle', 'Concrete Slab', 'Brick', 'Attached', '1', 'Unknown', '0', 'No', 'No', 'No', NULL, 'No', 'No', 'No', 'No', 'No', 'No', 'No', 'Yes', 'AAA Insurance Co.', '150000', '0', '1000000', '1000', '2', '2017-08-01 00:00:00', '4841 Phillip Dr', 'CORPUS CHRISTI', 'TX', '78415', 'Primary Residence', '0', '0', '0', 0, 1, NULL, NULL, NULL),
	(113, 'Kenneth', 'Reid', '9032447799', NULL, 'knrsr@yahoo.com', '104 W Starlite Dr.', 'TEXARKANA', 'TX', '75501', 'Male', '1967-03-20 00:00:00', '51', 'Excellent', 'Single family', '2005', '1500', '4', '2', 'Wood Frame', 'Asphalt Shingle', 'Concrete Slab', 'Brick', 'Attached', '1', 'Unknown', '0', 'No', 'No', 'No', NULL, 'No', 'No', 'No', 'No', 'No', 'No', 'No', 'Yes', 'Allstate Insurance', '150000', '0', '300000', '500', '2', '2017-08-01 00:00:00', '104 W Starlite Dr.', 'TEXARKANA', 'TX', '75501', 'Primary Residence', '0', '0', '0', 0, 1, NULL, NULL, NULL),
	(114, 'Linda', 'Orbison', '8175573575', NULL, 'poloorb@aol.com', '609 Betst Ross Drive', 'ARLINGTON', 'TX', '76002', 'Male', '1968-06-05 00:00:00', '50', 'Excellent', 'Single family', '1984', '1500', '3', '2', 'Wood Frame', 'Asphalt Shingle', 'Concrete Slab', 'Brick', 'Attached', '1', 'Unknown', '0', 'No', 'No', 'No', NULL, 'No', 'No', 'No', 'No', 'No', 'No', 'No', 'Yes', 'American Family Insurance', '100000', '0', '1000000', '1000', '2', '2017-08-01 00:00:00', '609 Betst Ross Drive', 'ARLINGTON', 'TX', '76002', 'Primary Residence', '0', '0', '0', 0, 1, NULL, NULL, NULL),
	(115, 'Debera', 'HURD', '8322534021', NULL, 'carlosshurd@hotmail.com', '818 coalport ct', 'HOUSTON', 'TX', '77073', 'Male', '1961-01-01 00:00:00', '57', 'Excellent', 'Single family', '2007', '1500', '3', '2', 'Wood Frame', 'Asphalt Shingle', 'Concrete Slab', 'Brick', 'Attached', '1', 'Unknown', '0', 'No', 'No', 'No', NULL, 'No', 'No', 'No', 'No', 'No', 'No', 'No', 'Yes', 'Allstate Insurance', '150000', '0', '300000', '500', '2', '2017-08-01 00:00:00', '818 coalport ct', 'HOUSTON', 'TX', '77073', 'Primary Residence', '0', '0', '0', 0, 1, NULL, NULL, NULL),
	(116, 'Troy', 'Franklin', '8063493717', NULL, 'troyfranklin@hughes.net', '1202 nw 2nd', 'STRATFORD', 'TX', '79084', 'Male', '1968-12-21 00:00:00', '49', 'Excellent', 'Single family', '2007', '900', '4', '2', 'Wood Frame', 'Asphalt Shingle', 'Concrete Slab', 'Brick', 'Attached', '3', 'Unknown', '0', 'No', 'No', 'No', NULL, 'No', 'No', 'No', 'No', 'No', 'No', 'No', 'No', NULL, '550000', '0', '1000000', '500', 'Less Than 1', '0000-00-00', '1202 nw 2nd', 'STRATFORD', 'TX', '79084', 'Primary Residence', '0', '0', '0', 0, 1, NULL, NULL, NULL),
	(117, 'Joe', 'Salazar', '5032099086', NULL, 'joesolis1@yahoo.com', '913 vargas rd', 'AUSTIN', 'TX', '78741', 'Male', '1968-09-22 00:00:00', '49', 'Excellent', 'Duplex', '2015', '2500', '2', '3', 'Wood Frame', 'Asphalt Shingle', 'Concrete Slab', 'Brick', 'Attached', '2', 'Unknown', '0', 'No', 'No', 'No', NULL, 'No', 'No', 'No', 'No', 'No', 'No', 'No', 'No', NULL, '150000', '0', '300000', '2000', 'Less Than 1', '0000-00-00', '913 vargas rd', 'AUSTIN', 'TX', '78741', 'Primary Residence', '0', '0', '0', 0, 1, NULL, NULL, NULL),
	(118, 'Jackie', 'Young', '2543413190', NULL, 'jyoung2785@gmail.com', '3406 Barcelona dr', 'KILLEEN', 'TX', '76542', 'Male', '1985-01-26 00:00:00', '33', 'Good', 'Duplex', '2000', '2500', '4', '2', 'Wood Frame', 'Asphalt Shingle', 'Concrete Slab', 'Brick', 'None', '1', 'Unknown', '0', 'No', 'No', 'No', NULL, 'No', 'No', 'No', 'No', 'No', 'No', 'No', 'No', NULL, '150000', '0', '300000', '1000', 'Less Than 1', '0000-00-00', '3406 Barcelona dr', 'KILLEEN', 'TX', '76542', 'Primary Residence', '0', '0', '0', 0, 1, NULL, NULL, NULL),
	(119, 'Jessie', 'Fitchett', '2145527713', NULL, 'fitchtt32@yahoo.com', '867 Saralvo Rd', 'MIDLOTHIAN', 'TX', '76065', 'Male', '1968-05-18 00:00:00', '50', 'Excellent', 'Single family', '2000', '1500', '3', '2', 'Wood Frame', 'Asphalt Shingle', 'Concrete Slab', 'Brick', 'Attached', '1', 'Unknown', '0', 'No', 'No', 'No', NULL, 'No', 'No', 'No', 'No', 'No', 'No', 'No', 'Yes', 'Allstate Insurance', '150000', '0', '300000', '500', '2', '2017-08-01 00:00:00', '867 Saralvo Rd', 'MIDLOTHIAN', 'TX', '76065', 'Primary Residence', '0', '0', '0', 0, 1, NULL, NULL, NULL),
	(120, 'Jacqueline', 'Guyton', '8328922793', NULL, 'jacquelineguyton74@yahoo.com', '305 Sunnyside St Apt 1203', 'HOUSTON', 'TX', '77076', 'Male', '1967-08-18 00:00:00', '50', 'Fair', 'Other', '2016', '1000', '1', '1', 'Wood Frame', 'Asphalt Shingle', 'Concrete Slab', 'Brick', 'Attached', '1', 'Unknown', '0', 'No', 'No', 'No', NULL, 'No', 'No', 'No', 'No', 'No', 'No', 'No', 'No', NULL, '150000', '0', '300000', '500', 'Less Than 1', '0000-00-00', '305 Sunnyside St Apt 1203', 'HOUSTON', 'TX', '77076', 'Primary Residence', '0', '0', '0', 0, 1, NULL, NULL, NULL),
	(121, 'Everett', 'Flanagan', '8325415582', NULL, 'everettflanagan1956@gmail.com', '1902 colquitt sreet apartment 31c', 'HOUSTON', 'TX', '77098', 'Male', '1956-01-28 00:00:00', '62', 'Fair', 'Condominium', '1981', '1750', '1', '1', 'Wood Frame', 'Asphalt Shingle', 'Concrete Slab', 'Brick', 'None', '1', 'Unknown', '0', 'No', 'No', 'No', NULL, 'No', 'No', 'No', 'No', 'No', 'No', 'No', 'No', NULL, '40000', '0', '300000', '500', 'Less Than 1', '0000-00-00', '1902 colquitt sreet apartment 31c', 'HOUSTON', 'TX', '77098', 'Primary Residence', '0', '0', '0', 0, 1, NULL, NULL, NULL),
	(122, 'Walter', 'Aramayo', '8327122013', NULL, 'Wjaramayo@yahoo.com', '421902 P O Box', 'HOUSTON', 'TX', '77242', 'Male', '1989-01-01 00:00:00', '29', 'Excellent', 'Single family', '2002', '1500', '1', '2', 'Wood Frame', 'Asphalt Shingle', 'Concrete Slab', 'Brick', 'Attached', '1', 'Unknown', '0', 'No', 'No', 'No', NULL, 'No', 'No', 'No', 'No', 'No', 'No', 'No', 'Yes', 'AIG', '150000', '0', '300000', '500', '2', '2017-08-01 00:00:00', '421902 P O Box', 'HOUSTON', 'TX', '77242', 'Primary Residence', '0', '0', '0', 0, 1, NULL, NULL, NULL),
	(123, 'Glenn', 'Bennett', '4095946278', NULL, 'Glennbennett11@gmail.com', 'pr 7088#323', 'NEWTON', 'TX', '75966', 'Male', '1989-03-25 00:00:00', '29', 'Excellent', 'Townhome', '2008', '1500', '3', '1', 'Wood Frame', 'Asphalt Shingle', 'Concrete Slab', 'Brick', 'Detached', '3', 'Unknown', '0', 'No', 'No', 'No', NULL, 'No', 'No', 'No', 'No', 'No', 'No', 'No', 'Yes', 'AAA Insurance Co.', '150000', '0', '300000', '500', '2', '2017-08-01 00:00:00', 'pr 7088#323', 'NEWTON', 'TX', '75966', 'Primary Residence', '0', '0', '0', 0, 1, NULL, NULL, NULL),
	(124, 'Jennifer', 'Martinez', '2104293624', NULL, 'gavnw28@yahoo.com', '717 albert st', 'SAN ANTONIO', 'TX', '78207', 'Male', '1980-07-27 00:00:00', '38', 'Poor', 'Single family', '1998', '1750', '3', '1', 'Wood Frame', 'Asphalt Shingle', 'Concrete Slab', 'Brick', 'None', '1', 'Unknown', '0', 'No', 'No', 'No', NULL, 'No', 'No', 'No', 'No', 'No', 'No', 'No', 'No', NULL, '150000', '0', '300000', '500', 'Less Than 1', '0000-00-00', '717 albert st', 'SAN ANTONIO', 'TX', '78207', 'Primary Residence', '0', '0', '0', 0, 1, NULL, NULL, NULL),
	(125, 'Jake', 'Laulenger', '4696154924', NULL, 'jkpop@gmail.com', '186 N Center St', 'LONGVIEW', 'TX', '75607', 'Male', '1981-12-28 00:00:00', '36', 'Fair', 'Single family', '2016', '900', '2', '2', 'Wood Frame', 'Asphalt Shingle', 'Concrete Slab', 'Brick', 'Attached', '2', 'Unknown', '0', 'No', 'No', 'No', NULL, 'No', 'No', 'No', 'No', 'No', 'No', 'No', 'Yes', 'AAA Insurance Co.', '150000', '0', '300000', '500', '2', '2017-07-31 00:00:00', '186 N Center St', 'LONGVIEW', 'TX', '75607', 'Primary Residence', '0', '0', '0', 0, 1, NULL, NULL, NULL),
	(126, 'Yolanda', 'Young', '8066631146', NULL, 'yolandayoung8824@yahoo.com', '1105 huff rd', 'PAMPA', 'TX', '79065', 'Male', '1986-09-12 00:00:00', '31', 'Fair', 'Single family', '1944', '1750', '3', '2', 'Wood Frame', 'Asphalt Shingle', 'Concrete Slab', 'Brick', 'Attached', '1', 'Unknown', '0', 'No', 'No', 'No', NULL, 'No', 'No', 'No', 'No', 'No', 'No', 'No', 'Yes', 'Carrier Not Listed', '150000', '0', '300000', '500', '5', '2018-01-31 00:00:00', '1105 huff rd', 'PAMPA', 'TX', '79065', 'Primary Residence', '0', '0', '0', 0, 1, NULL, NULL, NULL),
	(127, 'Hdkj', 'Kjc', '3343642738', NULL, 'johnnyappleseeds8291@gmail.com', '768 lover ln', 'HOUSTON', 'TX', '77007', 'Male', '1987-10-04 00:00:00', '30', 'Excellent', 'Single family', '2016', '900', '3', '1', 'Wood Frame', 'Asphalt Shingle', 'Concrete Slab', 'Brick', 'None', '1', 'Unknown', '0', 'No', 'No', 'No', NULL, 'No', 'No', 'No', 'No', 'No', 'No', 'No', 'Yes', 'American Family Insurance', '150000', '0', '300000', '500', '5', '2017-12-31 00:00:00', '768 lover ln', 'HOUSTON', 'TX', '77007', 'Primary Residence', '0', '0', '0', 0, 1, NULL, NULL, NULL),
	(128, 'Vanessa', 'Barraz', '8062407184', NULL, 'Star806tx@gmail.com', '280 p o box', 'MULESHOE', 'TX', '79347', 'Male', '1985-01-01 00:00:00', '33', 'Excellent', 'Duplex', '2007', '3500', '1', '3', 'Wood Frame', 'Asphalt Shingle', 'Concrete Slab', 'Brick', 'Attached', '2', 'Unknown', '0', 'No', 'No', 'No', NULL, 'No', 'No', 'No', 'No', 'No', 'No', 'No', 'Yes', 'American Family Insurance', '150000', '0', '300000', '500', '2', '2017-08-01 00:00:00', '280 p o box', 'MULESHOE', 'TX', '79347', 'Primary Residence', '0', '0', '0', 0, 1, NULL, NULL, NULL),
	(129, 'Simon', 'Hernandez', '8303259192', NULL, 'shgarcia43@hotmail.com', '452 N.washintong St.', 'EAGLE PASS', 'TX', '78852', 'Male', '1965-04-20 00:00:00', '53', 'Excellent', 'Townhome', '2015', '900', '3', '2', 'Wood Frame', 'Asphalt Shingle', 'Concrete Slab', 'Brick', 'Attached', '2', 'Unknown', '0', 'No', 'No', 'No', NULL, 'No', 'No', 'No', 'No', 'No', 'No', 'No', 'No', NULL, '450000', '0', '1000000', '1000', 'Less Than 1', '0000-00-00', '452 N.washintong St.', 'EAGLE PASS', 'TX', '78852', 'Primary Residence', '0', '0', '0', 0, 1, NULL, NULL, NULL),
	(130, 'Jennifer', 'Hart', '8302201881', NULL, 'hatt9191@gmail.com', '213E Brairway', 'MARBLE FALLS', 'TX', '78654', 'Male', '1962-01-18 00:00:00', '56', 'Poor', 'Single family', '2002', '1750', '1', '1', 'Wood Frame', 'Asphalt Shingle', 'Concrete Slab', 'Brick', 'Attached', '1', 'Unknown', '0', 'No', 'No', 'No', NULL, 'No', 'No', 'No', 'No', 'No', 'No', 'No', 'Yes', 'AIG', '150000', '0', '300000', '500', '2', '2017-08-31 00:00:00', '213E Brairway', 'MARBLE FALLS', 'TX', '78654', 'Primary Residence', '0', '0', '0', 0, 1, NULL, NULL, NULL),
	(131, 'Darla Andries', 'Andries', '9037543308', NULL, 'darlagreen28@yahoo.com', '805 Beverly Dr', 'CARTHAGE', 'TX', '75633', 'Male', '1972-10-14 00:00:00', '45', 'Poor', 'Single family', '1982', '2500', '4', '2', 'Wood Frame', 'Asphalt Shingle', 'Concrete Slab', 'Brick', 'None', '1', 'Unknown', '0', 'No', 'No', 'No', NULL, 'No', 'No', 'No', 'No', 'No', 'No', 'No', 'No', NULL, '300000', '0', '300000', '500', 'Less Than 1', '0000-00-00', '805 Beverly Dr', 'CARTHAGE', 'TX', '75633', 'Primary Residence', '0', '0', '0', 0, 1, NULL, NULL, NULL),
	(132, 'LaTonya', 'Anzley', '9722772000', NULL, 'lozelminks@gmail.com', '3852 SummerHill Dr', 'BALCH SPRINGS', 'TX', '75180', 'Male', '1996-02-03 00:00:00', '22', 'Fair', 'Other', '2009', '1750', '4', '2', 'Wood Frame', 'Asphalt Shingle', 'Concrete Slab', 'Brick', 'Car Port', '1', 'Unknown', '0', 'No', 'No', 'No', NULL, 'No', 'No', 'No', 'No', 'No', 'No', 'No', 'No', NULL, '150000', '0', '300000', '500', 'Less Than 1', '0000-00-00', '3852 SummerHill Dr', 'BALCH SPRINGS', 'TX', '75180', 'Primary Residence', '0', '0', '0', 0, 1, NULL, NULL, NULL),
	(133, 'Felisha', 'Dunn', '2147158316', NULL, 'lishadec@yahoo.com', '2804 cedardale rd', 'DALLAS', 'TX', '75241', 'Male', '1966-12-05 00:00:00', '51', 'Excellent', 'Single family', '2010', '3500', '4', '2', 'Wood Frame', 'Asphalt Shingle', 'Concrete Slab', 'Brick', 'Attached', '2', 'Unknown', '0', 'No', 'No', 'No', NULL, 'No', 'No', 'No', 'No', 'No', 'No', 'No', 'No', NULL, '550000', '0', '1000000', '250', 'Less Than 1', '0000-00-00', '2804 cedardale rd', 'DALLAS', 'TX', '75241', 'Primary Residence', '0', '0', '0', 0, 1, NULL, NULL, NULL),
	(134, 'James', 'Hall', '8322072784', NULL, 'james.hall9090@gmail.com', '4646 mandale st.', 'ALVIN', 'TX', '77511', 'Male', '1965-10-25 00:00:00', '52', 'Good', 'Other', '2005', '1500', '3', '3', 'Wood Frame', 'Asphalt Shingle', 'Concrete Slab', 'Brick', 'Attached', '2', 'Unknown', '0', 'No', 'No', 'No', NULL, 'No', 'No', 'No', 'No', 'No', 'No', 'No', 'No', NULL, '100000', '0', '100000', '1000', 'Less Than 1', '0000-00-00', '4646 mandale st.', 'ALVIN', 'TX', '77511', 'Primary Residence', '0', '0', '0', 0, 1, NULL, NULL, NULL),
	(135, 'Ricky', 'Vardeman', '2816902945', NULL, 'rrvardeman@yahoo.com', '23030 verona vista dr', 'KATY', 'TX', '77493', 'Male', '1964-10-16 00:00:00', '53', 'Excellent', 'Single family', '2014', '1500', '3', '2', 'Wood Frame', 'Asphalt Shingle', 'Concrete Slab', 'Brick', 'Attached', '1', 'Unknown', '0', 'No', 'No', 'No', NULL, 'No', 'No', 'No', 'No', 'No', 'No', 'No', 'Yes', 'AAA Insurance Co.', '150000', '0', '100000', '1000', '2', '2017-08-01 00:00:00', '23030 verona vista dr', 'KATY', 'TX', '77493', 'Primary Residence', '0', '0', '0', 0, 1, NULL, NULL, NULL),
	(136, 'Peter', 'Blobbesfurger', '4692159617', NULL, 'ericaprahl@gmail.com', '5118 Broadway Blvd.', 'GARLAND', 'TX', '75042', 'Male', '1991-12-08 00:00:00', '26', 'Fair', 'Other', '2007', '900', '5', '2', 'Wood Frame', 'Asphalt Shingle', 'Concrete Slab', 'Brick', 'None', '2', 'Unknown', '0', 'No', 'No', 'No', NULL, 'No', 'No', 'No', 'No', 'No', 'No', 'No', 'Yes', 'Chubb', '450000', '0', '300000', '500', '2', '2018-01-31 00:00:00', '5118 Broadway Blvd.', 'GARLAND', 'TX', '75042', 'Primary Residence', '0', '0', '0', 0, 1, NULL, NULL, NULL),
	(137, 'CHANDRA', 'JOHNSON', '9368573332', NULL, 'CHANDRA.JOHNSON@gmail.com', '0 Hilcroft# 36', 'PRAIRIE VIEW', 'TX', '77446', 'Male', '1959-07-24 00:00:00', '59', 'Excellent', 'Single family', '1984', '1500', '3', '2', 'Wood Frame', 'Asphalt Shingle', 'Concrete Slab', 'Brick', 'Attached', '1', 'Unknown', '0', 'No', 'No', 'No', NULL, 'No', 'No', 'No', 'No', 'No', 'No', 'No', 'Yes', 'Allstate Insurance', '150000', '0', '100000', '1000', '2', '2017-08-01 00:00:00', '0 Hilcroft# 36', 'PRAIRIE VIEW', 'TX', '77446', 'Primary Residence', '0', '1', '1', 8, 1, NULL, NULL, NULL),
	(138, 'Freda', 'Brown', '2145023638', NULL, 'man1991@sbcglobal.net', '1722 calgary', 'DESOTO', 'TX', '75115', 'Male', '1965-05-27 00:00:00', '53', 'Good', 'Townhome', '2010', '4500', '2', '1', 'Wood Frame', 'Asphalt Shingle', 'Concrete Slab', 'Brick', 'Attached', '1', 'Unknown', '0', 'No', 'No', 'No', NULL, 'No', 'No', 'No', 'No', 'No', 'No', 'No', 'No', NULL, '450000', '0', '300000', '250', 'Less Than 1', '0000-00-00', '1722 calgary', 'DESOTO', 'TX', '75115', 'Primary Residence', '0', '0', '0', 0, 1, NULL, NULL, NULL),
	(139, 'Will', 'Dauchy', '8323026554', NULL, 'will.dauchy@gmail.com', '39602 FM 529', 'BROOKSHIRE', 'TX', '77423', 'Male', '1951-02-16 00:00:00', '67', 'Good', 'Single family', '1996', '1500', '3', '2', 'Wood Frame', 'Asphalt Shingle', 'Concrete Slab', 'Brick', 'None', '1', 'Unknown', '0', 'No', 'No', 'No', NULL, 'No', 'No', 'No', 'No', 'No', 'No', 'No', 'Yes', 'Carrier Not Listed', '150000', '0', '300000', '500', '1', '2017-08-31 00:00:00', '39602 FM 529', 'BROOKSHIRE', 'TX', '77423', 'Primary Residence', '0', '0', '0', 0, 1, NULL, NULL, NULL),
	(140, 'Nicole', 'Bushnell', '7139619461', NULL, 'nickeyboo12@gmail.com', '10901 village bend 113', 'HOUSTON', 'TX', '77072', 'Male', '1984-03-01 00:00:00', '34', 'Fair', 'Condominium', '1977', '1750', '4', '4', 'Wood Frame', 'Asphalt Shingle', 'Concrete Slab', 'Brick', 'Detached', '2', 'Unknown', '0', 'No', 'No', 'No', NULL, 'No', 'No', 'No', 'No', 'No', 'No', 'No', 'Yes', 'Allstate Insurance', '150000', '0', '300000', '500', '5', '2017-07-31 00:00:00', '10901 village bend 113', 'HOUSTON', 'TX', '77072', 'Primary Residence', '0', '0', '0', 0, 1, NULL, NULL, NULL),
	(141, 'Teresa', 'Coleman', '3257638277', NULL, 'missteri2you@yahoo.com', '3510 Wildewood Dr Apt 27', 'SAN ANGELO', 'TX', '76904', 'Male', '1964-03-21 00:00:00', '54', 'Poor', 'Other', '2009', '1750', '2', '2', 'Wood Frame', 'Asphalt Shingle', 'Concrete Slab', 'Brick', 'None', '1', 'Unknown', '0', 'No', 'No', 'No', NULL, 'No', 'No', 'No', 'No', 'No', 'No', 'No', 'Yes', 'Carrier Not Listed', '150000', '0', '300000', '500', '5', '2018-06-30 00:00:00', '3510 Wildewood Dr Apt 27', 'SAN ANGELO', 'TX', '76904', 'Primary Residence', '0', '0', '0', 0, 1, NULL, NULL, NULL),
	(142, 'Janis', 'Watkins', '8177242068', NULL, 'jwatkins@gmail.com', '1709 may st', 'FORT WORTH', 'TX', '76110', 'Male', '1968-10-03 00:00:00', '49', 'Excellent', 'Duplex', '2007', '900', '3', '2', 'Wood Frame', 'Asphalt Shingle', 'Concrete Slab', 'Brick', 'Attached', '2', 'Unknown', '0', 'No', 'No', 'No', NULL, 'No', 'No', 'No', 'No', 'No', 'No', 'No', 'No', NULL, '50000', '0', '1000000', '500', 'Less Than 1', '0000-00-00', '1709 may st', 'FORT WORTH', 'TX', '76110', 'Primary Residence', '0', '0', '0', 0, 1, NULL, NULL, NULL),
	(143, 'Andrew', 'Deleon', '8329781794', NULL, 'adonly1jr@yahoo.com', '8622 carriage creek', 'HOUSTON', 'TX', '77064', 'Male', '1980-05-09 00:00:00', '38', 'Poor', 'Single family', '2005', '1750', '4', '2', 'Wood Frame', 'Asphalt Shingle', 'Concrete Slab', 'Brick', 'Attached', '1', 'Unknown', '0', 'No', 'No', 'No', NULL, 'No', 'No', 'No', 'No', 'No', 'No', 'No', 'Yes', 'USAA', '150000', '0', '300000', '500', '4', '2017-07-31 00:00:00', '8622 carriage creek', 'HOUSTON', 'TX', '77064', 'Primary Residence', '0', '1', '1', 4, 1, NULL, NULL, NULL),
	(144, 'Diana', 'Botello', '3619043604', NULL, 'dianab1966@gmail.com', '4625 kosroryz #51', 'CORPUS CHRISTI', 'TX', '78415', 'Male', '1966-01-01 00:00:00', '52', 'Excellent', 'Other', '2013', '4500', '4', '1', 'Wood Frame', 'Asphalt Shingle', 'Concrete Slab', 'Brick', 'Attached', '2', 'Unknown', '0', 'No', 'No', 'No', NULL, 'No', 'No', 'No', 'No', 'No', 'No', 'No', 'No', NULL, '250000', '0', '1000000', '1000', 'Less Than 1', '0000-00-00', '4625 kosroryz #51', 'CORPUS CHRISTI', 'TX', '78415', 'Primary Residence', '0', '0', '0', 0, 1, NULL, NULL, NULL),
	(145, 'Harold', 'Cooney', '9032769984', NULL, 'irishtea4me@aol.com', '2924 Hazel St', 'TEXARKANA', 'TX', '75503', 'Male', '1964-08-26 00:00:00', '53', 'Excellent', 'Single family', '1964', '1500', '3', '1', 'Wood Frame', 'Asphalt Shingle', 'Concrete Slab', 'Brick', 'Attached', '1', 'Unknown', '0', 'No', 'No', 'No', NULL, 'No', 'No', 'No', 'No', 'No', 'No', 'No', 'Yes', 'Allstate Insurance', '150000', '0', '100000', '1000', '2', '2017-08-01 00:00:00', '2924 Hazel St', 'TEXARKANA', 'TX', '75503', 'Primary Residence', '0', '0', '0', 0, 1, NULL, NULL, NULL),
	(146, 'SCOTT', 'HICKS', '8323094455', NULL, 'sh0304@att.net', '6502 Garden Canyon Dr', 'KATY', 'TX', '77449', 'Male', '1965-02-04 00:00:00', '53', 'Excellent', 'Single family', '1970', '1500', '4', '2', 'Wood Frame', 'Asphalt Shingle', 'Concrete Slab', 'Brick', 'Attached', '1', 'Unknown', '0', 'No', 'No', 'No', NULL, 'No', 'No', 'No', 'No', 'No', 'No', 'No', 'Yes', 'Farmers Insurance', '150000', '0', '100000', '2000', '2', '2017-08-01 00:00:00', '6502 Garden Canyon Dr', 'KATY', 'TX', '77449', 'Primary Residence', '0', '0', '0', 0, 1, NULL, NULL, NULL),
	(147, 'Teresa', 'Goode', '6824655194', NULL, 'goodeta1969@gmail.com', '2101 Rainbow Dr', 'ARLINGTON', 'TX', '76011', 'Male', '1968-12-10 00:00:00', '49', 'Excellent', 'Townhome', '2007', '3500', '2', '1', 'Wood Frame', 'Asphalt Shingle', 'Concrete Slab', 'Brick', 'Attached', '2', 'Unknown', '0', 'No', 'No', 'No', NULL, 'No', 'No', 'No', 'No', 'No', 'No', 'No', 'No', NULL, '150000', '0', '1000000', '2000', 'Less Than 1', '0000-00-00', '2101 Rainbow Dr', 'ARLINGTON', 'TX', '76011', 'Primary Residence', '0', '0', '0', 0, 1, NULL, NULL, NULL),
	(148, 'Raymond', 'Rivera', '2103166285', NULL, 'rivera7630@att.net', '10355 cedar bend drive', 'SAN ANTONIO', 'TX', '78245', 'Male', '1966-10-18 00:00:00', '51', 'Good', 'Other', '2011', '4500', '1', '3', 'Wood Frame', 'Asphalt Shingle', 'Concrete Slab', 'Brick', 'Attached', '2', 'Unknown', '0', 'No', 'No', 'No', NULL, 'No', 'No', 'No', 'No', 'No', 'No', 'No', 'No', NULL, '150000', '0', '300000', '2000', 'Less Than 1', '0000-00-00', '10355 cedar bend drive', 'SAN ANTONIO', 'TX', '78245', 'Primary Residence', '0', '0', '0', 0, 1, NULL, NULL, NULL),
	(149, 'Ruben', 'Escamilla', '8308769843', NULL, 'rescamilla@cscisd.net', '206 South 19th Street', 'CARRIZO SPRINGS', 'TX', '78834', 'Male', '1966-07-12 00:00:00', '52', 'Excellent', 'Single family', '2005', '3500', '4', '3', 'Wood Frame', 'Asphalt Shingle', 'Concrete Slab', 'Brick', 'Attached', '2', 'Unknown', '0', 'No', 'No', 'No', NULL, 'No', 'No', 'No', 'No', 'No', 'No', 'No', 'No', NULL, '300000', '0', '300000', '500', 'Less Than 1', '0000-00-00', '206 South 19th Street', 'CARRIZO SPRINGS', 'TX', '78834', 'Primary Residence', '0', '0', '0', 0, 1, NULL, NULL, NULL),
	(150, 'May', 'Johnson', '9034930727', NULL, 'maybuirl@ymail.com', '217 N. Benton St.', 'CORSICANA', 'TX', '75110', 'Male', '1966-11-18 00:00:00', '51', 'Good', 'Duplex', '2005', '900', '1', '1', 'Wood Frame', 'Asphalt Shingle', 'Concrete Slab', 'Brick', 'Attached', '3', 'Unknown', '0', 'No', 'No', 'No', NULL, 'No', 'No', 'No', 'No', 'No', 'No', 'No', 'No', NULL, '250000', '0', '1000000', '1000', 'Less Than 1', '0000-00-00', '217 N. Benton St.', 'CORSICANA', 'TX', '75110', 'Primary Residence', '0', '0', '0', 0, 1, NULL, NULL, NULL),
	(151, 'Traci', 'Thrasher', '2547652565', NULL, 'yellagurltrey@gmail.com', '708 N 22nd St', 'KILLEEN', 'TX', '76541', 'Male', '1970-07-07 00:00:00', '48', 'Fair', 'Other', '1980', '1000', '1', '1', 'Wood Frame', 'Asphalt Shingle', 'Concrete Slab', 'Brick', 'Attached', '1', 'Unknown', '0', 'No', 'No', 'No', NULL, 'No', 'No', 'No', 'No', 'No', 'No', 'No', 'No', NULL, '150000', '0', '300000', '500', 'Less Than 1', '0000-00-00', '708 N 22nd St', 'KILLEEN', 'TX', '76541', 'Primary Residence', '0', '0', '0', 0, 1, NULL, NULL, NULL),
	(152, 'Steve', 'Worsen', '9037146104', NULL, 'stworsen@yahoo.com', '523north green st', 'GRAND SALINE', 'TX', '75140', 'Male', '1970-01-22 00:00:00', '48', 'Excellent', 'Single family', '1960', '1500', '3', '1', 'Wood Frame', 'Asphalt Shingle', 'Concrete Slab', 'Brick', 'Attached', '1', 'Unknown', '0', 'No', 'No', 'No', NULL, 'No', 'No', 'No', 'No', 'No', 'No', 'No', 'Yes', 'Allstate Insurance', '150000', '0', '300000', '500', '2', '2017-08-01 00:00:00', '523north green st', 'GRAND SALINE', 'TX', '75140', 'Primary Residence', '0', '0', '0', 0, 1, NULL, NULL, NULL),
	(153, 'Donna', 'Manasco', '4097798624', NULL, 'donnamanasco1@aol.com', '7071 S Bilbo Rd    apt  31', 'ORANGE', 'TX', '77632', 'Male', '1967-05-09 00:00:00', '51', 'Excellent', 'Other', '2012', '900', '3', '2', 'Wood Frame', 'Asphalt Shingle', 'Concrete Slab', 'Brick', 'Attached', '2', 'Unknown', '0', 'No', 'No', 'No', NULL, 'No', 'No', 'No', 'No', 'No', 'No', 'No', 'No', NULL, '200000', '0', '1000000', '1000', 'Less Than 1', '0000-00-00', '7071 S Bilbo Rd    apt  31', 'ORANGE', 'TX', '77632', 'Primary Residence', '0', '0', '0', 0, 1, NULL, NULL, NULL),
	(154, 'JACKIE', 'DENNIS', '4094666203', NULL, 'jackiedennis51@yahoo.com', '1338 HALE ST', 'BEAUMONT', 'TX', '77703', 'Male', '1949-04-27 00:00:00', '69', 'Excellent', 'Single family', '2003', '1500', '5', '2', 'Wood Frame', 'Asphalt Shingle', 'Concrete Slab', 'Brick', 'None', '1', 'Unknown', '0', 'No', 'No', 'No', NULL, 'No', 'No', 'No', 'No', 'No', 'No', 'No', 'Yes', 'Allstate Insurance', '150000', '0', '300000', '500', '2', '2017-08-01 00:00:00', '1338 HALE ST', 'BEAUMONT', 'TX', '77703', 'Primary Residence', '0', '0', '0', 0, 1, NULL, NULL, NULL),
	(155, 'Diana', 'Marrufo', '2105841877', NULL, 'dalshumrani@yahoo.com', '10120 Villa Del Lago', 'SAN ANTONIO', 'TX', '78205', 'Male', '1968-12-20 00:00:00', '49', 'Fair', 'Single family', '2009', '1750', '3', '3', 'Wood Frame', 'Asphalt Shingle', 'Concrete Slab', 'Brick', 'Attached', '2', 'Unknown', '0', 'No', 'No', 'No', NULL, 'No', 'No', 'No', 'No', 'No', 'No', 'No', 'Yes', 'Carrier Not Listed', '150000', '0', '300000', '500', '5', '2017-07-31 00:00:00', '10120 Villa Del Lago', 'SAN ANTONIO', 'TX', '78205', 'Primary Residence', '0', '0', '0', 0, 1, NULL, NULL, NULL),
	(156, 'Brian', 'Troy', '8177421353', NULL, 'ckctroy@hotmail.com', '528 unbridled lane', 'KELLER', 'TX', '76248', 'Male', '1967-10-25 00:00:00', '50', 'Excellent', 'Duplex', '2009', '900', '4', '3', 'Wood Frame', 'Asphalt Shingle', 'Concrete Slab', 'Brick', 'Attached', '3', 'Unknown', '0', 'No', 'No', 'No', NULL, 'No', 'No', 'No', 'No', 'No', 'No', 'No', 'No', NULL, '250000', '0', '1000000', '500', 'Less Than 1', '0000-00-00', '528 unbridled lane', 'KELLER', 'TX', '76248', 'Primary Residence', '0', '0', '0', 0, 1, NULL, NULL, NULL),
	(157, 'ANGEL', 'COLON', '3259442767', NULL, 'kathy823@verizon.net', '4102 Nottingham Trail', 'SAN ANGELO', 'TX', '76901', 'Male', '1969-01-01 00:00:00', '49', 'Excellent', 'Single family', '1978', '2500', '3', '2', 'Wood Frame', 'Asphalt Shingle', 'Concrete Slab', 'Brick', 'None', '1', 'Unknown', '0', 'No', 'No', 'No', NULL, 'No', 'No', 'No', 'No', 'No', 'No', 'No', 'Yes', 'Allied', '200000', '0', '100000', '1000', '2', '2017-07-31 00:00:00', '4102 Nottingham Trail', 'SAN ANGELO', 'TX', '76901', 'Primary Residence', '0', '1', '1', 2, 1, NULL, NULL, NULL),
	(158, 'LES', 'HICKS', '8178580900', NULL, 'leshickspro.69@gmail.com', '1501  FIORI  WAY', 'EULESS', 'TX', '76039', 'Male', '1968-12-31 00:00:00', '49', 'Good', 'Single family', '1997', '1500', '3', '2', 'Wood Frame', 'Asphalt Shingle', 'Concrete Slab', 'Brick', 'Attached', '1', 'Unknown', '0', 'No', 'No', 'No', NULL, 'No', 'No', 'No', 'No', 'No', 'No', 'No', 'Yes', 'Carrier Not Listed', '150000', '0', '300000', '500', '2', '2017-07-31 00:00:00', '1501  FIORI  WAY', 'EULESS', 'TX', '76039', 'Primary Residence', '0', '0', '0', 0, 1, NULL, NULL, NULL),
	(159, 'Jenna', 'Latham', '9039464971', NULL, 'delanapierre63@aol.com', '103 E 3RD ST', 'HUGHES SPRINGS', 'TX', '75656', 'Male', '1988-01-01 00:00:00', '30', 'Excellent', 'Single family', '2000', '1500', '3', '2', 'Wood Frame', 'Asphalt Shingle', 'Concrete Slab', 'Brick', 'Attached', '1', 'Unknown', '0', 'No', 'No', 'No', NULL, 'No', 'No', 'No', 'No', 'No', 'No', 'No', 'Yes', 'Allstate Insurance', '150000', '0', '300000', '500', '2', '2017-08-01 00:00:00', '103 E 3RD ST', 'HUGHES SPRINGS', 'TX', '75656', 'Primary Residence', '0', '0', '0', 0, 1, NULL, NULL, NULL),
	(160, 'Evelyn', 'Markland', '5123010804', NULL, 'Evelyn23@YAHOO.COM', '13207 deerfoot trail', 'AUSTIN', 'TX', '78737', 'Male', '1969-01-01 00:00:00', '49', 'Excellent', 'Single family', '1978', '2500', '3', '2', 'Wood Frame', 'Asphalt Shingle', 'Concrete Slab', 'Brick', 'None', '1', 'Unknown', '0', 'No', 'No', 'No', NULL, 'No', 'No', 'No', 'No', 'No', 'No', 'No', 'Yes', 'Allied', '200000', '0', '100000', '1000', '2', '2017-07-31 00:00:00', '13207 deerfoot trail', 'AUSTIN', 'TX', '78737', 'Primary Residence', '0', '0', '0', 0, 1, NULL, NULL, NULL),
	(161, 'Tangy', 'Haliburton', '3618346306', NULL, 'tangy_h@yahoo.com', '7201 Owen Ct 3', 'CORPUS CHRISTI', 'TX', '78413', 'Male', '1968-12-16 00:00:00', '49', 'Good', 'Single family', '2009', '900', '3', '1', 'Wood Frame', 'Asphalt Shingle', 'Concrete Slab', 'Brick', 'Attached', '2', 'Unknown', '0', 'No', 'No', 'No', NULL, 'No', 'No', 'No', 'No', 'No', 'No', 'No', 'No', NULL, '200000', '0', '300000', '1000', 'Less Than 1', '0000-00-00', '7201 Owen Ct 3', 'CORPUS CHRISTI', 'TX', '78413', 'Primary Residence', '0', '0', '0', 0, 1, NULL, NULL, NULL),
	(162, 'Lloyd', 'Bullard', '9795318398', NULL, 'lloydbullard@yahoo.com', '1821 red river ave apt 1803', 'WHARTON', 'TX', '77488', 'Male', '1968-01-21 00:00:00', '50', 'Excellent', 'Condominium', '2014', '1500', '2', '3', 'Wood Frame', 'Asphalt Shingle', 'Concrete Slab', 'Brick', 'Attached', '2', 'Unknown', '0', 'No', 'No', 'No', NULL, 'No', 'No', 'No', 'No', 'No', 'No', 'No', 'No', NULL, '40000', '0', '1000000', '1000', 'Less Than 1', '0000-00-00', '1821 red river ave apt 1803', 'WHARTON', 'TX', '77488', 'Primary Residence', '0', '0', '0', 0, 1, NULL, NULL, NULL),
	(163, 'Stephen', 'Litif', '9033601554', NULL, 'sail1066@gmail.com', '1208 w rieck road', 'TYLER', 'TX', '75703', 'Male', '1965-05-15 00:00:00', '53', 'Good', 'Other', '2005', '1500', '3', '3', 'Wood Frame', 'Asphalt Shingle', 'Concrete Slab', 'Brick', 'Attached', '2', 'Unknown', '0', 'No', 'No', 'No', NULL, 'No', 'No', 'No', 'No', 'No', 'No', 'No', 'No', NULL, '450000', '0', '300000', '2000', 'Less Than 1', '0000-00-00', '1208 w rieck road', 'TYLER', 'TX', '75703', 'Primary Residence', '0', '0', '0', 0, 1, NULL, NULL, NULL),
	(164, 'Lidya', 'Pacheco', '2109222563', NULL, 'LidyaPacheco@yahoo.com', '240 COMPTON AVE', 'SAN ANTONIO', 'TX', '78214', 'Male', '1963-09-09 00:00:00', '54', 'Excellent', 'Single family', '1980', '1500', '4', '2', 'Wood Frame', 'Asphalt Shingle', 'Concrete Slab', 'Brick', 'Attached', '1', 'Unknown', '0', 'No', 'No', 'No', NULL, 'No', 'No', 'No', 'No', 'No', 'No', 'No', 'Yes', 'The Hartford', '150000', '0', '100000', '1000', '2', '2017-08-01 00:00:00', '240 COMPTON AVE', 'SAN ANTONIO', 'TX', '78214', 'Primary Residence', '0', '0', '0', 0, 1, NULL, NULL, NULL),
	(165, 'JUSTINA', 'LUCERO', '8068392986', NULL, 'LUCERO.JUSTINA@AOL.COM', '331 E STEVENSON AVE', 'HALE CENTER', 'TX', '79041', 'Male', '1940-04-13 00:00:00', '78', 'Good', 'Single family', '1980', '1500', '2', '1', 'Wood Frame', 'Asphalt Shingle', 'Concrete Slab', 'Brick', 'Attached', '1', 'Unknown', '0', 'No', 'No', 'No', NULL, 'No', 'No', 'No', 'No', 'No', 'No', 'No', 'Yes', 'Carrier Not Listed', '150000', '0', '300000', '500', '2', '2017-07-31 00:00:00', '331 E STEVENSON AVE', 'HALE CENTER', 'TX', '79041', 'Primary Residence', '0', '0', '0', 0, 1, NULL, NULL, NULL),
	(166, 'WILLIE', 'BUNCH', '9726421189', NULL, 'WILLIEBUNCH@GMAIL.COM', '57 W Townhouse Ln', 'GRAND PRAIRIE', 'TX', '75052', 'Male', '1959-09-14 00:00:00', '58', 'Excellent', 'Single family', '1972', '1500', '3', '2', 'Wood Frame', 'Asphalt Shingle', 'Concrete Slab', 'Brick', 'Attached', '1', 'Unknown', '0', 'No', 'No', 'No', NULL, 'No', 'No', 'No', 'No', 'No', 'No', 'No', 'Yes', 'SAFECO', '100000', '0', '100000', '1000', '2', '2017-08-01 00:00:00', '57 W Townhouse Ln', 'GRAND PRAIRIE', 'TX', '75052', 'Primary Residence', '0', '0', '0', 0, 1, NULL, NULL, NULL),
	(167, 'DANILO', 'LEGASPI', '2817855960', NULL, 'DAN.LEGASPI@YAHOO.COM', '8663 Vinkins Rd', 'HOUSTON', 'TX', '77071', 'Male', '1968-12-31 00:00:00', '49', 'Excellent', 'Single family', '1978', '1500', '3', '2', 'Wood Frame', 'Asphalt Shingle', 'Concrete Slab', 'Brick', 'None', '1', 'Unknown', '0', 'No', 'No', 'No', NULL, 'No', 'No', 'No', 'No', 'No', 'No', 'No', 'Yes', 'Allied', '200000', '0', '100000', '1000', '3', '2017-07-31 00:00:00', '8663 Vinkins Rd', 'HOUSTON', 'TX', '77071', 'Primary Residence', '0', '0', '0', 0, 1, NULL, NULL, NULL),
	(168, 'Edward', 'Tingwald', '6825835372', NULL, 'etlarlington@att.net', '409 E LILLY LN.', 'ARLINGTON', 'TX', '76010', 'Male', '1967-02-13 00:00:00', '51', 'Good', 'Townhome', '2013', '3500', '4', '2', 'Wood Frame', 'Asphalt Shingle', 'Concrete Slab', 'Brick', 'Attached', '2', 'Unknown', '0', 'No', 'No', 'No', NULL, 'No', 'No', 'No', 'No', 'No', 'No', 'No', 'No', NULL, '200000', '0', '300000', '1000', 'Less Than 1', '0000-00-00', '409 E LILLY LN.', 'ARLINGTON', 'TX', '76010', 'Primary Residence', '0', '0', '0', 0, 1, NULL, NULL, NULL),
	(169, 'Fernando', 'Castillo', '5129492078', NULL, 'redskinsatx1977@gmail.com', '3011 collins creekdr. #b', 'AUSTIN', 'TX', '78741', 'Male', '1970-07-04 00:00:00', '48', 'Excellent', 'Other', '2005', '900', '3', '2', 'Wood Frame', 'Asphalt Shingle', 'Concrete Slab', 'Brick', 'Attached', '2', 'Unknown', '0', 'No', 'No', 'No', NULL, 'No', 'No', 'No', 'No', 'No', 'No', 'No', 'No', NULL, '50000', '0', '1000000', '250', 'Less Than 1', '0000-00-00', '3011 collins creekdr. #b', 'AUSTIN', 'TX', '78741', 'Primary Residence', '0', '0', '0', 0, 1, NULL, NULL, NULL),
	(170, 'Sonja', 'Brown', '4693378722', NULL, 'slbrown01@yahoo.com', '1608 lakeside dr', 'RED OAK', 'TX', '75154', 'Male', '1964-10-10 00:00:00', '53', 'Excellent', 'Single family', '2007', '2500', '4', '3', 'Wood Frame', 'Asphalt Shingle', 'Concrete Slab', 'Brick', 'Attached', '2', 'Unknown', '0', 'No', 'No', 'No', NULL, 'No', 'No', 'No', 'No', 'No', 'No', 'No', 'No', NULL, '300000', '0', '100000', '1000', 'Less Than 1', '0000-00-00', '1608 lakeside dr', 'RED OAK', 'TX', '75154', 'Primary Residence', '0', '0', '0', 0, 1, NULL, NULL, NULL),
	(171, 'Loki', 'Sherlock', '5129187898', NULL, 'sherlokismitten@hotmail.com', '510 Willow Creek Drive', 'SAN MARCOS', 'TX', '78666', 'Male', '1994-05-04 00:00:00', '24', 'Good', 'Single family', '1995', '900', '2', '1', 'Wood Frame', 'Asphalt Shingle', 'Concrete Slab', 'Brick', 'Detached', '1', 'Unknown', '0', 'No', 'No', 'No', NULL, 'No', 'No', 'No', 'No', 'No', 'No', 'No', 'Yes', 'Auto Owners', '150000', '0', '300000', '500', '3', '2017-07-31 00:00:00', '510 Willow Creek Drive', 'SAN MARCOS', 'TX', '78666', 'Primary Residence', '0', '0', '0', 0, 1, NULL, NULL, NULL),
	(172, 'Dianne', 'Mowoe', '2144035892', NULL, 'Mowoed@Yahoo.Com', '7031 Holly Hill Dr 23', 'DALLAS', 'TX', '75231', 'Male', '1965-03-15 00:00:00', '53', 'Excellent', 'Single family', '1990', '1500', '3', '3', 'Wood Frame', 'Asphalt Shingle', 'Concrete Slab', 'Brick', 'Attached', '1', 'Unknown', '0', 'No', 'No', 'No', NULL, 'No', 'No', 'No', 'No', 'No', 'No', 'No', 'Yes', 'Allied', '100000', '0', '100000', '1000', '2', '2017-08-01 00:00:00', '7031 Holly Hill Dr 23', 'DALLAS', 'TX', '75231', 'Primary Residence', '0', '0', '0', 0, 1, NULL, NULL, NULL),
	(173, 'VICKIE', 'LiVINGSTON', '2814241060', NULL, 'freebird9596@aol.com', '4616 Burning Tree Dr', 'BAYTOWN', 'TX', '77521', 'Male', '1960-08-27 00:00:00', '57', 'Excellent', 'Single family', '1985', '1500', '3', '3', 'Wood Frame', 'Asphalt Shingle', 'Concrete Slab', 'Brick', 'Attached', '1', 'Unknown', '0', 'No', 'No', 'No', NULL, 'No', 'No', 'No', 'No', 'No', 'No', 'No', 'Yes', 'Allied', '100000', '0', '100000', '1000', '2', '2017-08-01 00:00:00', '4616 Burning Tree Dr', 'BAYTOWN', 'TX', '77521', 'Primary Residence', '0', '0', '0', 0, 1, NULL, NULL, NULL),
	(174, 'Emma', 'Bevil', '4095942955', NULL, 'emmabevil@yahoo.com', 'RR 1 Box 450', 'JASPER', 'TX', '75951', 'Male', '1970-01-01 00:00:00', '48', 'Excellent', 'Single family', '1980', '1500', '3', '2', 'Wood Frame', 'Asphalt Shingle', 'Concrete Slab', 'Brick', 'Attached', '1', 'Unknown', '0', 'No', 'No', 'No', NULL, 'No', 'No', 'No', 'No', 'No', 'No', 'No', 'Yes', 'State Farm', '150000', '0', '300000', '500', '2', '2017-08-01 00:00:00', 'RR 1 Box 450', 'JASPER', 'TX', '75951', 'Primary Residence', '0', '0', '0', 0, 1, NULL, NULL, NULL),
	(175, 'Barry', 'Daniels', '5088792254', NULL, 'barry_daniels@yahoo.com', '104 Hastings st', 'HOUSTON', 'TX', '77001', 'Male', '1939-06-24 00:00:00', '79', 'Good', 'Single family', '1950', '1500', '3', '2', 'Wood Frame', 'Asphalt Shingle', 'Concrete Slab', 'Brick', 'Attached', '1', 'Unknown', '0', 'No', 'No', 'No', NULL, 'No', 'No', 'No', 'No', 'No', 'No', 'No', 'Yes', 'Carrier Not Listed', '150000', '0', '300000', '500', '2', '2017-07-31 00:00:00', '104 Hastings st', 'HOUSTON', 'TX', '77001', 'Primary Residence', '0', '1', '1', 2, 1, NULL, NULL, NULL),
	(176, 'Julissa', 'Rincon', '9565038549', NULL, 'jo75757676@gmail.com', '302 S Fm 491 Apt B2', 'MERCEDES', 'TX', '78570', 'Male', '1975-09-24 00:00:00', '42', 'Excellent', 'Other', '2003', '2500', '2', '2', 'Wood Frame', 'Asphalt Shingle', 'Concrete Slab', 'Brick', 'Attached', '1', 'Unknown', '0', 'No', 'No', 'No', NULL, 'No', 'No', 'No', 'No', 'No', 'No', 'No', 'No', NULL, '150000', '0', '300000', '500', 'Less Than 1', '0000-00-00', '302 S Fm 491 Apt B2', 'MERCEDES', 'TX', '78570', 'Primary Residence', '0', '0', '0', 0, 1, NULL, NULL, NULL),
	(177, 'Sheila', 'Davis', '8323882731', NULL, 'sheilaeventcoordinator@yahoo.com', '8430 Antoine', 'HOUSTON', 'TX', '77088', 'Male', '1967-10-27 00:00:00', '50', 'Excellent', 'Single family', '2011', '900', '3', '2', 'Wood Frame', 'Asphalt Shingle', 'Concrete Slab', 'Brick', 'Attached', '3', 'Unknown', '0', 'No', 'No', 'No', NULL, 'No', 'No', 'No', 'No', 'No', 'No', 'No', 'No', NULL, '550000', '0', '300000', '500', 'Less Than 1', '0000-00-00', '8430 Antoine', 'HOUSTON', 'TX', '77088', 'Primary Residence', '0', '0', '0', 0, 1, NULL, NULL, NULL),
	(178, 'KATHERINE', 'ELMORE', '9035697478', NULL, 'supermom1145283@gmail.com', '753 VZ County Road 1714', 'GRAND SALINE', 'TX', '75140', 'Male', '1952-01-13 00:00:00', '66', 'Good', 'Single family', '1950', '1500', '3', '2', 'Wood Frame', 'Asphalt Shingle', 'Concrete Slab', 'Brick', 'None', '1', 'Unknown', '0', 'No', 'No', 'No', NULL, 'No', 'No', 'No', 'No', 'No', 'No', 'No', 'No', NULL, '150000', '0', '300000', '500', 'Less Than 1', '0000-00-00', '753 VZ County Road 1714', 'GRAND SALINE', 'TX', '75140', 'Primary Residence', '0', '0', '0', 0, 1, NULL, NULL, NULL),
	(179, 'Neal', 'Descai', '5123727882', NULL, 'nealnob@gmail.com', '4100 Westbank Drive, 14', 'AUSTIN', 'TX', '78746', 'Male', '1973-04-23 00:00:00', '45', 'Excellent', 'Single family', '2008', '2500', '2', '3', 'Wood Frame', 'Asphalt Shingle', 'Concrete Slab', 'Brick', 'Attached', '2', 'Unknown', '0', 'No', 'No', 'No', NULL, 'No', 'No', 'No', 'No', 'No', 'No', 'No', 'No', NULL, '250000', '0', '300000', '500', 'Less Than 1', '0000-00-00', '4100 Westbank Drive, 14', 'AUSTIN', 'TX', '78746', 'Primary Residence', '0', '0', '0', 0, 1, NULL, NULL, NULL),
	(180, 'Nelly', 'Perales', '2104007370', NULL, 'coolgrandma366@gmail.com', '230 Pleasanton Rd Apt 4', 'SAN ANTONIO', 'TX', '78214', 'Male', '1966-07-18 00:00:00', '52', 'Fair', 'Other', '1970', '1000', '1', '1', 'Wood Frame', 'Asphalt Shingle', 'Concrete Slab', 'Brick', 'Attached', '2', 'Unknown', '0', 'No', 'No', 'No', NULL, 'No', 'No', 'No', 'No', 'No', 'No', 'No', 'No', NULL, '300000', '0', '300000', '500', 'Less Than 1', '0000-00-00', '230 Pleasanton Rd Apt 4', 'SAN ANTONIO', 'TX', '78214', 'Primary Residence', '0', '0', '0', 0, 1, NULL, NULL, NULL),
	(181, 'Gloria', 'Burciaga', '9152270804', NULL, 'crimpetpyofes1986@outlook.com', '4000 Ace Ln Trlr 264', 'LEWISVILLE', 'TX', '75067', 'Male', '1976-11-08 00:00:00', '41', 'Excellent', 'Other', '2017', '900', '1', '1', 'Wood Frame', 'Asphalt Shingle', 'Concrete Slab', 'Brick', 'Attached', '1', 'Unknown', '0', 'No', 'No', 'No', NULL, 'No', 'No', 'No', 'No', 'No', 'No', 'No', 'Yes', 'AIG', '150000', '0', '300000', '500', '2', '2017-07-31 00:00:00', '4000 Ace Ln Trlr 264', 'LEWISVILLE', 'TX', '75067', 'Primary Residence', '0', '0', '0', 0, 1, NULL, NULL, NULL),
	(182, 'Oria', 'Smith', '2064229042', NULL, 'oriasmith13.os@gmail.com', '4414 acorn creek trail', 'KILLEEN', 'TX', '76542', 'Male', '1963-12-10 00:00:00', '54', 'Fair', 'Duplex', '2000', '900', '3', '2', 'Wood Frame', 'Asphalt Shingle', 'Concrete Slab', 'Brick', 'Attached', '1', 'Unknown', '0', 'No', 'No', 'No', NULL, 'No', 'No', 'No', 'No', 'No', 'No', 'No', 'No', NULL, '150000', '0', '300000', '500', 'Less Than 1', '0000-00-00', '4414 acorn creek trail', 'KILLEEN', 'TX', '76542', 'Primary Residence', '0', '0', '0', 0, 1, NULL, NULL, NULL),
	(183, 'Dorothy', 'Bates', '8322679941', NULL, 'b3auty_d@yahoo.com', '3627 Scott', 'HOUSTON', 'TX', '77021', 'Male', '1990-05-24 00:00:00', '28', 'Fair', 'Single family', '2007', '5500', '3', '2', 'Wood Frame', 'Asphalt Shingle', 'Concrete Slab', 'Brick', 'Attached', '1', 'Unknown', '0', 'No', 'No', 'No', NULL, 'No', 'No', 'No', 'No', 'No', 'No', 'No', 'No', NULL, '150000', '0', '300000', '500', 'Less Than 1', '0000-00-00', '3627 Scott', 'HOUSTON', 'TX', '77021', 'Primary Residence', '0', '0', '0', 0, 1, NULL, NULL, NULL),
	(184, 'Marcos', 'Plata', '3617047001', NULL, 'marcostwistedmetal@gmail.com', '206 east noble', 'FALFURRIAS', 'TX', '78355', 'Male', '1996-08-31 00:00:00', '21', 'Good', 'Townhome', '1970', '2500', '3', '1', 'Wood Frame', 'Asphalt Shingle', 'Concrete Slab', 'Brick', 'Attached', '1', 'Unknown', '0', 'No', 'No', 'No', NULL, 'No', 'No', 'No', 'No', 'No', 'No', 'No', 'No', NULL, '40000', '0', '300000', '500', 'Less Than 1', '0000-00-00', '206 east noble', 'FALFURRIAS', 'TX', '78355', 'Primary Residence', '0', '0', '0', 0, 1, NULL, NULL, NULL),
	(185, 'Domingo', 'Moncada', '2105513122', NULL, 'Mingomoncada@yahoo.com', 'P.o. Box2892 port aransas,tx', 'Port Aransas', 'TX', '78373', 'Male', '1963-07-20 00:00:00', '54', 'Poor', 'Single Family', '1976', '2050', '4', '1', 'Unknown', 'Unknown', 'Concrete Slab', 'Brick', 'Attached', '1', 'Circuit Breaker', '0', 'No', 'No', 'No', NULL, 'No', 'No', 'No', 'Unknown', 'No', 'Yes', 'Yes', 'No', NULL, '200000', '100000', '500000', '1000', 'Less Than 1', '0000-00-00', 'P.o. Box2892 port aransas,tx', 'Port Aransas', 'TX', '78373', 'Rental', '0', '0', '0', 0, 1, NULL, NULL, NULL),
	(186, 'Cody', 'Rich', '9403570484', NULL, 'ella3cydwmiller@yahoo.com', '4025 Gordon St', 'VERNON', 'TX', '76384', 'Male', '1983-08-16 00:00:00', '34', 'Excellent', 'Single family', '2017', '900', '2', '1', 'Wood Frame', 'Asphalt Shingle', 'Concrete Slab', 'Brick', 'Attached', '1', 'Unknown', '0', 'No', 'No', 'No', NULL, 'No', 'No', 'No', 'No', 'No', 'No', 'No', 'No', NULL, '150000', '0', '300000', '500', 'Less Than 1', '0000-00-00', '4025 Gordon St', 'VERNON', 'TX', '76384', 'Primary Residence', '0', '0', '0', 0, 1, NULL, NULL, NULL),
	(187, 'Wayne', 'Frank', '7134171297', NULL, 'wfhammer38@gmail.com', '11981 warner road.,Cleveland  Texas', 'CLEVELAND', 'TX', '77328', 'Male', '1960-05-27 00:00:00', '58', 'Fair', 'Single family', '1972', '4500', '3', '3', 'Wood Frame', 'Asphalt Shingle', 'Concrete Slab', 'Brick', 'Attached', '1', 'Unknown', '0', 'No', 'No', 'No', NULL, 'No', 'No', 'No', 'No', 'No', 'No', 'No', 'Yes', 'Farmers Insurance', '150000', '0', '300000', '500', '5', '2018-01-31 00:00:00', '11981 warner road.,Cleveland  Texas', 'CLEVELAND', 'TX', '77328', 'Primary Residence', '0', '0', '0', 0, 1, NULL, NULL, NULL),
	(188, 'Michel', 'Gonzalez', '9564131870', NULL, 'codnkk@gmail.com', '1234 Street name,apt ABC', 'EDINBURG', 'TX', '78542', 'Male', '1989-04-01 00:00:00', '29', 'Good', 'Single family', '2014', '1500', '4', '3', 'Wood Frame', 'Asphalt Shingle', 'Concrete Slab', 'Brick', 'Detached', '3', 'Unknown', '0', 'No', 'No', 'No', NULL, 'No', 'No', 'No', 'No', 'No', 'No', 'No', 'No', NULL, '350000', '0', '300000', '500', 'Less Than 1', '0000-00-00', '1234 Street name,apt ABC', 'EDINBURG', 'TX', '78542', 'Primary Residence', '0', '0', '0', 0, 1, NULL, NULL, NULL),
	(189, 'Mohammad', 'Sh', '3613555005', NULL, 'usamapervaiz8991@gmail.com', '1100 W Corral Ave', 'KINGSVILLE', 'TX', '78363', 'Male', '1989-11-09 00:00:00', '28', 'Good', 'Other', '2010', '1000', '3', '2', 'Wood Frame', 'Asphalt Shingle', 'Concrete Slab', 'Brick', 'None', '1', 'Unknown', '0', 'No', 'No', 'No', NULL, 'No', 'No', 'No', 'No', 'No', 'No', 'No', 'No', NULL, '150000', '0', '300000', '500', 'Less Than 1', '0000-00-00', '1100 W Corral Ave', 'KINGSVILLE', 'TX', '78363', 'Primary Residence', '0', '0', '0', 0, 1, NULL, NULL, NULL),
	(190, NULL, NULL, NULL, NULL, NULL, NULL, 'AUSTIN', NULL, NULL, NULL, NULL, NULL, NULL, NULL, NULL, NULL, NULL, NULL, NULL, NULL, NULL, NULL, NULL, NULL, NULL, NULL, NULL, NULL, NULL, NULL, NULL, NULL, NULL, NULL, NULL, NULL, NULL, NULL, NULL, NULL, NULL, NULL, NULL, NULL, NULL, NULL, NULL, NULL, NULL, NULL, NULL, '0', '0', 0, 1, NULL, NULL, NULL),
	(191, NULL, NULL, NULL, NULL, NULL, NULL, 'BENBROOK', NULL, NULL, NULL, NULL, NULL, NULL, NULL, NULL, NULL, NULL, NULL, NULL, NULL, NULL, NULL, NULL, NULL, NULL, NULL, NULL, NULL, NULL, NULL, NULL, NULL, NULL, NULL, NULL, NULL, NULL, NULL, NULL, NULL, NULL, NULL, NULL, NULL, NULL, NULL, NULL, NULL, NULL, NULL, NULL, '0', '0', 0, 1, NULL, NULL, NULL),
	(192, NULL, NULL, NULL, NULL, NULL, NULL, 'BELTON', NULL, NULL, NULL, NULL, NULL, NULL, NULL, NULL, NULL, NULL, NULL, NULL, NULL, NULL, NULL, NULL, NULL, NULL, NULL, NULL, NULL, NULL, NULL, NULL, NULL, NULL, NULL, NULL, NULL, NULL, NULL, NULL, NULL, NULL, NULL, NULL, NULL, NULL, NULL, NULL, NULL, NULL, NULL, NULL, '0', '0', 0, 1, NULL, NULL, NULL),
	(193, NULL, NULL, NULL, NULL, NULL, NULL, 'AUSTIN', NULL, NULL, NULL, NULL, NULL, NULL, NULL, NULL, NULL, NULL, NULL, NULL, NULL, NULL, NULL, NULL, NULL, NULL, NULL, NULL, NULL, NULL, NULL, NULL, NULL, NULL, NULL, NULL, NULL, NULL, NULL, NULL, NULL, NULL, NULL, NULL, NULL, NULL, NULL, NULL, NULL, NULL, NULL, NULL, '0', '0', 0, 1, NULL, NULL, NULL),
	(194, NULL, NULL, NULL, NULL, NULL, NULL, 'AUSTIN', NULL, NULL, NULL, NULL, NULL, NULL, NULL, NULL, NULL, NULL, NULL, NULL, NULL, NULL, NULL, NULL, NULL, NULL, NULL, NULL, NULL, NULL, NULL, NULL, NULL, NULL, NULL, NULL, NULL, NULL, NULL, NULL, NULL, NULL, NULL, NULL, NULL, NULL, NULL, NULL, NULL, NULL, NULL, NULL, '0', '0', 0, 1, NULL, NULL, NULL),
	(195, NULL, NULL, NULL, NULL, NULL, NULL, 'BELTON', NULL, NULL, NULL, NULL, NULL, NULL, NULL, NULL, NULL, NULL, NULL, NULL, NULL, NULL, NULL, NULL, NULL, NULL, NULL, NULL, NULL, NULL, NULL, NULL, NULL, NULL, NULL, NULL, NULL, NULL, NULL, NULL, NULL, NULL, NULL, NULL, NULL, NULL, NULL, NULL, NULL, NULL, NULL, NULL, '0', '0', 0, 1, NULL, NULL, NULL),
	(196, NULL, NULL, NULL, NULL, NULL, NULL, 'AUSTIN', NULL, NULL, NULL, NULL, NULL, NULL, NULL, NULL, NULL, NULL, NULL, NULL, NULL, NULL, NULL, NULL, NULL, NULL, NULL, NULL, NULL, NULL, NULL, NULL, NULL, NULL, NULL, NULL, NULL, NULL, NULL, NULL, NULL, NULL, NULL, NULL, NULL, NULL, NULL, NULL, NULL, NULL, NULL, NULL, '0', '0', 0, 1, NULL, NULL, NULL),
	(197, NULL, NULL, NULL, NULL, NULL, NULL, 'AUSTIN', NULL, NULL, NULL, NULL, NULL, NULL, NULL, NULL, NULL, NULL, NULL, NULL, NULL, NULL, NULL, NULL, NULL, NULL, NULL, NULL, NULL, NULL, NULL, NULL, NULL, NULL, NULL, NULL, NULL, NULL, NULL, NULL, NULL, NULL, NULL, NULL, NULL, NULL, NULL, NULL, NULL, NULL, NULL, NULL, '0', '0', 0, 1, NULL, NULL, NULL),
	(198, NULL, NULL, NULL, NULL, NULL, NULL, 'BALCH SPRINGS', NULL, NULL, NULL, NULL, NULL, NULL, NULL, NULL, NULL, NULL, NULL, NULL, NULL, NULL, NULL, NULL, NULL, NULL, NULL, NULL, NULL, NULL, NULL, NULL, NULL, NULL, NULL, NULL, NULL, NULL, NULL, NULL, NULL, NULL, NULL, NULL, NULL, NULL, NULL, NULL, NULL, NULL, NULL, NULL, '0', '0', 0, 1, NULL, NULL, NULL),
	(199, NULL, NULL, NULL, NULL, NULL, NULL, 'AZLE', NULL, NULL, NULL, NULL, NULL, NULL, NULL, NULL, NULL, NULL, NULL, NULL, NULL, NULL, NULL, NULL, NULL, NULL, NULL, NULL, NULL, NULL, NULL, NULL, NULL, NULL, NULL, NULL, NULL, NULL, NULL, NULL, NULL, NULL, NULL, NULL, NULL, NULL, NULL, NULL, NULL, NULL, NULL, NULL, '0', '0', 0, 1, NULL, NULL, NULL),
	(200, NULL, NULL, NULL, NULL, NULL, NULL, NULL, NULL, NULL, NULL, NULL, NULL, NULL, NULL, NULL, NULL, NULL, NULL, NULL, NULL, NULL, NULL, NULL, NULL, NULL, NULL, NULL, NULL, NULL, NULL, NULL, NULL, NULL, NULL, NULL, NULL, NULL, NULL, NULL, NULL, NULL, NULL, NULL, NULL, NULL, NULL, NULL, NULL, NULL, NULL, NULL, '0', '0', 0, 1, NULL, NULL, NULL),
	(201, NULL, NULL, NULL, NULL, NULL, NULL, 'AUSTIN', NULL, NULL, NULL, NULL, NULL, NULL, NULL, NULL, NULL, NULL, NULL, NULL, NULL, NULL, NULL, NULL, NULL, NULL, NULL, NULL, NULL, NULL, NULL, NULL, NULL, NULL, NULL, NULL, NULL, NULL, NULL, NULL, NULL, NULL, NULL, NULL, NULL, NULL, NULL, NULL, NULL, NULL, NULL, NULL, '0', '0', 0, 1, NULL, NULL, NULL),
	(202, NULL, NULL, NULL, NULL, NULL, NULL, 'AUSTIN', NULL, NULL, NULL, NULL, NULL, NULL, NULL, NULL, NULL, NULL, NULL, NULL, NULL, NULL, NULL, NULL, NULL, NULL, NULL, NULL, NULL, NULL, NULL, NULL, NULL, NULL, NULL, NULL, NULL, NULL, NULL, NULL, NULL, NULL, NULL, NULL, NULL, NULL, NULL, NULL, NULL, NULL, NULL, NULL, '0', '0', 0, 1, NULL, NULL, NULL),
	(203, NULL, NULL, NULL, NULL, NULL, NULL, 'ALICE', NULL, NULL, NULL, NULL, NULL, NULL, NULL, NULL, NULL, NULL, NULL, NULL, NULL, NULL, NULL, NULL, NULL, NULL, NULL, NULL, NULL, NULL, NULL, NULL, NULL, NULL, NULL, NULL, NULL, NULL, NULL, NULL, NULL, NULL, NULL, NULL, NULL, NULL, NULL, NULL, NULL, NULL, NULL, NULL, '0', '0', 0, 1, NULL, NULL, NULL),
	(204, NULL, NULL, NULL, NULL, NULL, NULL, 'AZLE', NULL, NULL, NULL, NULL, NULL, NULL, NULL, NULL, NULL, NULL, NULL, NULL, NULL, NULL, NULL, NULL, NULL, NULL, NULL, NULL, NULL, NULL, NULL, NULL, NULL, NULL, NULL, NULL, NULL, NULL, NULL, NULL, NULL, NULL, NULL, NULL, NULL, NULL, NULL, NULL, NULL, NULL, NULL, NULL, '0', '0', 0, 1, NULL, NULL, NULL),
	(205, NULL, NULL, NULL, NULL, NULL, NULL, 'AZLE', NULL, NULL, NULL, NULL, NULL, NULL, NULL, NULL, NULL, NULL, NULL, NULL, NULL, NULL, NULL, NULL, NULL, NULL, NULL, NULL, NULL, NULL, NULL, NULL, NULL, NULL, NULL, NULL, NULL, NULL, NULL, NULL, NULL, NULL, NULL, NULL, NULL, NULL, NULL, NULL, NULL, NULL, NULL, NULL, '0', '0', 0, 1, NULL, NULL, NULL),
	(206, NULL, NULL, NULL, NULL, NULL, NULL, 'ARANSAS PASS', NULL, NULL, NULL, NULL, NULL, NULL, NULL, NULL, NULL, NULL, NULL, NULL, NULL, NULL, NULL, NULL, NULL, NULL, NULL, NULL, NULL, NULL, NULL, NULL, NULL, NULL, NULL, NULL, NULL, NULL, NULL, NULL, NULL, NULL, NULL, NULL, NULL, NULL, NULL, NULL, NULL, NULL, NULL, NULL, '0', '0', 0, 1, NULL, NULL, NULL),
	(207, NULL, NULL, NULL, NULL, NULL, NULL, 'AUSTIN', NULL, NULL, NULL, NULL, NULL, NULL, NULL, NULL, NULL, NULL, NULL, NULL, NULL, NULL, NULL, NULL, NULL, NULL, NULL, NULL, NULL, NULL, NULL, NULL, NULL, NULL, NULL, NULL, NULL, NULL, NULL, NULL, NULL, NULL, NULL, NULL, NULL, NULL, NULL, NULL, NULL, NULL, NULL, NULL, '0', '0', 0, 1, NULL, NULL, NULL),
	(208, NULL, NULL, NULL, NULL, NULL, NULL, 'BIG SPRING', NULL, NULL, NULL, NULL, NULL, NULL, NULL, NULL, NULL, NULL, NULL, NULL, NULL, NULL, NULL, NULL, NULL, NULL, NULL, NULL, NULL, NULL, NULL, NULL, NULL, NULL, NULL, NULL, NULL, NULL, NULL, NULL, NULL, NULL, NULL, NULL, NULL, NULL, NULL, NULL, NULL, NULL, NULL, NULL, '0', '0', 0, 1, NULL, NULL, NULL),
	(209, NULL, NULL, NULL, NULL, NULL, NULL, 'BIG SPRING', NULL, NULL, NULL, NULL, NULL, NULL, NULL, NULL, NULL, NULL, NULL, NULL, NULL, NULL, NULL, NULL, NULL, NULL, NULL, NULL, NULL, NULL, NULL, NULL, NULL, NULL, NULL, NULL, NULL, NULL, NULL, NULL, NULL, NULL, NULL, NULL, NULL, NULL, NULL, NULL, NULL, NULL, NULL, NULL, '0', '0', 0, 1, NULL, NULL, NULL),
	(210, NULL, NULL, NULL, NULL, NULL, NULL, 'BAY CITY', NULL, NULL, NULL, NULL, NULL, NULL, NULL, NULL, NULL, NULL, NULL, NULL, NULL, NULL, NULL, NULL, NULL, NULL, NULL, NULL, NULL, NULL, NULL, NULL, NULL, NULL, NULL, NULL, NULL, NULL, NULL, NULL, NULL, NULL, NULL, NULL, NULL, NULL, NULL, NULL, NULL, NULL, NULL, NULL, '0', '0', 0, 1, NULL, NULL, NULL),
	(211, NULL, NULL, NULL, NULL, NULL, NULL, 'ANNA', NULL, NULL, NULL, NULL, NULL, NULL, NULL, NULL, NULL, NULL, NULL, NULL, NULL, NULL, NULL, NULL, NULL, NULL, NULL, NULL, NULL, NULL, NULL, NULL, NULL, NULL, NULL, NULL, NULL, NULL, NULL, NULL, NULL, NULL, NULL, NULL, NULL, NULL, NULL, NULL, NULL, NULL, NULL, NULL, '0', '0', 0, 1, NULL, NULL, NULL),
	(212, NULL, NULL, NULL, NULL, NULL, NULL, 'ALICE', NULL, NULL, NULL, NULL, NULL, NULL, NULL, NULL, NULL, NULL, NULL, NULL, NULL, NULL, NULL, NULL, NULL, NULL, NULL, NULL, NULL, NULL, NULL, NULL, NULL, NULL, NULL, NULL, NULL, NULL, NULL, NULL, NULL, NULL, NULL, NULL, NULL, NULL, NULL, NULL, NULL, NULL, NULL, NULL, '0', '0', 0, 1, NULL, NULL, NULL),
	(213, 'Rachel', 'Pfeiffer', '2105016475', NULL, 'Brianrachelpfeiffer@gmail.com', '11907 Briarpath St. S', 'SAN ANTONIO', 'TX', '78249', 'Male', '1999-06-30 00:00:00', '20', 'Excellent', 'Single family', '2008', '2500', '4', '3', 'Wood Frame', 'Asphalt Shingle', 'Concrete Slab', 'Brick', 'Attached', '1', 'Unknown', '0', 'No', 'No', 'No', NULL, 'No', 'No', 'No', 'No', 'No', 'No', 'No', 'Yes', 'Farmers Insurance', '150000', '0', '300000', '500', '2', '2019-03-01 00:00:00', '11907 Briarpath St. S', 'SAN ANTONIO', 'TX', '78249', 'Primary Residence', '0', '0', '0', 0, 1, NULL, NULL, NULL),
	(214, 'Jerron', 'Dunn', '5202557334', NULL, 'Jerron.dunn17@gmail.com', '1945A austin rd', 'FORT BLISS', 'TX', '79916', 'Male', '1990-09-28 00:00:00', '29', 'Excellent', 'Single family', '2002', '3500', '4', '2', 'Wood Frame', 'Asphalt Shingle', 'Concrete Slab', 'Brick', 'Detached', '1', 'Unknown', '0', 'No', 'No', 'No', NULL, 'No', 'No', 'No', 'No', 'No', 'No', 'No', 'Yes', 'Liberty Mutual', '150000', '0', '300000', '500', '2', '2019-03-01 00:00:00', '1945A austin rd', 'FORT BLISS', 'TX', '79916', 'Primary Residence', '0', '0', '0', 0, 1, NULL, NULL, NULL),
	(215, 'Jay', 'Anderson', '7134082527', NULL, 'janderson19886@gmail.com', '12602 British knoll ct', 'HOUSTON', 'TX', '77014', 'Male', '1988-03-22 00:00:00', '31', 'Excellent', 'Other', '2000', '900', '2', '1', 'Wood Frame', 'Asphalt Shingle', 'Concrete Slab', 'Brick', 'None', '1', 'Unknown', '0', 'No', 'No', 'No', NULL, 'No', 'No', 'No', 'No', 'No', 'No', 'No', 'No', NULL, '150000', '0', '300000', '500', 'Less Than 1', '0000-00-00', '12602 British knoll ct', 'HOUSTON', 'TX', '77014', 'Primary Residence', '0', '0', '0', 0, 1, NULL, NULL, NULL),
	(216, 'Raquel', 'Gonzales', '8176573700', NULL, 'Vgonzales051798@gmail.com', '2317 wyatt ct', 'FORT WORTH', 'TX', '76119', 'Male', '1970-03-05 00:00:00', '49', 'Excellent', 'Other', '2018', '2500', '2', '2', 'Wood Frame', 'Asphalt Shingle', 'Concrete Slab', 'Brick', 'Attached', '2', 'Unknown', '0', 'No', 'No', 'No', NULL, 'No', 'No', 'No', 'No', 'No', 'No', 'No', 'Yes', 'Geico', '150000', '0', '300000', '500', '2', '2019-03-01 00:00:00', '2317 wyatt ct', 'FORT WORTH', 'TX', '76119', 'Primary Residence', '0', '0', '0', 0, 1, NULL, NULL, NULL),
	(217, 'Jose', 'Gonzalez', '9562061319', NULL, 'Jose5@gmail.com', '10706 international blvd 141', 'LAREDO', 'TX', '78045', 'Male', '1976-01-16 00:00:00', '44', 'Excellent', 'Townhome', '2007', '1500', '2', '1', 'Wood Frame', 'Asphalt Shingle', 'Concrete Slab', 'Brick', 'Detached', '1', 'Unknown', '0', 'No', 'No', 'No', NULL, 'No', 'No', 'No', 'No', 'No', 'No', 'No', 'Yes', 'USAA', '150000', '0', '300000', '500', '2', '2019-03-01 00:00:00', '10706 international blvd 141', 'LAREDO', 'TX', '78045', 'Primary Residence', '0', '0', '0', 0, 1, NULL, NULL, NULL),
	(218, 'Carolyn', 'Thompson', '8063885966', NULL, 'Cthompson1948@yahoo.com', '2606 El Paso St', 'PLAINVIEW', 'TX', '79072', 'Male', '1948-12-12 00:00:00', '71', 'Excellent', 'Single family', '2001', '5000', '6', '3', 'Wood Frame', 'Asphalt Shingle', 'Concrete Slab', 'Brick', 'Detached', '2', 'Unknown', '0', 'No', 'No', 'No', NULL, 'No', 'No', 'No', 'No', 'No', 'No', 'No', 'Yes', 'Farmers Insurance', '150000', '0', '300000', '500', '2', '2019-03-01 00:00:00', '2606 El Paso St', 'PLAINVIEW', 'TX', '79072', 'Primary Residence', '0', '0', '0', 0, 1, NULL, NULL, NULL),
	(219, 'Eloy', 'Ortega, Jr.', '2107603904', NULL, 'eloyortega83@gmail.com', '115 Red Bird Ln.', 'BOERNE', 'TX', '78006', 'Male', '1973-09-18 00:00:00', '46', 'Excellent', 'Duplex', '1999', '1500', '3', '2', 'Wood Frame', 'Asphalt Shingle', 'Concrete Slab', 'Brick', 'Attached', '1', 'Unknown', '0', 'No', 'No', 'No', NULL, 'No', 'No', 'No', 'No', 'No', 'No', 'No', 'Yes', 'American Family Insurance', '150000', '0', '300000', '500', '2', '2019-03-01 00:00:00', '115 Red Bird Ln.', 'BOERNE', 'TX', '78006', 'Primary Residence', '0', '0', '0', 0, 1, NULL, NULL, NULL),
	(220, 'Paul', 'Pruitt', '5124841150', NULL, 'Paul.d.pruitt@att.net', '8604 Cobblestone', 'AUSTIN', 'TX', '78735', 'Male', '1964-11-09 00:00:00', '55', 'Excellent', 'Duplex', '2007', '2500', '2', '2', 'Wood Frame', 'Asphalt Shingle', 'Concrete Slab', 'Brick', 'Attached', '1', 'Unknown', '0', 'No', 'No', 'No', NULL, 'No', 'No', 'No', 'No', 'No', 'No', 'No', 'Yes', 'State Farm', '150000', '0', '300000', '500', '2', '2019-03-01 00:00:00', '8604 Cobblestone', 'AUSTIN', 'TX', '78735', 'Primary Residence', '0', '0', '0', 0, 1, NULL, NULL, NULL),
	(221, 'Gregory', 'McIntosh', '5129647787', NULL, 'gcmcntsh@gmail.com', '12342 hunters chase dr', 'AUSTIN', 'TX', '78729', 'Male', '1987-07-07 00:00:00', '32', 'Excellent', 'Other', '2018', '1000', '2', '1', 'Wood Frame', 'Asphalt Shingle', 'Concrete Slab', 'Brick', 'Attached', '1', 'Unknown', '0', 'No', 'No', 'No', NULL, 'No', 'No', 'No', 'No', 'No', 'No', 'No', 'Yes', 'Liberty Mutual', '150000', '0', '300000', '500', '2', '2019-03-01 00:00:00', '12342 hunters chase dr', 'AUSTIN', 'TX', '78729', 'Primary Residence', '0', '0', '0', 0, 1, NULL, NULL, NULL),
	(222, 'Ahmed', 'Fatani', '8324686334', NULL, 'Ahmedraza_fatani@yahoo.com', '6500 Dunlap st. Apt 367', 'HOUSTON', 'TX', '77074', 'Male', '1995-05-30 00:00:00', '24', 'Excellent', 'Single family', '2001', '2500', '2', '1', 'Wood Frame', 'Asphalt Shingle', 'Concrete Slab', 'Brick', 'Attached', '1', 'Unknown', '0', 'No', 'No', 'No', NULL, 'No', 'No', 'No', 'No', 'No', 'No', 'No', 'Yes', 'Amica', '150000', '0', '300000', '500', '2', '2019-03-01 00:00:00', '6500 Dunlap st. Apt 367', 'HOUSTON', 'TX', '77074', 'Primary Residence', '0', '0', '0', 0, 1, NULL, NULL, NULL),
	(223, 'Bobby', 'Joslin', '8175006985', NULL, 'sgtjaws11@yahoo.com', '7408 davis blvd unit b', 'NORTH RICHLAND HILLS', 'TX', '76182', 'Male', '1965-06-01 01:00:00', '54', 'Excellent', 'Single family', '2001', '3500', '5', '3', 'Wood Frame', 'Asphalt Shingle', 'Concrete Slab', 'Brick', 'Detached', '1', 'Unknown', '0', 'No', 'No', 'No', NULL, 'No', 'No', 'No', 'No', 'No', 'No', 'No', 'Yes', 'State Farm', '150000', '0', '300000', '500', '2', '2019-03-01 00:00:00', '7408 davis blvd unit b', 'NORTH RICHLAND HILLS', 'TX', '76182', 'Primary Residence', '0', '0', '0', 0, 1, NULL, NULL, NULL),
	(224, 'Eloy', 'Hernandez', '8063193201', NULL, 'Eloy.hernande@gmail.com', '3901 100th St', 'LUBBOCK', 'TX', '79423', 'Male', '1961-01-16 00:00:00', '59', 'Excellent', 'Townhome', '1999', '2500', '2', '2', 'Wood Frame', 'Asphalt Shingle', 'Concrete Slab', 'Brick', 'Attached', '1', 'Unknown', '0', 'No', 'No', 'No', NULL, 'No', 'No', 'No', 'No', 'No', 'No', 'No', 'Yes', 'Erie Insurance Company', '150000', '0', '300000', '500', '2', '2019-03-01 00:00:00', '3901 100th St', 'LUBBOCK', 'TX', '79423', 'Primary Residence', '0', '0', '0', 0, 1, NULL, NULL, NULL),
	(225, 'Obula', 'Kanala', '9193817978', NULL, 'kanala608@gmail.com', '9505 valley van parkway E', 'IRVING', 'TX', '75063', 'Male', '1987-05-25 00:00:00', '32', 'Excellent', 'Single family', '2017', '2500', '2', '2', 'Wood Frame', 'Asphalt Shingle', 'Concrete Slab', 'Brick', 'Attached', '2', 'Unknown', '0', 'No', 'No', 'No', NULL, 'No', 'No', 'No', 'No', 'No', 'No', 'No', 'Yes', 'Geico', '150000', '0', '300000', '500', '2', '2019-03-01 00:00:00', '9505 valley van parkway E', 'IRVING', 'TX', '75063', 'Primary Residence', '0', '0', '0', 0, 1, NULL, NULL, NULL),
	(226, 'Michael', 'Broussard', '4096783190', NULL, 'michaelbroussard64@yahoo.com', '2955 19th St', 'BEAUMONT', 'TX', '77706', 'Male', '1990-09-10 00:00:00', '29', 'Good', 'Other', '2018', '1500', '1', '2', 'Wood Frame', 'Asphalt Shingle', 'Concrete Slab', 'Brick', 'Attached', '2', 'Unknown', '0', 'No', 'No', 'No', NULL, 'No', 'No', 'No', 'No', 'No', 'No', 'No', 'Yes', 'Country Insurance and Financial Services', '150000', '0', '300000', '500', '2', '2019-03-01 00:00:00', '2955 19th St', 'BEAUMONT', 'TX', '77706', 'Primary Residence', '0', '0', '0', 0, 1, NULL, NULL, NULL),
	(227, 'Rosie', 'Peavy', '8325943925', NULL, 'rosiepeavy72@gmail.com', '340 pine s st', 'FRESNO', 'TX', '77545', 'Male', '1998-07-03 00:00:00', '21', 'Excellent', 'Mobile Home', '2017', '3500', '5', '2', 'Wood Frame', 'Asphalt Shingle', 'Concrete Slab', 'Brick', 'Detached', '3', 'Unknown', '0', 'No', 'No', 'No', NULL, 'No', 'No', 'No', 'No', 'No', 'No', 'No', 'Yes', 'Allstate Insurance', '150000', '0', '300000', '500', '4', '2019-10-01 00:00:00', '340 pine s st', 'FRESNO', 'TX', '77545', 'Primary Residence', '0', '0', '0', 0, 1, NULL, NULL, NULL),
	(228, 'Anne', 'West', '9407991600', NULL, 'superkwest@aol.com', '611 cain st', 'LAKE DALLAS', 'TX', '75065', 'Male', '1975-07-18 00:00:00', '44', 'Good', 'Duplex', '2014', '900', '2', '2', 'Wood Frame', 'Asphalt Shingle', 'Concrete Slab', 'Brick', 'Attached', '2', 'Unknown', '0', 'No', 'No', 'No', NULL, 'No', 'No', 'No', 'No', 'No', 'No', 'No', 'Yes', 'Erie Insurance Company', '100000', '0', '100000', '500', '2', '2019-03-01 00:00:00', '611 cain st', 'LAKE DALLAS', 'TX', '75065', 'Primary Residence', '0', '0', '0', 0, 1, NULL, NULL, NULL),
	(229, 'Charles', 'Cupp', '5126986333', NULL, 'Buzzcupp@gmail.com', '10216 Missel Thrush Drive', 'AUSTIN', 'TX', '78750', 'Male', '1951-03-25 00:00:00', '68', 'Excellent', 'Single family', '2002', '2500', '2', '2', 'Wood Frame', 'Asphalt Shingle', 'Concrete Slab', 'Brick', 'Attached', '1', 'Unknown', '0', 'No', 'No', 'No', NULL, 'No', 'No', 'No', 'No', 'No', 'No', 'No', 'Yes', 'USAA', '150000', '0', '300000', '500', '2', '2019-03-01 00:00:00', '10216 Missel Thrush Drive', 'AUSTIN', 'TX', '78750', 'Primary Residence', '0', '0', '0', 0, 1, NULL, NULL, NULL),
	(230, 'ConstanceAkwen', 'Akwen', '8177848266', NULL, 'cakwen@yahoo.com', '2200 Delaford Dr', 'ARLINGTON', 'TX', '76017', 'Male', '1984-05-13 00:00:00', '35', 'Poor', 'Condominium', '2017', '1500', '2', '3', 'Wood Frame', 'Asphalt Shingle', 'Concrete Slab', 'Brick', 'Detached', '2', 'Unknown', '0', 'No', 'No', 'No', NULL, 'No', 'No', 'No', 'No', 'No', 'No', 'No', 'Yes', 'Allied', '150000', '0', '300000', '500', '2', '2019-03-01 00:00:00', '2200 Delaford Dr', 'ARLINGTON', 'TX', '76017', 'Primary Residence', '0', '0', '0', 0, 1, NULL, NULL, NULL),
	(231, 'MICHAEL', 'MCBRIDE', '9407614765', NULL, 'MCBRIDE633@comcast.net', '2020 SANTA FE ST APT 42', 'WICHITA FALLS', 'TX', '76309', 'Male', '1965-01-27 00:00:00', '55', 'Excellent', 'Single family', '2008', '2500', '4', '3', 'Wood Frame', 'Asphalt Shingle', 'Concrete Slab', 'Brick', 'Attached', '1', 'Unknown', '0', 'No', 'No', 'No', NULL, 'No', 'No', 'No', 'No', 'No', 'No', 'No', 'Yes', 'State Farm', '150000', '0', '300000', '500', '2', '2019-03-01 00:00:00', '2020 SANTA FE ST APT 42', 'WICHITA FALLS', 'TX', '76309', 'Primary Residence', '0', '0', '0', 0, 1, NULL, NULL, NULL),
	(232, 'William', 'Cook', '8063356616', NULL, 'Cook6@gmail.com', '2608nw9th and mcmaster', 'AMARILLO', 'TX', '79106', 'Male', '1987-06-11 00:00:00', '32', 'Excellent', 'Duplex', '2014', '3500', '6', '3', 'Wood Frame', 'Asphalt Shingle', 'Concrete Slab', 'Brick', 'Attached', '1', 'Unknown', '0', 'No', 'No', 'No', NULL, 'No', 'No', 'No', 'No', 'No', 'No', 'No', 'Yes', 'Country Insurance and Financial Services', '150000', '0', '300000', '500', '2', '2019-03-01 00:00:00', '2608nw9th and mcmaster', 'AMARILLO', 'TX', '79106', 'Primary Residence', '0', '0', '0', 0, 1, NULL, NULL, NULL),
	(233, 'ROBBY', 'STEPTOE', '4098387907', NULL, 'rlynn@twjunction.com', '3085 HWY 12', 'VIDOR', 'TX', '77662', 'Male', '1984-09-08 00:00:00', '35', 'Excellent', 'Townhome', '2010', '2500', '2', '2', 'Wood Frame', 'Asphalt Shingle', 'Concrete Slab', 'Brick', 'Detached', '1', 'Unknown', '0', 'No', 'No', 'No', NULL, 'No', 'No', 'No', 'No', 'No', 'No', 'No', 'Yes', 'The Hartford', '150000', '0', '300000', '500', '2', '2019-03-01 00:00:00', '3085 HWY 12', 'VIDOR', 'TX', '77662', 'Primary Residence', '0', '0', '0', 0, 1, NULL, NULL, NULL),
	(234, 'CAROLYN', 'RICHARDSON', '7136948087', NULL, 'rltorsue1@aol.com', '150 WEATHERLY WAY, 77022', 'HOUSTON', 'TX', '77022', 'Male', '1929-07-07 00:00:00', '90', 'Excellent', 'Single family', '1967', '1500', '3', '2', 'Wood Frame', 'Asphalt Shingle', 'Concrete Slab', 'Brick', 'Attached', '1', 'Unknown', '0', 'No', 'No', 'No', NULL, 'No', 'No', 'No', 'No', 'No', 'No', 'No', 'Yes', 'Carrier Not Listed', '150000', '0', '300000', '500', '2', '2019-03-01 00:00:00', '150 WEATHERLY WAY, 77022', 'HOUSTON', 'TX', '77022', 'Primary Residence', '0', '0', '0', 0, 1, NULL, NULL, NULL),
	(235, 'Refugio', 'Morales', '9565991464', NULL, 'Refugio.morales@yahoo.com', '414 salinas dr', 'SULLIVAN CITY', 'TX', '78595', 'Male', '1994-09-20 00:00:00', '25', 'Excellent', 'Townhome', '2010', '3500', '3', '2', 'Wood Frame', 'Asphalt Shingle', 'Concrete Slab', 'Brick', 'Attached', '2', 'Unknown', '0', 'No', 'No', 'No', NULL, 'No', 'No', 'No', 'No', 'No', 'No', 'No', 'Yes', 'Liberty Mutual', '150000', '0', '300000', '500', '2', '2019-03-01 00:00:00', '414 salinas dr', 'SULLIVAN CITY', 'TX', '78595', 'Primary Residence', '0', '0', '0', 0, 1, NULL, NULL, NULL),
	(236, 'Errol', 'Hawthorne', '2543792135', NULL, 'Rayhawthorne@yahoo.com', '1914 Ethel Av', 'WACO', 'TX', '76707', 'Male', '1969-09-09 00:00:00', '50', 'Excellent', 'Townhome', '2008', '3500', '2', '1', 'Wood Frame', 'Asphalt Shingle', 'Concrete Slab', 'Brick', 'Detached', '2', 'Unknown', '0', 'No', 'No', 'No', NULL, 'No', 'No', 'No', 'No', 'No', 'No', 'No', 'Yes', 'AAA Insurance Co.', '150000', '0', '300000', '500', '2', '2019-03-01 00:00:00', '1914 Ethel Av', 'WACO', 'TX', '76707', 'Primary Residence', '0', '0', '0', 0, 1, NULL, NULL, NULL),
	(237, 'Rachel', 'Pfeiffer', '2105016475', NULL, 'Brianrachelpfeiffer@gmail.com', '11907 Briarpath St. S', 'SAN ANTONIO', 'TX', '78249', 'Male', '1999-06-30 00:00:00', '20', 'Excellent', 'Single family', '2008', '2500', '4', '3', 'Wood Frame', 'Asphalt Shingle', 'Concrete Slab', 'Brick', 'Attached', '1', 'Unknown', '0', 'No', 'No', 'No', NULL, 'No', 'No', 'No', 'No', 'No', 'No', 'No', 'Yes', 'Farmers Insurance', '150000', '0', '300000', '500', '2', '2019-03-01 00:00:00', '11907 Briarpath St. S', 'SAN ANTONIO', 'TX', '78249', 'Primary Residence', '0', '0', '0', 0, 1, NULL, NULL, NULL),
	(238, 'Jerron', 'Dunn', '5202557334', NULL, 'Jerron.dunn17@gmail.com', '1945A austin rd', 'FORT BLISS', 'TX', '79916', 'Male', '1990-09-28 00:00:00', '29', 'Excellent', 'Single family', '2002', '3500', '4', '2', 'Wood Frame', 'Asphalt Shingle', 'Concrete Slab', 'Brick', 'Detached', '1', 'Unknown', '0', 'No', 'No', 'No', NULL, 'No', 'No', 'No', 'No', 'No', 'No', 'No', 'Yes', 'Liberty Mutual', '150000', '0', '300000', '500', '2', '2019-03-01 00:00:00', '1945A austin rd', 'FORT BLISS', 'TX', '79916', 'Primary Residence', '0', '0', '0', 0, 1, NULL, NULL, NULL),
	(239, 'Jay', 'Anderson', '7134082527', NULL, 'janderson19886@gmail.com', '12602 British knoll ct', 'HOUSTON', 'TX', '77014', 'Male', '1988-03-22 00:00:00', '31', 'Excellent', 'Other', '2000', '900', '2', '1', 'Wood Frame', 'Asphalt Shingle', 'Concrete Slab', 'Brick', 'None', '1', 'Unknown', '0', 'No', 'No', 'No', NULL, 'No', 'No', 'No', 'No', 'No', 'No', 'No', 'No', NULL, '150000', '0', '300000', '500', 'Less Than 1', '0000-00-00', '12602 British knoll ct', 'HOUSTON', 'TX', '77014', 'Primary Residence', '0', '0', '0', 0, 1, NULL, NULL, NULL),
	(240, 'Raquel', 'Gonzales', '8176573700', NULL, 'Vgonzales051798@gmail.com', '2317 wyatt ct', 'FORT WORTH', 'TX', '76119', 'Male', '1970-03-05 00:00:00', '49', 'Excellent', 'Other', '2018', '2500', '2', '2', 'Wood Frame', 'Asphalt Shingle', 'Concrete Slab', 'Brick', 'Attached', '2', 'Unknown', '0', 'No', 'No', 'No', NULL, 'No', 'No', 'No', 'No', 'No', 'No', 'No', 'Yes', 'Geico', '150000', '0', '300000', '500', '2', '2019-03-01 00:00:00', '2317 wyatt ct', 'FORT WORTH', 'TX', '76119', 'Primary Residence', '0', '0', '0', 0, 1, NULL, NULL, NULL),
	(241, 'Jose', 'Gonzalez', '9562061319', NULL, 'Jose5@gmail.com', '10706 international blvd 141', 'LAREDO', 'TX', '78045', 'Male', '1976-01-16 00:00:00', '44', 'Excellent', 'Townhome', '2007', '1500', '2', '1', 'Wood Frame', 'Asphalt Shingle', 'Concrete Slab', 'Brick', 'Detached', '1', 'Unknown', '0', 'No', 'No', 'No', NULL, 'No', 'No', 'No', 'No', 'No', 'No', 'No', 'Yes', 'USAA', '150000', '0', '300000', '500', '2', '2019-03-01 00:00:00', '10706 international blvd 141', 'LAREDO', 'TX', '78045', 'Primary Residence', '0', '0', '0', 0, 1, NULL, NULL, NULL),
	(242, 'Carolyn', 'Thompson', '8063885966', NULL, 'Cthompson1948@yahoo.com', '2606 El Paso St', 'PLAINVIEW', 'TX', '79072', 'Male', '1948-12-12 00:00:00', '71', 'Excellent', 'Single family', '2001', '5000', '6', '3', 'Wood Frame', 'Asphalt Shingle', 'Concrete Slab', 'Brick', 'Detached', '2', 'Unknown', '0', 'No', 'No', 'No', NULL, 'No', 'No', 'No', 'No', 'No', 'No', 'No', 'Yes', 'Farmers Insurance', '150000', '0', '300000', '500', '2', '2019-03-01 00:00:00', '2606 El Paso St', 'PLAINVIEW', 'TX', '79072', 'Primary Residence', '0', '0', '0', 0, 1, NULL, NULL, NULL),
	(243, 'Eloy', 'Ortega, Jr.', '2107603904', NULL, 'eloyortega83@gmail.com', '115 Red Bird Ln.', 'BOERNE', 'TX', '78006', 'Male', '1973-09-18 00:00:00', '46', 'Excellent', 'Duplex', '1999', '1500', '3', '2', 'Wood Frame', 'Asphalt Shingle', 'Concrete Slab', 'Brick', 'Attached', '1', 'Unknown', '0', 'No', 'No', 'No', NULL, 'No', 'No', 'No', 'No', 'No', 'No', 'No', 'Yes', 'American Family Insurance', '150000', '0', '300000', '500', '2', '2019-03-01 00:00:00', '115 Red Bird Ln.', 'BOERNE', 'TX', '78006', 'Primary Residence', '0', '0', '0', 0, 1, NULL, NULL, NULL),
	(244, 'Paul', 'Pruitt', '5124841150', NULL, 'Paul.d.pruitt@att.net', '8604 Cobblestone', 'AUSTIN', 'TX', '78735', 'Male', '1964-11-09 00:00:00', '55', 'Excellent', 'Duplex', '2007', '2500', '2', '2', 'Wood Frame', 'Asphalt Shingle', 'Concrete Slab', 'Brick', 'Attached', '1', 'Unknown', '0', 'No', 'No', 'No', NULL, 'No', 'No', 'No', 'No', 'No', 'No', 'No', 'Yes', 'State Farm', '150000', '0', '300000', '500', '2', '2019-03-01 00:00:00', '8604 Cobblestone', 'AUSTIN', 'TX', '78735', 'Primary Residence', '0', '0', '0', 0, 1, NULL, NULL, NULL),
	(245, 'Gregory', 'McIntosh', '5129647787', NULL, 'gcmcntsh@gmail.com', '12342 hunters chase dr', 'AUSTIN', 'TX', '78729', 'Male', '1987-07-07 00:00:00', '32', 'Excellent', 'Other', '2018', '1000', '2', '1', 'Wood Frame', 'Asphalt Shingle', 'Concrete Slab', 'Brick', 'Attached', '1', 'Unknown', '0', 'No', 'No', 'No', NULL, 'No', 'No', 'No', 'No', 'No', 'No', 'No', 'Yes', 'Liberty Mutual', '150000', '0', '300000', '500', '2', '2019-03-01 00:00:00', '12342 hunters chase dr', 'AUSTIN', 'TX', '78729', 'Primary Residence', '0', '0', '0', 0, 1, NULL, NULL, NULL),
	(246, 'Ahmed', 'Fatani', '8324686334', NULL, 'Ahmedraza_fatani@yahoo.com', '6500 Dunlap st. Apt 367', 'HOUSTON', 'TX', '77074', 'Male', '1995-05-30 00:00:00', '24', 'Excellent', 'Single family', '2001', '2500', '2', '1', 'Wood Frame', 'Asphalt Shingle', 'Concrete Slab', 'Brick', 'Attached', '1', 'Unknown', '0', 'No', 'No', 'No', NULL, 'No', 'No', 'No', 'No', 'No', 'No', 'No', 'Yes', 'Amica', '150000', '0', '300000', '500', '2', '2019-03-01 00:00:00', '6500 Dunlap st. Apt 367', 'HOUSTON', 'TX', '77074', 'Primary Residence', '0', '0', '0', 0, 1, NULL, NULL, NULL),
	(247, 'Bobby', 'Joslin', '8175006985', NULL, 'sgtjaws11@yahoo.com', '7408 davis blvd unit b', 'NORTH RICHLAND HILLS', 'TX', '76182', 'Male', '1965-06-01 01:00:00', '54', 'Excellent', 'Single family', '2001', '3500', '5', '3', 'Wood Frame', 'Asphalt Shingle', 'Concrete Slab', 'Brick', 'Detached', '1', 'Unknown', '0', 'No', 'No', 'No', NULL, 'No', 'No', 'No', 'No', 'No', 'No', 'No', 'Yes', 'State Farm', '150000', '0', '300000', '500', '2', '2019-03-01 00:00:00', '7408 davis blvd unit b', 'NORTH RICHLAND HILLS', 'TX', '76182', 'Primary Residence', '0', '0', '0', 0, 1, NULL, NULL, NULL),
	(248, 'Eloy', 'Hernandez', '8063193201', NULL, 'Eloy.hernande@gmail.com', '3901 100th St', 'LUBBOCK', 'TX', '79423', 'Male', '1961-01-16 00:00:00', '59', 'Excellent', 'Townhome', '1999', '2500', '2', '2', 'Wood Frame', 'Asphalt Shingle', 'Concrete Slab', 'Brick', 'Attached', '1', 'Unknown', '0', 'No', 'No', 'No', NULL, 'No', 'No', 'No', 'No', 'No', 'No', 'No', 'Yes', 'Erie Insurance Company', '150000', '0', '300000', '500', '2', '2019-03-01 00:00:00', '3901 100th St', 'LUBBOCK', 'TX', '79423', 'Primary Residence', '0', '0', '0', 0, 1, NULL, NULL, NULL),
	(249, 'Obula', 'Kanala', '9193817978', NULL, 'kanala608@gmail.com', '9505 valley van parkway E', 'IRVING', 'TX', '75063', 'Male', '1987-05-25 00:00:00', '32', 'Excellent', 'Single family', '2017', '2500', '2', '2', 'Wood Frame', 'Asphalt Shingle', 'Concrete Slab', 'Brick', 'Attached', '2', 'Unknown', '0', 'No', 'No', 'No', NULL, 'No', 'No', 'No', 'No', 'No', 'No', 'No', 'Yes', 'Geico', '150000', '0', '300000', '500', '2', '2019-03-01 00:00:00', '9505 valley van parkway E', 'IRVING', 'TX', '75063', 'Primary Residence', '0', '0', '0', 0, 1, NULL, NULL, NULL),
	(250, 'Michael', 'Broussard', '4096783190', NULL, 'michaelbroussard64@yahoo.com', '2955 19th St', 'BEAUMONT', 'TX', '77706', 'Male', '1990-09-10 00:00:00', '29', 'Good', 'Other', '2018', '1500', '1', '2', 'Wood Frame', 'Asphalt Shingle', 'Concrete Slab', 'Brick', 'Attached', '2', 'Unknown', '0', 'No', 'No', 'No', NULL, 'No', 'No', 'No', 'No', 'No', 'No', 'No', 'Yes', 'Country Insurance and Financial Services', '150000', '0', '300000', '500', '2', '2019-03-01 00:00:00', '2955 19th St', 'BEAUMONT', 'TX', '77706', 'Primary Residence', '0', '0', '0', 0, 1, NULL, NULL, NULL),
	(251, 'Rosie', 'Peavy', '8325943925', NULL, 'rosiepeavy72@gmail.com', '340 pine s st', 'FRESNO', 'TX', '77545', 'Male', '1998-07-03 00:00:00', '21', 'Excellent', 'Mobile Home', '2017', '3500', '5', '2', 'Wood Frame', 'Asphalt Shingle', 'Concrete Slab', 'Brick', 'Detached', '3', 'Unknown', '0', 'No', 'No', 'No', NULL, 'No', 'No', 'No', 'No', 'No', 'No', 'No', 'Yes', 'Allstate Insurance', '150000', '0', '300000', '500', '4', '2019-10-01 00:00:00', '340 pine s st', 'FRESNO', 'TX', '77545', 'Primary Residence', '0', '0', '0', 0, 1, NULL, NULL, NULL),
	(252, 'Anne', 'West', '9407991600', NULL, 'superkwest@aol.com', '611 cain st', 'LAKE DALLAS', 'TX', '75065', 'Male', '1975-07-18 00:00:00', '44', 'Good', 'Duplex', '2014', '900', '2', '2', 'Wood Frame', 'Asphalt Shingle', 'Concrete Slab', 'Brick', 'Attached', '2', 'Unknown', '0', 'No', 'No', 'No', NULL, 'No', 'No', 'No', 'No', 'No', 'No', 'No', 'Yes', 'Erie Insurance Company', '100000', '0', '100000', '500', '2', '2019-03-01 00:00:00', '611 cain st', 'LAKE DALLAS', 'TX', '75065', 'Primary Residence', '0', '0', '0', 0, 1, NULL, NULL, NULL),
	(253, 'Charles', 'Cupp', '5126986333', NULL, 'Buzzcupp@gmail.com', '10216 Missel Thrush Drive', 'AUSTIN', 'TX', '78750', 'Male', '1951-03-25 00:00:00', '68', 'Excellent', 'Single family', '2002', '2500', '2', '2', 'Wood Frame', 'Asphalt Shingle', 'Concrete Slab', 'Brick', 'Attached', '1', 'Unknown', '0', 'No', 'No', 'No', NULL, 'No', 'No', 'No', 'No', 'No', 'No', 'No', 'Yes', 'USAA', '150000', '0', '300000', '500', '2', '2019-03-01 00:00:00', '10216 Missel Thrush Drive', 'AUSTIN', 'TX', '78750', 'Primary Residence', '0', '0', '0', 0, 1, NULL, NULL, NULL),
	(254, 'ConstanceAkwen', 'Akwen', '8177848266', NULL, 'cakwen@yahoo.com', '2200 Delaford Dr', 'ARLINGTON', 'TX', '76017', 'Male', '1984-05-13 00:00:00', '35', 'Poor', 'Condominium', '2017', '1500', '2', '3', 'Wood Frame', 'Asphalt Shingle', 'Concrete Slab', 'Brick', 'Detached', '2', 'Unknown', '0', 'No', 'No', 'No', NULL, 'No', 'No', 'No', 'No', 'No', 'No', 'No', 'Yes', 'Allied', '150000', '0', '300000', '500', '2', '2019-03-01 00:00:00', '2200 Delaford Dr', 'ARLINGTON', 'TX', '76017', 'Primary Residence', '0', '0', '0', 0, 1, NULL, NULL, NULL),
	(255, 'MICHAEL', 'MCBRIDE', '9407614765', NULL, 'MCBRIDE633@comcast.net', '2020 SANTA FE ST APT 42', 'WICHITA FALLS', 'TX', '76309', 'Male', '1965-01-27 00:00:00', '55', 'Excellent', 'Single family', '2008', '2500', '4', '3', 'Wood Frame', 'Asphalt Shingle', 'Concrete Slab', 'Brick', 'Attached', '1', 'Unknown', '0', 'No', 'No', 'No', NULL, 'No', 'No', 'No', 'No', 'No', 'No', 'No', 'Yes', 'State Farm', '150000', '0', '300000', '500', '2', '2019-03-01 00:00:00', '2020 SANTA FE ST APT 42', 'WICHITA FALLS', 'TX', '76309', 'Primary Residence', '0', '0', '0', 0, 1, NULL, NULL, NULL),
	(256, 'William', 'Cook', '8063356616', NULL, 'Cook6@gmail.com', '2608nw9th and mcmaster', 'AMARILLO', 'TX', '79106', 'Male', '1987-06-11 00:00:00', '32', 'Excellent', 'Duplex', '2014', '3500', '6', '3', 'Wood Frame', 'Asphalt Shingle', 'Concrete Slab', 'Brick', 'Attached', '1', 'Unknown', '0', 'No', 'No', 'No', NULL, 'No', 'No', 'No', 'No', 'No', 'No', 'No', 'Yes', 'Country Insurance and Financial Services', '150000', '0', '300000', '500', '2', '2019-03-01 00:00:00', '2608nw9th and mcmaster', 'AMARILLO', 'TX', '79106', 'Primary Residence', '0', '0', '0', 0, 1, NULL, NULL, NULL),
	(257, 'ROBBY', 'STEPTOE', '4098387907', NULL, 'rlynn@twjunction.com', '3085 HWY 12', 'VIDOR', 'TX', '77662', 'Male', '1984-09-08 00:00:00', '35', 'Excellent', 'Townhome', '2010', '2500', '2', '2', 'Wood Frame', 'Asphalt Shingle', 'Concrete Slab', 'Brick', 'Detached', '1', 'Unknown', '0', 'No', 'No', 'No', NULL, 'No', 'No', 'No', 'No', 'No', 'No', 'No', 'Yes', 'The Hartford', '150000', '0', '300000', '500', '2', '2019-03-01 00:00:00', '3085 HWY 12', 'VIDOR', 'TX', '77662', 'Primary Residence', '0', '0', '0', 0, 1, NULL, NULL, NULL),
	(258, 'CAROLYN', 'RICHARDSON', '7136948087', NULL, 'rltorsue1@aol.com', '150 WEATHERLY WAY, 77022', 'HOUSTON', 'TX', '77022', 'Male', '1929-07-07 00:00:00', '90', 'Excellent', 'Single family', '1967', '1500', '3', '2', 'Wood Frame', 'Asphalt Shingle', 'Concrete Slab', 'Brick', 'Attached', '1', 'Unknown', '0', 'No', 'No', 'No', NULL, 'No', 'No', 'No', 'No', 'No', 'No', 'No', 'Yes', 'Carrier Not Listed', '150000', '0', '300000', '500', '2', '2019-03-01 00:00:00', '150 WEATHERLY WAY, 77022', 'HOUSTON', 'TX', '77022', 'Primary Residence', '0', '0', '0', 0, 1, NULL, NULL, NULL),
	(259, 'Refugio', 'Morales', '9565991464', NULL, 'Refugio.morales@yahoo.com', '414 salinas dr', 'SULLIVAN CITY', 'TX', '78595', 'Male', '1994-09-20 00:00:00', '25', 'Excellent', 'Townhome', '2010', '3500', '3', '2', 'Wood Frame', 'Asphalt Shingle', 'Concrete Slab', 'Brick', 'Attached', '2', 'Unknown', '0', 'No', 'No', 'No', NULL, 'No', 'No', 'No', 'No', 'No', 'No', 'No', 'Yes', 'Liberty Mutual', '150000', '0', '300000', '500', '2', '2019-03-01 00:00:00', '414 salinas dr', 'SULLIVAN CITY', 'TX', '78595', 'Primary Residence', '0', '0', '0', 0, 1, NULL, NULL, NULL),
	(260, 'Errol', 'Hawthorne', '2543792135', NULL, 'Rayhawthorne@yahoo.com', '1914 Ethel Av', 'WACO', 'TX', '76707', 'Male', '1969-09-09 00:00:00', '50', 'Excellent', 'Townhome', '2008', '3500', '2', '1', 'Wood Frame', 'Asphalt Shingle', 'Concrete Slab', 'Brick', 'Detached', '2', 'Unknown', '0', 'No', 'No', 'No', NULL, 'No', 'No', 'No', 'No', 'No', 'No', 'No', 'Yes', 'AAA Insurance Co.', '150000', '0', '300000', '500', '2', '2019-03-01 00:00:00', '1914 Ethel Av', 'WACO', 'TX', '76707', 'Primary Residence', '0', '0', '0', 0, 1, NULL, NULL, NULL);

-- Dumping structure for table insurehe_iceworm.messages
CREATE TABLE IF NOT EXISTS `messages` (
  `id` int(11) NOT NULL AUTO_INCREMENT,
  `from` int(11) DEFAULT NULL,
  `to` int(11) DEFAULT NULL,
  `read` tinyint(4) DEFAULT NULL,
  `text` text,
  `created_at` timestamp NULL DEFAULT NULL,
  `updated_at` timestamp NULL DEFAULT NULL,
  PRIMARY KEY (`id`)
) ENGINE=InnoDB AUTO_INCREMENT=76 DEFAULT CHARSET=latin1;

-- Dumping data for table insurehe_iceworm.messages: ~75 rows (approximately)
INSERT INTO `messages` (`id`, `from`, `to`, `read`, `text`, `created_at`, `updated_at`) VALUES
	(1, 1, 169, 1, 'gy', '2019-04-23 13:49:44', '2019-04-27 02:13:49'),
	(2, 1, 171, 1, 'dfd', '2019-04-23 13:56:57', '2019-06-15 00:41:37'),
	(3, 1, 169, 1, 'hello', '2019-04-23 14:09:55', '2019-04-27 02:13:49'),
	(4, 169, 1, 1, 'hello admin', '2019-04-23 14:11:00', '2019-04-27 01:38:58'),
	(5, 1, 169, 1, 'oye', '2019-04-23 14:18:28', '2019-04-27 02:13:49'),
	(6, 1, 169, 1, 'hello', '2019-04-23 14:28:17', '2019-04-27 02:13:49'),
	(7, 1, 169, 1, 'dfgdg', '2019-04-23 14:30:06', '2019-04-27 02:13:49'),
	(8, 1, 169, 1, 'fghfgh', '2019-04-23 14:37:31', '2019-04-27 02:13:49'),
	(9, 1, 169, 1, 'hello sohaib', '2019-04-23 14:39:58', '2019-04-27 02:13:49'),
	(10, 1, 169, 1, 'dfsdf', '2019-04-23 14:43:19', '2019-04-27 02:13:49'),
	(11, 1, 169, 1, 'fsdg768', '2019-04-23 14:46:14', '2019-04-27 02:13:49'),
	(12, 1, 169, 1, '5656', '2019-04-23 14:52:07', '2019-04-27 02:13:49'),
	(13, 1, 169, 1, 'oye', '2019-04-23 14:54:25', '2019-04-27 02:13:49'),
	(14, 1, 169, 1, 'fgdfgdfh', '2019-04-23 14:59:16', '2019-04-27 02:13:49'),
	(15, 1, 169, 1, '6tuty', '2019-04-23 15:06:09', '2019-04-27 02:13:49'),
	(16, 1, 169, 1, 'tuygfug', '2019-04-23 15:07:58', '2019-04-27 02:13:49'),
	(17, 1, 169, 1, 'dsf3', '2019-04-23 15:10:57', '2019-04-27 02:13:49'),
	(18, 1, 169, 1, 'hi', '2019-04-23 17:58:50', '2019-04-27 02:13:49'),
	(19, 1, 2, 1, 'hello', '2019-04-27 01:20:17', '2019-06-15 00:52:19'),
	(20, 2, 169, 1, 'hello yousuf', '2019-04-27 02:02:30', '2019-04-27 02:03:23'),
	(21, 2, 1, 1, 'Hello Admin', '2019-06-08 00:19:00', '2019-06-15 00:53:40'),
	(22, 1, 2, 1, 'How are you backend User', '2019-06-08 00:19:14', '2019-06-15 00:52:19'),
	(23, 1, 2, 1, 'Hello', '2019-06-08 00:29:56', '2019-06-15 00:52:19'),
	(24, 1, 171, 1, 'hi aashar?', '2019-06-08 11:58:50', '2019-06-15 00:41:37'),
	(25, 171, 2, 1, 'hi executive', '2019-06-08 12:01:05', '2019-06-12 12:23:30'),
	(26, 2, 171, 1, 'hey how are you?', '2019-06-08 12:02:33', '2019-06-15 00:23:40'),
	(27, 171, 2, 1, 'i am fine.', '2019-06-08 12:04:23', '2019-06-12 12:23:30'),
	(28, 1, 2, 1, 'Cron Job Working', '2019-06-08 14:31:38', '2019-06-15 00:52:19'),
	(29, 2, 1, 1, 'Working From this side', '2019-06-08 14:32:23', '2019-06-15 00:53:40'),
	(30, 171, 2, 1, 'hi exec?', '2019-06-10 12:17:57', '2019-06-12 12:23:30'),
	(31, 2, 171, 1, 'how are you?', '2019-06-10 12:18:18', '2019-06-15 00:23:40'),
	(32, 171, 2, 1, 'this is agent. hi to caller...', '2019-06-10 12:19:00', '2019-06-12 12:23:30'),
	(33, 2, 171, 1, 'this is caller. hi to agent.', '2019-06-10 12:19:21', '2019-06-15 00:23:40'),
	(34, 2, 171, 1, 'hello world.', '2019-06-10 12:19:40', '2019-06-15 00:23:40'),
	(35, 2, 171, 1, 'this is normal window.', '2019-06-10 12:19:50', '2019-06-15 00:23:40'),
	(36, 171, 2, 1, 'well this is incognito.', '2019-06-10 12:19:55', '2019-06-12 12:23:30'),
	(37, 171, 2, 1, 'hello world', '2019-06-11 11:59:31', '2019-06-12 12:23:30'),
	(38, 2, 171, 1, 'hello world 2', '2019-06-11 11:59:47', '2019-06-15 00:23:40'),
	(39, 2, 1, 1, 'Hello User', '2019-06-12 00:03:11', '2019-06-15 00:53:40'),
	(40, 1, 2, 1, 'Hello Admin', '2019-06-12 00:03:38', '2019-06-15 00:52:19'),
	(41, 175, 176, 1, 'hi', '2019-06-12 00:13:27', '2019-06-21 06:54:48'),
	(42, 175, 176, 1, 'hi', '2019-06-12 00:13:41', '2019-06-21 06:54:48'),
	(43, 175, 176, 1, 'test', '2019-06-12 00:16:01', '2019-06-21 06:54:48'),
	(44, 176, 3, NULL, 'hi', '2019-06-12 00:16:19', '2019-06-12 00:16:19'),
	(45, 176, 3, NULL, 'whats up', '2019-06-12 01:36:16', '2019-06-12 01:36:16'),
	(46, 176, 3, NULL, 'where does this message go', '2019-06-12 01:36:23', '2019-06-12 01:36:23'),
	(47, 176, 3, NULL, 'how do i add a user', '2019-06-12 01:36:27', '2019-06-12 01:36:27'),
	(48, 1, 175, NULL, 'hello Asim', '2019-06-12 02:19:29', '2019-06-12 02:19:29'),
	(49, 171, 175, 1, 'HELLO', '2019-06-12 02:22:50', '2019-06-12 02:23:16'),
	(50, 2, 171, 1, 'HELLO', '2019-06-12 02:24:47', '2019-06-15 00:23:40'),
	(51, 2, 171, 1, 'dsdsudfs', '2019-06-12 02:24:50', '2019-06-15 00:23:40'),
	(52, 2, 171, 1, 'ffdsf', '2019-06-12 02:24:51', '2019-06-15 00:23:40'),
	(53, 2, 171, 1, 'fdssd', '2019-06-12 02:24:51', '2019-06-15 00:23:40'),
	(54, 2, 171, 1, 'fdsf', '2019-06-12 02:24:52', '2019-06-15 00:23:40'),
	(55, 2, 171, 1, 'df', '2019-06-12 02:24:53', '2019-06-15 00:23:40'),
	(56, 1, 175, NULL, 'gfgf', '2019-06-12 02:25:57', '2019-06-12 02:25:57'),
	(57, 175, 176, 1, 'hi umer', '2019-06-12 02:33:47', '2019-06-21 06:54:48'),
	(58, 175, 176, 1, 'howdy!', '2019-06-12 23:56:34', '2019-06-21 06:54:48'),
	(59, 175, 176, 1, 'Hello', '2019-06-13 04:32:13', '2019-06-21 06:54:48'),
	(60, 175, 176, 1, 'gkgjkg', '2019-06-13 04:32:38', '2019-06-21 06:54:48'),
	(61, 1, 171, 1, 'Message 1', '2019-06-15 00:21:16', '2019-06-15 00:41:37'),
	(62, 1, 171, 1, 'Message 2', '2019-06-15 00:21:20', '2019-06-15 00:41:37'),
	(63, 171, 1, 1, 'hello admin', '2019-06-15 00:41:45', '2019-06-15 00:42:20'),
	(64, 171, 1, 1, 'how are you ?', '2019-06-15 00:41:50', '2019-06-15 00:42:20'),
	(65, 2, 1, 1, 'Hello Admin', '2019-06-15 00:52:29', '2019-06-15 00:53:40'),
	(66, 2, 1, 1, 'Again', '2019-06-15 00:52:49', '2019-06-15 00:53:40'),
	(67, 2, 176, 1, 'hello umer', '2019-06-16 07:19:11', '2019-06-16 07:20:16'),
	(68, 2, 176, 1, 'how are you?', '2019-06-16 07:19:14', '2019-06-16 07:20:16'),
	(69, 176, 2, NULL, 'i am fine how are you?', '2019-06-16 07:19:45', '2019-06-16 07:19:45'),
	(70, 2, 176, 1, 'good', '2019-06-16 07:19:52', '2019-06-16 07:20:16'),
	(71, 2, 176, 1, 'hello world', '2019-06-16 07:20:13', '2019-06-16 07:20:16'),
	(72, 2, 176, NULL, 'hi', '2019-06-16 07:20:28', '2019-06-16 07:20:28'),
	(73, 175, 176, 1, 'I am sending you a .new lead', '2019-06-21 06:54:42', '2019-06-21 06:54:48'),
	(74, 179, 181, 1, 'Hi I am sending you a lead', '2019-06-25 03:31:55', '2019-06-25 03:32:15'),
	(75, 181, 179, 1, 'OK', '2019-06-25 03:32:20', '2019-06-25 03:34:28');

-- Dumping structure for table insurehe_iceworm.migrations
CREATE TABLE IF NOT EXISTS `migrations` (
  `id` int(10) unsigned NOT NULL AUTO_INCREMENT,
  `migration` varchar(191) COLLATE utf8mb4_unicode_ci NOT NULL,
  `batch` int(11) NOT NULL,
  PRIMARY KEY (`id`)
) ENGINE=InnoDB AUTO_INCREMENT=16 DEFAULT CHARSET=utf8mb4 COLLATE=utf8mb4_unicode_ci;

-- Dumping data for table insurehe_iceworm.migrations: ~9 rows (approximately)
INSERT INTO `migrations` (`id`, `migration`, `batch`) VALUES
	(7, '2014_10_12_000000_create_users_table', 1),
	(8, '2014_10_12_100000_create_password_resets_table', 1),
	(9, '2015_12_28_171741_create_social_logins_table', 1),
	(10, '2015_12_29_015055_setup_access_tables', 1),
	(11, '2016_07_03_062439_create_history_tables', 1),
	(12, '2017_04_04_131153_create_sessions_table', 1),
	(13, '2019_03_20_053042_create_leads_table', 2),
	(14, '2019_04_02_024150_create_messages_table', 3),
	(15, '2019_06_02_064310_create_jobs_table', 4);

-- Dumping structure for table insurehe_iceworm.permissions
CREATE TABLE IF NOT EXISTS `permissions` (
  `id` int(10) unsigned NOT NULL AUTO_INCREMENT,
  `name` varchar(191) COLLATE utf8mb4_unicode_ci NOT NULL,
  `display_name` varchar(191) COLLATE utf8mb4_unicode_ci NOT NULL,
  `created_at` timestamp NULL DEFAULT NULL,
  `updated_at` timestamp NULL DEFAULT NULL,
  PRIMARY KEY (`id`),
  UNIQUE KEY `permissions_name_unique` (`name`)
) ENGINE=InnoDB AUTO_INCREMENT=2 DEFAULT CHARSET=utf8mb4 COLLATE=utf8mb4_unicode_ci;

-- Dumping data for table insurehe_iceworm.permissions: ~0 rows (approximately)
INSERT INTO `permissions` (`id`, `name`, `display_name`, `created_at`, `updated_at`) VALUES
	(1, 'view-backend', 'View Backend', '2017-12-15 13:59:01', '2017-12-15 13:59:01');

-- Dumping structure for table insurehe_iceworm.permission_role
CREATE TABLE IF NOT EXISTS `permission_role` (
  `id` int(10) unsigned NOT NULL AUTO_INCREMENT,
  `permission_id` int(10) unsigned NOT NULL,
  `role_id` int(10) unsigned NOT NULL,
  PRIMARY KEY (`id`),
  KEY `permission_role_permission_id_foreign` (`permission_id`),
  KEY `permission_role_role_id_foreign` (`role_id`),
  CONSTRAINT `permission_role_permission_id_foreign` FOREIGN KEY (`permission_id`) REFERENCES `permissions` (`id`) ON DELETE CASCADE,
  CONSTRAINT `permission_role_role_id_foreign` FOREIGN KEY (`role_id`) REFERENCES `roles` (`id`) ON DELETE CASCADE
) ENGINE=InnoDB AUTO_INCREMENT=4 DEFAULT CHARSET=utf8mb4 COLLATE=utf8mb4_unicode_ci;

-- Dumping data for table insurehe_iceworm.permission_role: ~2 rows (approximately)
INSERT INTO `permission_role` (`id`, `permission_id`, `role_id`) VALUES
	(1, 1, 2),
	(2, 1, 3),
	(3, 1, 4);

-- Dumping structure for table insurehe_iceworm.roles
CREATE TABLE IF NOT EXISTS `roles` (
  `id` int(10) unsigned NOT NULL AUTO_INCREMENT,
  `name` varchar(191) COLLATE utf8mb4_unicode_ci NOT NULL,
  `all` tinyint(1) NOT NULL DEFAULT '0',
  `sort` smallint(5) unsigned NOT NULL DEFAULT '0',
  `created_at` timestamp NULL DEFAULT NULL,
  `updated_at` timestamp NULL DEFAULT NULL,
  PRIMARY KEY (`id`),
  UNIQUE KEY `roles_name_unique` (`name`)
) ENGINE=InnoDB AUTO_INCREMENT=5 DEFAULT CHARSET=utf8mb4 COLLATE=utf8mb4_unicode_ci;

-- Dumping data for table insurehe_iceworm.roles: ~3 rows (approximately)
INSERT INTO `roles` (`id`, `name`, `all`, `sort`, `created_at`, `updated_at`) VALUES
	(1, 'Administrator', 1, 1, '2017-12-15 13:59:00', '2017-12-15 13:59:00'),
	(2, 'Caller', 0, 2, '2017-12-15 13:59:00', '2017-12-15 13:59:00'),
	(3, 'Agent', 0, 3, '2017-12-15 13:59:00', '2018-02-01 05:10:23'),
	(4, 'Agency', 0, 4, '2017-12-15 13:59:00', '2019-06-25 15:37:53');

-- Dumping structure for table insurehe_iceworm.role_user
CREATE TABLE IF NOT EXISTS `role_user` (
  `id` int(10) unsigned NOT NULL AUTO_INCREMENT,
  `user_id` int(10) unsigned NOT NULL,
  `role_id` int(10) unsigned NOT NULL,
  PRIMARY KEY (`id`),
  KEY `role_user_user_id_foreign` (`user_id`),
  KEY `role_user_role_id_foreign` (`role_id`),
  CONSTRAINT `role_user_role_id_foreign` FOREIGN KEY (`role_id`) REFERENCES `roles` (`id`) ON DELETE CASCADE,
  CONSTRAINT `role_user_user_id_foreign` FOREIGN KEY (`user_id`) REFERENCES `users` (`id`) ON DELETE CASCADE
) ENGINE=InnoDB AUTO_INCREMENT=57 DEFAULT CHARSET=utf8mb4 COLLATE=utf8mb4_unicode_ci;

-- Dumping data for table insurehe_iceworm.role_user: ~14 rows (approximately)
INSERT INTO `role_user` (`id`, `user_id`, `role_id`) VALUES
	(1, 1, 1),
	(24, 3, 2),
	(29, 2, 2),
	(37, 169, 3),
	(38, 171, 3),
	(40, 175, 2),
	(41, 176, 3),
	(44, 177, 1),
	(45, 177, 2),
	(46, 177, 3),
	(47, 178, 3),
	(48, 179, 2),
	(49, 180, 1),
	(50, 181, 3),
	(51, 183, 4),
	(53, 185, 3),
	(54, 186, 3),
	(55, 187, 3),
	(56, 188, 3);

-- Dumping structure for table insurehe_iceworm.sessions
CREATE TABLE IF NOT EXISTS `sessions` (
  `id` varchar(191) COLLATE utf8mb4_unicode_ci NOT NULL,
  `user_id` int(10) unsigned DEFAULT NULL,
  `ip_address` varchar(45) COLLATE utf8mb4_unicode_ci DEFAULT NULL,
  `user_agent` text COLLATE utf8mb4_unicode_ci,
  `payload` text COLLATE utf8mb4_unicode_ci NOT NULL,
  `last_activity` int(11) NOT NULL,
  UNIQUE KEY `sessions_id_unique` (`id`)
) ENGINE=InnoDB DEFAULT CHARSET=utf8mb4 COLLATE=utf8mb4_unicode_ci;

-- Dumping data for table insurehe_iceworm.sessions: ~6 rows (approximately)
INSERT INTO `sessions` (`id`, `user_id`, `ip_address`, `user_agent`, `payload`, `last_activity`) VALUES
	('4DFyDD31YLruchFolh3PrKeVCKHZB76Wv2AP90Vs', NULL, '182.185.176.237', 'Mozilla/5.0 (Windows NT 10.0; Win64; x64; rv:58.0) Gecko/20100101 Firefox/58.0', 'ZXlKcGRpSTZJamxUY21wbFltcFFZa1ZaUzNGMVRUVnVWRzFxUVZFOVBTSXNJblpoYkhWbElqb2laV0Z5UjI5TFRHaDVTRE5UUVVNNWRtbFpTMmw0VjNoblpqUjZXREl3T0ZGUVZFWk5jRnd2Tmt0WVRtcE1UV3c0YTBwY0x6UTBkR3RFVFRnelNYcGFLMnREU0hSMVZ6VlNiVXhUZEZwdVIyNTNkM0J5VXpWdFZXMW9iMk5yTm1WQlFqUmFaMXBjTDB4T2Nsd3ZhRGhYV1hwbGRVNVVVV2xtSzJzeE1VaGFjbVV3YkhsVVVuTk9VVk5zVTJ0UVpESXJZbW94UVdKQ05sVkxRVXRtV1dSM01uVXJaamRIUVhsaWJVbG1OR3h5T1Z3dlpVaGtaV1JwVlZ3dk1UQTBkV2hQY1V4NFUwNW1jekp4YzNOMWExRnVUMkpuVDJWd2VEaFpWMHRCYUdwTU1GSjVhSEpMUTFkaE5FOTZURnd2UVdaTk0zZHFURnd2YWs1RGVWQjBYQzlyZDJwek1rRmpVVFEzWEM5Q1RGaHZjRW8wVVRaNFhDOU9kMGtyUjFOQ09GZHROREFyTkVsbmJWaHdlVnd2TlRFMVJFb3pUa05SWTNZM1pGVnpSWEo2V2xsTFRrVTJTR0ZEWnpKVFRGaGxWbXRVVkhwaFQxTm1TbXQyUzBKWVNHbDFOVXBsVW1waVYxd3ZiamxKTkdnd1UzbG9ZbXc0ZVV0UVlqUkNWWHBIVm0weldXdzFlVkppTTNkTU16TjRXRXhXTURVeVZHaDNiRmN5TkVveVRUZGxjbEJMZGsxallWbzJaelIyVUV0d1NUUmxjWEJsTkhsaFJWUk1LekZWZERkemRIVkhOa1J3SzNOYVYzRjFVMm81VEdOeFpEQmNMelJ4ZVRNMlNHcHBNSGMxVkhSU1EwSkxSbEZNTWpkM2RubEhVRFpHWlVwcmRsQXhZV05VV1hSdlNuaEZZMGh4VjBsNU5YaFhaR1JoYzJSMWRFYzJNblJVY0dwNlFVUlBTQ3N6WlZOelYxRTlQU0lzSW0xaFl5STZJbVl4TXpKak1XRmlPRFV5TW1ZME56UTNPVEkyWW1aaVpEZzRZMlppT1RWa01HRmlaV1JqTnpjMVl6WmhPRGxtWmpWbE1qSXlNakUyTkRVME1qUXdNV01pZlE9PQ==', 1519638111),
	('9dD9ilSPhmqUPi7Idm5EgIbaxqjDGWZv7TlMLQMJ', NULL, '124.29.220.250', 'Mozilla/5.0 (Windows NT 10.0; Win64; x64; rv:58.0) Gecko/20100101 Firefox/58.0', 'ZXlKcGRpSTZJa2RpUTBaNlprbG5VR1o1YWpaY0wwRm9lSEZsWEM5YVVUMDlJaXdpZG1Gc2RXVWlPaUpuYlZOQ1dEZ3hha1pRTnpWRFJuWkhjMlZNTUdsWWFVUkdWbEZVWldneWR6STNaWFJvU1ZkVFhDOUNWWFZ5TVVwWmVWQlpkVkpVZEdSNlMySmpXbWRXZDJveVkxcEZOalpKWEM5a2FXSlhPVVl3Y1daSWVUVTFVRFpyWm1GMlIwOXFOVWxoV0c1R05VRkRlSE40Um5ZNGRFUk9hMnQxTVV4V2FGRmlaRGhzV1dWR1UxaGNMMUUxTm5aeU4xaG9aV0ozYWpSSFpVSTBTbHd2TWxRNU1HazNLMnRRY0ZaRFkxTkZOVzVNTm13MmFqTkxSMmNyV1ZaNlMzcENLekZEUzJSamNIUlNZM1F5Y2t4Y0x5czJNM2h3Tm1nd1oxTmxka3h5U0RWbGExUndVV1J4UmxweWVreHJRVkIyTldkVWVEUkJXSGxFZW5KNU16SlBaMWxESzJscVZERTFXVnd2WlhKS2VHOXJhV2QxYVVwM1MyOVhTMEpFU1ZORFV6TkhaVzF6WjA0d1IzY3hTbVJJZEhjNGFVRlRXVXg2TUN0YVJHaDBUbmhoYWs5UGFtaFBTa2hMYld4V2VrazBaSEJ5YkZWRFVIWkNTbkpzUzBGWFVYYzlQU0lzSW0xaFl5STZJak5pWlRZME5ESmxaREU1TkRReU5HRmlOamMyTkRNME1tVmpZVFZtWldZd00yUTJOelpoTTJaaFpqVXlZVFpsTldVeVlUWTBPR1JqWlRoa01UQmxPR0lpZlE9PQ==', 1519638188),
	('Gux0fSuHI8eyO3uJP9ZAU6mIum0LOHF4c1qtoASj', NULL, '124.29.220.250', 'Mozilla/5.0 (Windows NT 10.0; Win64; x64; rv:58.0) Gecko/20100101 Firefox/58.0', 'ZXlKcGRpSTZJbGt5V2t4dmVrSlFaRlZYYzNwSGNIUlpiSFkyZVZFOVBTSXNJblpoYkhWbElqb2lablJ0T1VvelJrRlJSRnd2Um1GeVVHMUpkbkoyWWtSNldXMW9OeXQyWlhVMGRqVlhja3ROUmtkaVVFcE1RbEJTY1VFNVdrNU1hemd5VTFKWFhDOTVZamxSVDNoRVoyWkhRMEZCYWtoVWNHTlZValZpVjJ0Y0x6Qk1VR3hoZERaSlJHeHNXQ3RJVG0xTFlWcFZOR2xNZFdkTlJqZE9kbWhKVTBOcGR6QnBkRWRuUzJ0dFl6aFVNak13TjFGbmFFeFBaVFZVV2tGM1NqQlJTMHRQTlRBNWNWVmNMMVZxTVc1alRVOXdWaXRwYkhSaFQxRnFObFpLWjFWak5XOXZlV3B2U1d0Q2RtUm5VMjAyYm5FNU9XOWljWEJ3T1U1alIyZFpja05wY1cxS1FXRlViV1V6ZEZwM1JsWkxkRGhoTlN0TFJsVjRVMnQxVURjNUsySjJLMk5HZUZOeWMySktNSEJvY1hjNWVFWkRUakJIS3pCTWN6TXhaMmhyVFRSUGNHeE5LM05GZFdaNlExd3ZPRVJjTDBoQ04zTTlJaXdpYldGaklqb2lPREJrWlRNMll6VXlOakl5TjJKa1lXRXpNVE5sTURWbU1URTFNVE01WVRKbVpURXpOMll5TVdFeVpEVXdZalJrTldJNFpqRTJObUV6TldVeU9XWmxOU0o5', 1519638671),
	('HSvPqjqNIjsnTmlv3xEqPzGjEtBGGTDTzqb916mL', NULL, '103.255.4.84', 'Mozilla/5.0 (Windows NT 6.3; Win64; x64; rv:58.0) Gecko/20100101 Firefox/58.0', 'ZXlKcGRpSTZJblpUVkdOSVRtZGNMemM0ZWs5c1VHSkJWRFZPYmxGQlBUMGlMQ0oyWVd4MVpTSTZJbkYzV0hoMFlrVmhhRWczU1dGc01Gb3JObGt5V1VocFp6aFBhSGRyWVdkcU1ESjFlRFpKTmtkRFpHTm9VRk0zVjJ0dVR6ZEdYQzlXVWt0WlUwVXJZM1ZtZG1GT1pFSjVjbEZtZUVwTGNGWmlPR05OVVZ3dmF6WXlObkJWZFhnck1HbDFOMngyZUZBMVoxd3ZVME4wZFhGU2NHWk1lR2RZUlcxeFZYZ3lOWE5STlhSRk1qWmhjWFZ4UWpSUGMyRnlXa2QzVERGaWFscEZTSGRrV1VGb2QyOHlVM0kzYVZCb09GaGxUM0l6SzFSd1RsbDNjRGx1VEdoV1ZuQm5VMlJuU2t3eWRWd3ZSRkF3WlhKNWEzcDVkVVpuY0daelNWQkdWbTVIV1hjcldVeE5kbkZMWkVGMU56VkJOVWRQVTJ4YU5YTnlNSGxNTW5oSFZEVnZRMHROUlZGQ1lXWnVNVXhGU1RsMlpWVjFRMVpHU0VJeldWaFpPRTFzVERFMVVXRkJSVUY0UzJ3Mk1HWlBjVXhLYXpWV2JFZzNTR0pQTVROV0syaENkV1JHUmpaNE1Hc3JPU0lzSW0xaFl5STZJakk1WW1GaE5EbGpNbVl4TnpJek56UmpNV00wTnpKaVpqVXdZelZtTWpaaU5XTXdOV0UxT0RsaE1XTmtZalJpWkRCbFpqQXlOV0UwWTJNd05ERXhZV1VpZlE9PQ==', 1519638779),
	('lbgSOCeG3Xt9icFa4n3UFdO8SM83hnHTDpHXejme', NULL, '86.188.129.1', 'Mozilla/5.0 (Macintosh; Intel Mac OS X 10_13_3) AppleWebKit/537.36 (KHTML, like Gecko) Chrome/64.0.3282.167 Safari/537.36', 'ZXlKcGRpSTZJbGx2Tm1GSlpWd3ZiREJjTDJRM1lXeFlkV3BsT0dReFVUMDlJaXdpZG1Gc2RXVWlPaUpwU0VoVFJURmxka0Y2VjNkTU5YUkVSWGxtYW1GSVJHaHVNRXRIWVZCUWVVTTJZMlZ3WXpodWNIVm5OVUZHUnpOS2VtaHFRVmN5ZDFKQlZrdDBkbFk0V1VKM1ZsbzBabmxsWVV0NlFVZDZORVJJVkZaM1oxRm5NRTV3VTJkeVoyMXBjR3RZV0dOM05UQmFTWFpwUTJZMGR6QnVWMVV6VjFjeFVtVjZNMFkwVG5wc1NXUXpXREY1WldvME5uRlZZbHBuSzFaR1VUVlJPRU41VmpkbmF6SnJOVTkyV1dWRGNsd3ZRMnh1U0hOY0wzTXJNblJZTVZNd2MybElNRmQzVUZaM05YYzNNRk5QUzFjMmRYbEpWVnd2WkV0dGFVTmphek5EZW5aNGFtYzFaREZxTVRsUGFGaHVlREJIYTBKSVZsTmpaMEkxTmxsQ1dGTkRLelV6YUVGMVZ5dEpOMnhJUmxrNVduaHdYQzluYzNFMGFVWmxaRE5HY2s1NWVrUTFTelpqVmpSM01uaE5lakpDU0hKbVJGVTBRVFIzVlhCNU1FNVpaMEl3TmtsaFdWbFNURzBpTENKdFlXTWlPaUptTjJJME1HUmtNR0U1WVRZM01ESmlNVGhoTmpFNVpXUmxNalUzWVRjeFptUTJObVExT1RnNE5HTXhPVE0yTVRjeFkyRTJaR1UwT0RkbFpEQXlOalF6SW4wPQ==', 1519636851),
	('Ty0R3pLyeb4eXKAQZIVsrM4Nu7D3j7a5674SGbP7', NULL, '124.29.220.250', 'Mozilla/5.0 (Windows NT 10.0; Win64; x64; rv:58.0) Gecko/20100101 Firefox/58.0', 'ZXlKcGRpSTZJblY2T1c4NFMxSmpkSGR2VFhGMldVZzNla1JsWW5jOVBTSXNJblpoYkhWbElqb2lhWFJhUkU5MmVVNTZWR0pGWTI5emIwWktkVnd2Tkc5eU9YcHBRakpFTkRGSVVDdGxNVk5KWTFGeFduQmNMMXBDYkZCRE0weEVWRFUxVGpaa1MxVnVjWEZNY0VoVGVGZDRaa1Z2YkZKbmRqSlVRbkE0Wm5KU1dFc3dRbGRTY3pOdk0weExjM1JjTDI1cVlVVnVTQ3RUUWtwUVpGZEhVR2RZUVd0aWRHaHFjVWQzYXpWS05WQk5hblpLY20xWlUxVTVja0UyY25oamVUZDBYQzlPU1dWeldrMHJSelJ0TWt3eFRuRnFWbWxqY0hkNmRWRjBlVlZFVTFwMlpHMVpha28wUWtWTVZtUllXalJIYXpsRE0yTkJTblpGUWxWYVJrNUpZMFpuYkcwMFZEVk1UM00zVDNaUlNUWjRZV055WTJsTmNtOU1ZV3hsZURkdmVrTkhXSGcwY1VJMGJXNXhVMXBOZEN0cmFqZEJPVmt5UTNaR1dpc3hNSEpUWWxONmNFaE1UMU5LVHpKVk9URjVTMHM1V0ROaFowdEpOVVkzWEM5VlRtOUlZVEp2V20xMFJWTmpVbWxLZGxvNWJXSnhXbTk0Ym1OQ1VHNVBhMGRXT0dwV2FXVnhVV0pJTTFkMlQxcDVWRWRrYzFsNlYyOTBRWEZEUjFsa1JFOWFkbTFWUWtRMFoyOTJSR0ZoYW1sNlhDOWhZMXd2VDJseVREVTVTWGxqTkc1VVoxRXpVRXhGUzFOblkwdzNZM0F6ZVRCM1RtcEdNRmx5VkdnMFVUbElNME5GWWpkRWFrMUxXblExTVZCeFZWbERXRTk2V1ZoRGExbENOR1p3ZEVKVFlrUmhlVnd2YkZGWFdWVjRUVGRhVkVsWVZFNXhZWHBSZVZSVVVtMVFha3hCTlhoT2R5c3djMHRpU1hkSVdYYzFjVWswT0dkdk5uaGxkR3Q2ZVVSNlRrdHBPRkU5UFNJc0ltMWhZeUk2SWpFMU5qRmlZV001WkRnMU9ETXdNV1UyT0RrNU1tTmtZemM0TnpVeE16STVPREZoT0RSbU9XRTNPV1k0TURsbE1tUXpPVFUwWkRFd1ltVTBabUZsWXpnaWZRPT0=', 1519638187);

-- Dumping structure for table insurehe_iceworm.settings_options
CREATE TABLE IF NOT EXISTS `settings_options` (
  `id` int(11) NOT NULL AUTO_INCREMENT,
  `key_name` varchar(255) NOT NULL DEFAULT '0',
  `key_value` varchar(255) NOT NULL DEFAULT '0',
  `group_by` varchar(255) NOT NULL DEFAULT '0',
  `is_enable` varchar(255) NOT NULL DEFAULT '0',
  `control_type` varchar(255) NOT NULL DEFAULT '0',
  `control_default_value` varchar(255) NOT NULL DEFAULT '0',
  `heading` varchar(255) NOT NULL DEFAULT '0',
  `sub_heading` varchar(255) NOT NULL DEFAULT '0',
  `created_at` varchar(255) NOT NULL DEFAULT '0',
  `updated_at` varchar(255) NOT NULL DEFAULT '0',
  `deleted_at` varchar(255) NOT NULL DEFAULT '0',
  PRIMARY KEY (`id`)
) ENGINE=InnoDB DEFAULT CHARSET=latin1;

-- Dumping data for table insurehe_iceworm.settings_options: ~0 rows (approximately)

-- Dumping structure for table insurehe_iceworm.transfers
CREATE TABLE IF NOT EXISTS `transfers` (
  `id` int(11) NOT NULL AUTO_INCREMENT,
  `lead_id` int(11) DEFAULT NULL,
  `caller_id` int(11) DEFAULT NULL,
  `agent_id` int(11) DEFAULT NULL,
  `agency_id` int(11) DEFAULT NULL,
  `fields` text,
  `created_at` timestamp NULL DEFAULT CURRENT_TIMESTAMP,
  `updated_at` timestamp NULL DEFAULT CURRENT_TIMESTAMP,
  `deleted_at` timestamp NULL DEFAULT NULL,
  PRIMARY KEY (`id`)
) ENGINE=InnoDB AUTO_INCREMENT=11 DEFAULT CHARSET=latin1;

-- Dumping data for table insurehe_iceworm.transfers: ~10 rows (approximately)
INSERT INTO `transfers` (`id`, `lead_id`, `caller_id`, `agent_id`, `agency_id`, `fields`, `created_at`, `updated_at`, `deleted_at`) VALUES
	(1, 57, 2, 2, 3, '["address","zip","age","year_built","bathrooms"]', '2019-03-28 13:58:12', '2019-03-28 22:58:12', NULL),
	(2, 175, 2, 2, 3, '["address","zip","age"]', '2019-04-22 03:20:15', '2019-04-22 12:20:15', NULL),
	(3, 157, 2, 2, 3, '["address","city","gender"]', '2019-04-22 04:07:20', '2019-04-22 13:07:20', NULL),
	(4, 158, 3, 2, 3, '["address","city","gender"]', '2019-04-22 04:07:20', '2019-04-22 13:07:20', NULL),
	(5, 72, 2, 2, 3, '["city","gender"]', '2019-04-22 10:10:58', '2019-04-22 19:10:58', NULL),
	(6, 2, 175, 6, 3, 'null', '2019-06-12 00:17:33', '2019-06-11 23:17:33', NULL),
	(7, 55, 175, 6, 3, '["address","city"]', '2019-06-12 02:33:55', '2019-06-12 01:33:55', NULL),
	(8, 143, 2, 4, 3, '["address","city","state","gender"]', '2019-06-12 12:22:49', '2019-06-12 11:22:49', NULL),
	(9, 16, 175, 6, 3, '["city","gender","property_zip"]', '2019-06-21 06:54:58', '2019-06-21 05:54:58', NULL),
	(10, 137, 179, 8, 4, '["address","city","state","zip","birthdate","age","property_state"]', '2019-06-25 03:33:51', '2019-06-25 02:33:51', NULL);

