
CREATE TABLE `custom_table` (
  `custom_id` int(11) NOT NULL AUTO_INCREMENT,
  `custom_field` varchar(100) NOT NULL,
  `custom_data_type` int(11) NOT NULL,
  `custom_data` text NOT NULL,
  `employee_id` varchar(20) NOT NULL,
  PRIMARY KEY (`custom_id`)
) ENGINE=InnoDB DEFAULT CHARSET=latin1;

#
# TABLE STRUCTURE FOR: department
#


CREATE TABLE `department` (
  `dept_id` int(11) NOT NULL AUTO_INCREMENT,
  `department_name` varchar(100) NOT NULL,
  `parent_id` int(11) NOT NULL,
  PRIMARY KEY (`dept_id`)
) ENGINE=InnoDB AUTO_INCREMENT=15 DEFAULT CHARSET=latin1;

INSERT INTO `department` (`dept_id`, `department_name`, `parent_id`) VALUES ('1', 'Development', '0');
INSERT INTO `department` (`dept_id`, `department_name`, `parent_id`) VALUES ('3', 'Operations', '0');
INSERT INTO `department` (`dept_id`, `department_name`, `parent_id`) VALUES ('4', 'Sales & Marketing', '0');
INSERT INTO `department` (`dept_id`, `department_name`, `parent_id`) VALUES ('9', 'XPress-ADVOCACY', '0');
INSERT INTO `department` (`dept_id`, `department_name`, `parent_id`) VALUES ('10', 'XPress-ACADEMY', '0');
INSERT INTO `department` (`dept_id`, `department_name`, `parent_id`) VALUES ('11', 'Xpress-RESEARCH', '0');
INSERT INTO `department` (`dept_id`, `department_name`, `parent_id`) VALUES ('12', 'XPress-OPeration', '0');
INSERT INTO `department` (`dept_id`, `department_name`, `parent_id`) VALUES ('13', 'XPress-DEVELOPMENT', '0');
INSERT INTO `department` (`dept_id`, `department_name`, `parent_id`) VALUES ('14', 'Finance', '0');


#
# TABLE STRUCTURE FOR: deviceinfo
#


CREATE TABLE `deviceinfo` (
  `id` int(11) NOT NULL AUTO_INCREMENT,
  `device_ip` varchar(50) NOT NULL,
  PRIMARY KEY (`id`)
) ENGINE=InnoDB AUTO_INCREMENT=2 DEFAULT CHARSET=latin1;

INSERT INTO `deviceinfo` (`id`, `device_ip`) VALUES ('1', '192.168.1.205.ewr');


#
# TABLE STRUCTURE FOR: divisions
#


CREATE TABLE `divisions` (
  `id` int(11) NOT NULL AUTO_INCREMENT,
  `name` varchar(150) DEFAULT NULL,
  `created_at` date DEFAULT NULL,
  `update_at` date DEFAULT NULL,
  `deleted_at` date DEFAULT NULL,
  PRIMARY KEY (`id`)
) ENGINE=MyISAM AUTO_INCREMENT=7 DEFAULT CHARSET=latin1;

INSERT INTO `divisions` (`id`, `name`, `created_at`, `update_at`, `deleted_at`) VALUES ('4', 'Pro Global Pvt. Ltd.', '2020-08-19', '2021-03-16', NULL);
INSERT INTO `divisions` (`id`, `name`, `created_at`, `update_at`, `deleted_at`) VALUES ('3', 'Appedology Pvt. Ltd', '2020-08-17', '2021-03-16', NULL);


#
# TABLE STRUCTURE FOR: document_template
#


CREATE TABLE `document_template` (
  `id` int(11) NOT NULL AUTO_INCREMENT,
  `name` varchar(200) NOT NULL,
  `category_id` int(11) NOT NULL,
  `template` text NOT NULL,
  `created_on` date NOT NULL,
  `created_by` int(11) NOT NULL,
  PRIMARY KEY (`id`)
) ENGINE=InnoDB AUTO_INCREMENT=15 DEFAULT CHARSET=latin1;

INSERT INTO `document_template` (`id`, `name`, `category_id`, `template`, `created_on`, `created_by`) VALUES ('8', 'Warning Letter 1', '10', '<h1><strong>&nbsp; &nbsp; &nbsp; &nbsp; &nbsp; &nbsp; &nbsp; &nbsp; &nbsp; &nbsp; &nbsp; &nbsp; &nbsp;Written Warning</strong></h1>\r\n\r\n<p>&nbsp;</p>\r\n\r\n<p>This Written Warning confirms our discussion on ____(date)_______ and is being issued to you regarding (state reason(s), e.g., misconduct, unsatisfactory work performance, dereliction of duty, etc.)</p>\r\n\r\n<p>&nbsp;</p>\r\n\r\n<p>(Describe incident(s) prompting this letter, giving brief details and examples.&nbsp; Example:&nbsp; Since our discussion on __(date)___ you have continued to &hellip;&hellip;.. , or,&nbsp; Recently you failed to &hellip;&hellip;..)</p>\r\n\r\n<p>&nbsp;</p>\r\n\r\n<p>The reasons you have given are that (state employee&rsquo;s reasons).&nbsp; These are unacceptable reasons and do not excuse your (state problem).&nbsp; In short, your (state problem) continues.</p>\r\n\r\n<p>&nbsp;</p>\r\n\r\n<p>On&nbsp; __(date)___ you were counseled (verbally and/or in writing) by (person&rsquo;s name) that (state reasons).&nbsp; At that time you were made aware that I expected you to (state method of correction).&nbsp; I further indicated that I would continue to review your (state situation) for improvement.</p>\r\n\r\n<p>It is imperative you understand that failure to show immediate and sustained improvement in your (problem) will result in further disciplinary action, up to and including dismissal from your employment with the __(Company Name)__.&nbsp; If you have any questions regarding this letter or the specific expectations as attached, please let me know immediately.</p>\r\n\r\n<p>&nbsp;</p>\r\n\r\n<h1>Supervisor&rsquo;s Signature</h1>\r\n\r\n<p>&nbsp;</p>\r\n\r\n<h1>cc:&nbsp;HR Department</h1>\r\n\r\n<p>&nbsp; bcc:&nbsp;&nbsp;Core Members</p>\r\n', '2021-03-16', '1');
INSERT INTO `document_template` (`id`, `name`, `category_id`, `template`, `created_on`, `created_by`) VALUES ('9', 'Termination Letter 1', '11', '<p><strong>&nbsp; &nbsp; &nbsp; &nbsp; &nbsp; &nbsp; &nbsp; &nbsp; &nbsp; &nbsp; &nbsp; &nbsp; &nbsp; &nbsp; &nbsp; &nbsp; &nbsp; &nbsp; &nbsp; &nbsp; &nbsp; &nbsp; &nbsp; &nbsp; &nbsp; &nbsp; &nbsp; &nbsp; &nbsp; &nbsp; &nbsp; &nbsp; &nbsp; &nbsp;Termination Letter</strong></p>\r\n\r\n<p>&nbsp;</p>\r\n\r\n<p>Name, address, date, reference</p>\r\n\r\n<p>&nbsp;</p>\r\n\r\n<p>Dear Mr/Ms/etc .........</p>\r\n\r\n<p>&nbsp;</p>\r\n\r\n<p>Further to our meeting of (date) I (regretfully) confirm that your employment with us is terminated with effect from (date)/with immediate effect.</p>\r\n\r\n<p>As stated at our meeting the reason(s) for terminating your employment with us is/are as follows:</p>\r\n\r\n<p>(Employer must clearly state reasons - transgressions and relevant policies if applicable)</p>\r\n\r\n<p>(Employer must clearly state previous warnings, informal, formal, written etc., and circumstances and person&#39;s response and subsequent behavior/performance for each warning.)</p>\r\n\r\n<p>(Clearly state requirements regarding return of documentation, equipment, car, submission of final expenses claims, and any other leaving administration issues.)</p>\r\n\r\n<p>(Clearly state actual leaving date, requirement or otherwise to serve period of notice, holiday pay, and other pay and pension details.)</p>\r\n\r\n<p>(Clearly state the position regarding the employee&#39;s right of appeal, and state the appeal process and timescales.)</p>\r\n\r\n<p>(Optional sign-off, for example: Thank you for your past efforts and all the best for your future endeavors.)</p>\r\n\r\n<p>&nbsp;</p>\r\n\r\n<p>Yours, etc.</p>\r\n\r\n<p>&nbsp;</p>\r\n\r\n<p>Name and position</p>\r\n', '2020-07-08', '1');
INSERT INTO `document_template` (`id`, `name`, `category_id`, `template`, `created_on`, `created_by`) VALUES ('10', 'Job Appointment Letter', '12', '<h3><strong>&nbsp; &nbsp; &nbsp; &nbsp; &nbsp; &nbsp; &nbsp; &nbsp; &nbsp; &nbsp; &nbsp; &nbsp; &nbsp; &nbsp; &nbsp; &nbsp; &nbsp; &nbsp; &nbsp; &nbsp; &nbsp; &nbsp; &nbsp; &nbsp; &nbsp; Employment Letter</strong></h3>\r\n\r\n<p>(Your name)<br />\r\n(Your Address (Street Information))<br />\r\n(City, State, and Zip Code)</p>\r\n\r\n<p>(Date)</p>\r\n\r\n<p>(Recipient&rsquo;s Name (third party))<br />\r\n(Recipient&rsquo;s Address (Street Information))<br />\r\n(City, State, and Zip Code)</p>\r\n\r\n<p>Dear (Name),</p>\r\n\r\n<p>We are pleased to inform you that you passed your interview and we are hereby offering you employment on contract basis for the position of ___position_________ at ___Company___. The terms and conditions of your employment are as follows:</p>\r\n\r\n<ol>\r\n	<li><strong>Day of Commencement</strong></li>\r\n</ol>\r\n\r\n<p>You are expected to report to your duties as from _____date_____. Your contract is based on a period of __________ after which we may renew it based on your performance and mutual agreement.</p>\r\n\r\n<ol>\r\n	<li><strong>Reporting</strong></li>\r\n</ol>\r\n\r\n<p>You will report to your immediate supervisor on the said date. You are required to comply with the company&rsquo;s rules and regulations at all given times and should always act in a manner that protects the company&rsquo;s interest.</p>\r\n\r\n<ol>\r\n	<li><strong>Allocated Place of Work</strong></li>\r\n</ol>\r\n\r\n<p>You will be based at the company&rsquo;s Headquarters in _____office location________ City.</p>\r\n\r\n<ol>\r\n	<li><strong>Roles and Responsibilities</strong></li>\r\n</ol>\r\n\r\n<p>Your roles and responsibilities are outlined in the job description which is an extension of this contract. Your signature will imply that you fully agree with all the terms and conditions laid out in this contract.</p>\r\n\r\n<ol>\r\n	<li><strong>Monthly Salary</strong></li>\r\n</ol>\r\n\r\n<p>You are entitled to a monthly compensation amounting to ____Amount____&nbsp;which will be subject to all statutory and company deductions with regards to the law.</p>\r\n\r\n<ol>\r\n	<li><strong>Working Hours</strong></li>\r\n</ol>\r\n\r\n<p>Your working hours shall be from _____9 a.m to 6 p.m (Monday-Friday)_____. However, you may also be required to avail yourself outside these stipulated hours if the need arises.</p>\r\n\r\n<ol>\r\n	<li><strong>Leave</strong></li>\r\n</ol>\r\n\r\n<p><em>7.1&nbsp;</em><strong>Vacation</strong></p>\r\n\r\n<p>You will be entitled to ____21_____ working days of leave at full pay. However, the leave days should only be taken at a time most suitable for both you and your employer.</p>\r\n\r\n<p><strong>7.2 Sick Leave</strong></p>\r\n\r\n<p>You are entitled to up to ____ (29)_____working days of sick leave at full pay.</p>\r\n\r\n<p>&nbsp;</p>\r\n\r\n<ol>\r\n	<li><strong><em>Termination</em></strong></li>\r\n</ol>\r\n\r\n<p><strong>This contract can be terminated:</strong></p>\r\n\r\n<p>By either party given a prior ____30_____ working days written notice failure to which a compensation equivalent to a month&rsquo;s salary will be awarded.<br />\r\nOr,<br />\r\nBy the Employer on grounds of indiscipline or under-performance.<br />\r\nOr,<br />\r\nBy the Employer on account of redundancy/retrenchment as per the law.</p>\r\n\r\n<ol>\r\n	<li><strong>Copyrights and Ownership</strong></li>\r\n</ol>\r\n\r\n<p>You shall not work with any other company either full time or part-time in a capacity that would create a conflict of interest with the company.</p>\r\n\r\n<ol>\r\n	<li><strong>Amendment and Enforcement</strong></li>\r\n</ol>\r\n\r\n<p>Any alterations or amendment to this contract shall be duly communicated in writing taking into consideration both the employer&rsquo;s and employee&rsquo;s views.</p>\r\n\r\n<p>Your&rsquo;s Faithfully<br />\r\n______________<br />\r\nHuman Resource Manager<br />\r\n____Company_______</p>\r\n\r\n<p>To affirm your acceptance to the terms and conditions laid out in this letter kindly sign below</p>\r\n\r\n<p>(Date)&nbsp; &nbsp; (Name)&nbsp; &nbsp; (Sign)<br />\r\n(Witness)&nbsp; &nbsp;(Sign)</p>\r\n', '2020-07-08', '1');
INSERT INTO `document_template` (`id`, `name`, `category_id`, `template`, `created_on`, `created_by`) VALUES ('11', 'Appreciation Letter 1 ', '13', '<p>To,<br />\r\nMr. /Ms. _______</p>\r\n\r\n<p>____date_______</p>\r\n\r\n<p>Sub: Appreciation for your remarkable contribution to the project</p>\r\n\r\n<p>&nbsp;</p>\r\n\r\n<p>Dear Mr. / Ms. ______,</p>\r\n\r\n<p>I would like to thank you for your outstanding contribution in the ______ project. You had been an amazing team leader, who was diligent and hard working. Your co-workers have been praising you for all the creative work. You truly were able to think out of the box.</p>\r\n\r\n<p>Your dedication to work is resulting in an increased output for the company, which is increasing the client base. We expect to grow in the future if you deliver the same quality of work.</p>\r\n\r\n<p>We are quite aware of the fact that you will grow and succeed in our company and within a year, we will be seeing you as a leader on major projects of the company.</p>\r\n\r\n<p>Thanking you,<br />\r\nMr. ________<br />\r\nHead of ________ Department</p>\r\n', '2020-07-08', '1');
INSERT INTO `document_template` (`id`, `name`, `category_id`, `template`, `created_on`, `created_by`) VALUES ('12', 'Promotion Letter 1', '14', '<p>Dear ____________,</p>\r\n\r\n<p>Congratulations on your promotion to the position of ________________________ effective _____________date__________.</p>\r\n\r\n<p>The annual salary for this position will be _____________ paid on a monthly basis.</p>\r\n\r\n<p>You will report to ____supervisor name_____________, ___supervisor&#39;s position____________ He/She is looking forward to working with you as you transition into your new role at our company.</p>\r\n\r\n<p>Again, congratulations on the new position. Please let me know if you have any questions regarding your compensation and benefits package.</p>\r\n\r\n<p>Sincerely,</p>\r\n\r\n<p>Signature (hard copy letter)</p>\r\n\r\n<p>________________________<br />\r\nDirector, Human Resources</p>\r\n\r\n<p>cc: Core Team</p>\r\n', '2020-07-08', '1');
INSERT INTO `document_template` (`id`, `name`, `category_id`, `template`, `created_on`, `created_by`) VALUES ('13', 'Demotion Letter 1', '15', '<h3><strong>&nbsp; &nbsp; &nbsp; &nbsp; &nbsp; &nbsp; &nbsp; &nbsp; &nbsp; &nbsp; &nbsp; &nbsp; &nbsp; &nbsp; &nbsp; &nbsp; &nbsp; &nbsp; &nbsp; &nbsp; &nbsp; &nbsp; &nbsp; &nbsp; &nbsp; &nbsp; &nbsp; &nbsp; &nbsp;Demotion Letter</strong></h3>\r\n\r\n<p>Date&nbsp;&nbsp;&nbsp;&nbsp;&nbsp;:</p>\r\n\r\n<p>Employee name</p>\r\n\r\n<p>Employee address</p>\r\n\r\n<p>&nbsp;</p>\r\n\r\n<p>&nbsp;</p>\r\n\r\n<p>Dear&nbsp;(Employee name),</p>\r\n\r\n<p>After discussing and considering of The Management, due to your unsatisfactory performance against your position as&nbsp;(Employee Position), the Management had decided to demote your position from&nbsp;(Current position)<strong>&nbsp;</strong>to&nbsp;(Demote position)<strong>&nbsp;</strong>with effect from&nbsp;(Date). Your monthly&nbsp;<strong>Basic Salary</strong>&nbsp;will be revised from&nbsp;<strong>xxx</strong>&nbsp;per month to&nbsp;<strong>xxx</strong>&nbsp;per month and your Attendance Allowance will be remained unchanged, effective on&nbsp;(Date).</p>\r\n\r\n<p>As company, we are trying our very best to give opportunity&nbsp;&nbsp;to everybody who wish to grow with us and in the same time as staff you should show your best to convince us.</p>\r\n\r\n<p>We hope that you will continue to give your best to the&nbsp;(Company Name).</p>\r\n\r\n<p>Thank you.</p>\r\n\r\n<p>&nbsp;</p>\r\n\r\n<p>Yours faithfully,&nbsp;&nbsp;&nbsp;&nbsp;&nbsp;&nbsp;&nbsp;&nbsp;&nbsp;&nbsp;&nbsp;&nbsp;&nbsp;&nbsp;&nbsp;&nbsp;&nbsp;&nbsp;&nbsp;&nbsp;&nbsp;&nbsp;&nbsp;&nbsp;&nbsp;&nbsp;&nbsp;&nbsp;&nbsp;&nbsp;&nbsp;&nbsp;&nbsp;&nbsp;&nbsp;&nbsp;&nbsp;&nbsp;&nbsp;&nbsp;&nbsp;&nbsp;&nbsp;&nbsp;&nbsp;&nbsp;&nbsp;&nbsp;&nbsp;&nbsp;&nbsp;&nbsp;&nbsp;&nbsp;&nbsp;&nbsp;&nbsp;&nbsp;&nbsp;&nbsp;&nbsp;&nbsp;&nbsp;&nbsp;&nbsp;Acknowledge By:</p>\r\n\r\n<p>Company Name</p>\r\n\r\n<p>&nbsp;</p>\r\n\r\n<p>_______________&nbsp;&nbsp;&nbsp;&nbsp;&nbsp;&nbsp;&nbsp;&nbsp;&nbsp;&nbsp;&nbsp;&nbsp;&nbsp;&nbsp;&nbsp;&nbsp;&nbsp;&nbsp;&nbsp;&nbsp;&nbsp;&nbsp;&nbsp;&nbsp;&nbsp;&nbsp;&nbsp;&nbsp;&nbsp;&nbsp;&nbsp;&nbsp;&nbsp;&nbsp;&nbsp;&nbsp;&nbsp;&nbsp;&nbsp;&nbsp;&nbsp;&nbsp;&nbsp;&nbsp;&nbsp;&nbsp;&nbsp;&nbsp;&nbsp;&nbsp;&nbsp;&nbsp;&nbsp;&nbsp;&nbsp;&nbsp;&nbsp;&nbsp;________________</p>\r\n\r\n<p>Manager Name&nbsp;&nbsp;&nbsp;&nbsp;&nbsp;&nbsp;&nbsp;&nbsp;&nbsp;&nbsp;&nbsp;&nbsp;&nbsp;&nbsp;&nbsp;&nbsp;&nbsp;&nbsp;&nbsp;&nbsp;&nbsp;&nbsp;&nbsp;&nbsp;&nbsp;&nbsp;&nbsp;&nbsp;&nbsp;&nbsp;&nbsp;&nbsp;&nbsp;&nbsp; &nbsp;&nbsp;&nbsp;&nbsp;&nbsp;&nbsp;&nbsp;&nbsp;&nbsp;&nbsp;&nbsp;&nbsp;&nbsp;&nbsp;&nbsp;&nbsp;&nbsp;&nbsp;&nbsp;&nbsp;&nbsp;&nbsp;&nbsp;&nbsp;&nbsp;&nbsp;&nbsp;&nbsp;&nbsp;Name:</p>\r\n\r\n<p>Manager&nbsp;&nbsp;&nbsp;&nbsp;&nbsp;&nbsp;&nbsp;&nbsp;&nbsp;&nbsp;&nbsp;&nbsp;&nbsp;&nbsp;&nbsp;&nbsp;&nbsp;&nbsp;&nbsp;&nbsp;&nbsp;&nbsp;&nbsp;&nbsp;&nbsp;&nbsp;&nbsp;&nbsp;&nbsp;&nbsp;&nbsp;&nbsp;&nbsp;&nbsp;&nbsp;&nbsp;&nbsp;&nbsp;&nbsp;&nbsp;&nbsp;&nbsp;&nbsp;&nbsp;&nbsp;&nbsp;&nbsp;&nbsp;&nbsp;&nbsp;&nbsp;&nbsp;&nbsp;&nbsp;&nbsp;&nbsp;&nbsp;&nbsp;&nbsp;&nbsp;&nbsp;&nbsp;&nbsp;&nbsp;&nbsp;&nbsp;&nbsp;&nbsp;&nbsp;&nbsp;&nbsp;&nbsp;&nbsp;&nbsp;Date&nbsp;&nbsp;:</p>\r\n', '2020-07-08', '1');


#
# TABLE STRUCTURE FOR: duty_type
#


CREATE TABLE `duty_type` (
  `id` int(11) NOT NULL AUTO_INCREMENT,
  `type_name` varchar(30) NOT NULL,
  PRIMARY KEY (`id`)
) ENGINE=InnoDB AUTO_INCREMENT=5 DEFAULT CHARSET=latin1;

INSERT INTO `duty_type` (`id`, `type_name`) VALUES ('1', 'Full Time');
INSERT INTO `duty_type` (`id`, `type_name`) VALUES ('2', 'Part Time');
INSERT INTO `duty_type` (`id`, `type_name`) VALUES ('3', 'Contructual');
INSERT INTO `duty_type` (`id`, `type_name`) VALUES ('4', 'Other');


#
# TABLE STRUCTURE FOR: emp_attendance
#


CREATE TABLE `emp_attendance` (
  `att_id` int(10) unsigned NOT NULL AUTO_INCREMENT,
  `employee_id` varchar(50) CHARACTER SET latin1 NOT NULL,
  `date` varchar(30) CHARACTER SET latin1 NOT NULL,
  `sign_in` varchar(30) CHARACTER SET latin1 DEFAULT NULL,
  `sign_out` varchar(30) CHARACTER SET latin1 DEFAULT NULL,
  `staytime` time DEFAULT NULL,
  PRIMARY KEY (`att_id`)
) ENGINE=InnoDB DEFAULT CHARSET=utf8;

#
# TABLE STRUCTURE FOR: emp_salary_setup_details
#


CREATE TABLE `emp_salary_setup_details` (
  `id` int(11) NOT NULL AUTO_INCREMENT,
  `employee_id` int(11) DEFAULT NULL,
  `deduction_id` int(11) DEFAULT NULL,
  `addition_id` int(11) DEFAULT NULL,
  `value` varchar(50) DEFAULT NULL,
  `created_on` date DEFAULT NULL,
  `updated_on` date DEFAULT NULL,
  PRIMARY KEY (`id`)
) ENGINE=MyISAM AUTO_INCREMENT=101 DEFAULT CHARSET=latin1;

INSERT INTO `emp_salary_setup_details` (`id`, `employee_id`, `deduction_id`, `addition_id`, `value`, `created_on`, `updated_on`) VALUES ('95', '18', NULL, '5', '3000', '2021-03-11', NULL);
INSERT INTO `emp_salary_setup_details` (`id`, `employee_id`, `deduction_id`, `addition_id`, `value`, `created_on`, `updated_on`) VALUES ('94', '18', NULL, '4', '10.0', '2021-03-11', NULL);
INSERT INTO `emp_salary_setup_details` (`id`, `employee_id`, `deduction_id`, `addition_id`, `value`, `created_on`, `updated_on`) VALUES ('72', '2', '2', NULL, '1', '2020-09-21', NULL);
INSERT INTO `emp_salary_setup_details` (`id`, `employee_id`, `deduction_id`, `addition_id`, `value`, `created_on`, `updated_on`) VALUES ('71', '2', NULL, '1', '1', '2020-09-21', NULL);
INSERT INTO `emp_salary_setup_details` (`id`, `employee_id`, `deduction_id`, `addition_id`, `value`, `created_on`, `updated_on`) VALUES ('70', '2', NULL, '2', '1', '2020-09-21', NULL);
INSERT INTO `emp_salary_setup_details` (`id`, `employee_id`, `deduction_id`, `addition_id`, `value`, `created_on`, `updated_on`) VALUES ('73', '16', NULL, '1', '1', '2020-10-06', NULL);
INSERT INTO `emp_salary_setup_details` (`id`, `employee_id`, `deduction_id`, `addition_id`, `value`, `created_on`, `updated_on`) VALUES ('74', '16', '2', NULL, '1', '2020-10-06', NULL);
INSERT INTO `emp_salary_setup_details` (`id`, `employee_id`, `deduction_id`, `addition_id`, `value`, `created_on`, `updated_on`) VALUES ('75', '15', NULL, '1', '1', '2020-10-06', NULL);
INSERT INTO `emp_salary_setup_details` (`id`, `employee_id`, `deduction_id`, `addition_id`, `value`, `created_on`, `updated_on`) VALUES ('76', '15', NULL, '2', '500', '2020-10-06', NULL);
INSERT INTO `emp_salary_setup_details` (`id`, `employee_id`, `deduction_id`, `addition_id`, `value`, `created_on`, `updated_on`) VALUES ('77', '15', '2', NULL, '1', '2020-10-06', NULL);
INSERT INTO `emp_salary_setup_details` (`id`, `employee_id`, `deduction_id`, `addition_id`, `value`, `created_on`, `updated_on`) VALUES ('93', '18', NULL, '3', '1000', '2021-03-11', NULL);
INSERT INTO `emp_salary_setup_details` (`id`, `employee_id`, `deduction_id`, `addition_id`, `value`, `created_on`, `updated_on`) VALUES ('89', '9', NULL, '3', '1000', '2021-03-11', NULL);
INSERT INTO `emp_salary_setup_details` (`id`, `employee_id`, `deduction_id`, `addition_id`, `value`, `created_on`, `updated_on`) VALUES ('90', '9', NULL, '4', '5', '2021-03-11', NULL);
INSERT INTO `emp_salary_setup_details` (`id`, `employee_id`, `deduction_id`, `addition_id`, `value`, `created_on`, `updated_on`) VALUES ('91', '9', NULL, '5', '2000', '2021-03-11', NULL);
INSERT INTO `emp_salary_setup_details` (`id`, `employee_id`, `deduction_id`, `addition_id`, `value`, `created_on`, `updated_on`) VALUES ('92', '9', '4', NULL, '9.0', '2021-03-11', NULL);
INSERT INTO `emp_salary_setup_details` (`id`, `employee_id`, `deduction_id`, `addition_id`, `value`, `created_on`, `updated_on`) VALUES ('96', '18', '4', NULL, '10.0', '2021-03-11', NULL);
INSERT INTO `emp_salary_setup_details` (`id`, `employee_id`, `deduction_id`, `addition_id`, `value`, `created_on`, `updated_on`) VALUES ('97', '26', NULL, '3', '25000', '2021-03-12', NULL);
INSERT INTO `emp_salary_setup_details` (`id`, `employee_id`, `deduction_id`, `addition_id`, `value`, `created_on`, `updated_on`) VALUES ('98', '26', NULL, '4', '15000', '2021-03-12', NULL);
INSERT INTO `emp_salary_setup_details` (`id`, `employee_id`, `deduction_id`, `addition_id`, `value`, `created_on`, `updated_on`) VALUES ('99', '26', NULL, '5', '10000', '2021-03-12', NULL);
INSERT INTO `emp_salary_setup_details` (`id`, `employee_id`, `deduction_id`, `addition_id`, `value`, `created_on`, `updated_on`) VALUES ('100', '26', '4', NULL, '5000', '2021-03-12', NULL);


#
# TABLE STRUCTURE FOR: employee_360_reviews
#


CREATE TABLE `employee_360_reviews` (
  `id` int(11) NOT NULL AUTO_INCREMENT,
  `reviews` text,
  `reviewed_by` int(11) DEFAULT NULL,
  `reviewed_for` int(11) DEFAULT NULL,
  `created_at` timestamp NULL DEFAULT CURRENT_TIMESTAMP,
  `created_by` int(11) DEFAULT NULL,
  `updated_at` datetime DEFAULT NULL,
  `updated_by` int(11) DEFAULT NULL,
  PRIMARY KEY (`id`)
) ENGINE=MyISAM AUTO_INCREMENT=7 DEFAULT CHARSET=latin1;

INSERT INTO `employee_360_reviews` (`id`, `reviews`, `reviewed_by`, `reviewed_for`, `created_at`, `created_by`, `updated_at`, `updated_by`) VALUES ('2', 'ployee 360 Reviews\r\nlkj lkj lkj lkj ', '2', '3', '2020-07-02 05:48:59', '1', '2020-07-05 23:27:36', '1');
INSERT INTO `employee_360_reviews` (`id`, `reviews`, `reviewed_by`, `reviewed_for`, `created_at`, `created_by`, `updated_at`, `updated_by`) VALUES ('3', 'jyggjhgj', '3', '2', '2020-07-02 05:52:33', '2', '2020-07-08 20:00:19', '1');
INSERT INTO `employee_360_reviews` (`id`, `reviews`, `reviewed_by`, `reviewed_for`, `created_at`, `created_by`, `updated_at`, `updated_by`) VALUES ('4', 'sadasd', '1', '1', '2020-07-02 08:47:09', '1', '2020-07-08 20:00:55', '1');
INSERT INTO `employee_360_reviews` (`id`, `reviews`, `reviewed_by`, `reviewed_for`, `created_at`, `created_by`, `updated_at`, `updated_by`) VALUES ('5', 'kjh kjh kjh kjhk jhhnn', '1', '2', '2020-07-05 06:27:09', '1', '2021-03-11 14:36:45', '1');
INSERT INTO `employee_360_reviews` (`id`, `reviews`, `reviewed_by`, `reviewed_for`, `created_at`, `created_by`, `updated_at`, `updated_by`) VALUES ('6', 'Good in attiute', '1', '21', '2021-03-11 14:36:11', '1', NULL, NULL);


#
# TABLE STRUCTURE FOR: employee_behavior_objectives_joined
#


CREATE TABLE `employee_behavior_objectives_joined` (
  `id` int(11) NOT NULL AUTO_INCREMENT,
  `employee_name` varchar(100) DEFAULT NULL,
  `employee_id` int(50) DEFAULT NULL,
  `job_title` varchar(50) DEFAULT NULL,
  `midYearAvarage` varchar(50) DEFAULT NULL,
  `endYearAvarage` varchar(50) DEFAULT NULL,
  `midYearComments` varchar(50) DEFAULT NULL,
  `endYearComments` varchar(50) DEFAULT NULL,
  `valueType` int(1) DEFAULT NULL COMMENT '0=Objectives; 1=Behaviors',
  `behave_midYearAvarage` varchar(50) DEFAULT NULL,
  `behave_endYearAvarage` varchar(50) DEFAULT NULL,
  `behave_midYearComments` varchar(50) DEFAULT NULL,
  `behave_endYearComments` varchar(50) DEFAULT NULL,
  `isPublish` int(1) DEFAULT NULL COMMENT '0=Drafted; 1=Published',
  `status` int(1) NOT NULL DEFAULT '1' COMMENT '0=Inactive; 1=Active',
  `b_status` int(11) DEFAULT NULL,
  `feedback` text,
  `feedback_created_at` datetime DEFAULT NULL,
  `feedback_created_by` int(11) DEFAULT NULL,
  `feedback_updated_at` datetime DEFAULT NULL,
  `feedback_updated_by` int(11) DEFAULT NULL,
  `created_date` year(4) DEFAULT NULL,
  `created_at` timestamp NOT NULL DEFAULT CURRENT_TIMESTAMP,
  `created_by` int(11) DEFAULT NULL,
  `updated_at` datetime DEFAULT NULL,
  `updated_by` int(11) DEFAULT NULL,
  PRIMARY KEY (`id`)
) ENGINE=MyISAM AUTO_INCREMENT=12 DEFAULT CHARSET=latin1;

INSERT INTO `employee_behavior_objectives_joined` (`id`, `employee_name`, `employee_id`, `job_title`, `midYearAvarage`, `endYearAvarage`, `midYearComments`, `endYearComments`, `valueType`, `behave_midYearAvarage`, `behave_endYearAvarage`, `behave_midYearComments`, `behave_endYearComments`, `isPublish`, `status`, `b_status`, `feedback`, `feedback_created_at`, `feedback_created_by`, `feedback_updated_at`, `feedback_updated_by`, `created_date`, `created_at`, `created_by`, `updated_at`, `updated_by`) VALUES ('1', 'TestEmployee2 TestEmployee2', '4', 'Senior PHP Developer', '2.32', '2.14', 'Mid Year Comments', 'Mid Year Comments', '0', '4.1', '3.6', 'Mid Year Comments', 'nd Year Comments', '1', '1', NULL, 'good hy\r\nsab good hy', '2020-07-05 23:23:35', '1', '2020-07-05 23:23:52', '1', '2020', '2020-06-28 11:36:13', '1', NULL, NULL);
INSERT INTO `employee_behavior_objectives_joined` (`id`, `employee_name`, `employee_id`, `job_title`, `midYearAvarage`, `endYearAvarage`, `midYearComments`, `endYearComments`, `valueType`, `behave_midYearAvarage`, `behave_endYearAvarage`, `behave_midYearComments`, `behave_endYearComments`, `isPublish`, `status`, `b_status`, `feedback`, `feedback_created_at`, `feedback_created_by`, `feedback_updated_at`, `feedback_updated_by`, `created_date`, `created_at`, `created_by`, `updated_at`, `updated_by`) VALUES ('2', 'Obaid Baloch', '3', 'PHP Developer', '2.12', '2.58', 'Mid Year Comments', 'nd Year Comments', '0', '3.4', '3.2', 'Mid Year Comments', 'End Year Comments', '1', '1', NULL, 'Nice Boy fff', '2020-07-03 01:25:40', '1', '2020-07-03 01:49:59', '1', '2020', '2020-07-01 10:28:55', '2', NULL, NULL);
INSERT INTO `employee_behavior_objectives_joined` (`id`, `employee_name`, `employee_id`, `job_title`, `midYearAvarage`, `endYearAvarage`, `midYearComments`, `endYearComments`, `valueType`, `behave_midYearAvarage`, `behave_endYearAvarage`, `behave_midYearComments`, `behave_endYearComments`, `isPublish`, `status`, `b_status`, `feedback`, `feedback_created_at`, `feedback_created_by`, `feedback_updated_at`, `feedback_updated_by`, `created_date`, `created_at`, `created_by`, `updated_at`, `updated_by`) VALUES ('3', 'Obaid Baloch', '3', 'PHP Developer', '2.30', '2.64', 'Mid Year Comments', 'nd Year Commentss', '0', '3.4', '3.2', 'Mid Year Comments', 'End Year Comments', '1', '1', NULL, 'asdasd', '2020-07-08 21:16:17', '1', NULL, NULL, '2020', '2020-07-01 10:36:26', '3', NULL, NULL);
INSERT INTO `employee_behavior_objectives_joined` (`id`, `employee_name`, `employee_id`, `job_title`, `midYearAvarage`, `endYearAvarage`, `midYearComments`, `endYearComments`, `valueType`, `behave_midYearAvarage`, `behave_endYearAvarage`, `behave_midYearComments`, `behave_endYearComments`, `isPublish`, `status`, `b_status`, `feedback`, `feedback_created_at`, `feedback_created_by`, `feedback_updated_at`, `feedback_updated_by`, `created_date`, `created_at`, `created_by`, `updated_at`, `updated_by`) VALUES ('4', 'Obaid Baloch', '3', 'PHP Developer', '1.74', '1.36', 'id Year Comments', 'End Year Comments', '0', '3.2', '2.6', 'End Year Comments', 'End Year Comments', '1', '1', NULL, NULL, NULL, NULL, NULL, NULL, '2020', '2020-07-01 12:22:42', '4', NULL, NULL);
INSERT INTO `employee_behavior_objectives_joined` (`id`, `employee_name`, `employee_id`, `job_title`, `midYearAvarage`, `endYearAvarage`, `midYearComments`, `endYearComments`, `valueType`, `behave_midYearAvarage`, `behave_endYearAvarage`, `behave_midYearComments`, `behave_endYearComments`, `isPublish`, `status`, `b_status`, `feedback`, `feedback_created_at`, `feedback_created_by`, `feedback_updated_at`, `feedback_updated_by`, `created_date`, `created_at`, `created_by`, `updated_at`, `updated_by`) VALUES ('5', 'testEmployee ', '2', 'PHP Developer', '0.30', '0.40', '', '', '0', '2.8', '1', '', '', '0', '1', NULL, NULL, NULL, NULL, NULL, NULL, NULL, '2020-07-05 11:15:54', NULL, NULL, NULL);
INSERT INTO `employee_behavior_objectives_joined` (`id`, `employee_name`, `employee_id`, `job_title`, `midYearAvarage`, `endYearAvarage`, `midYearComments`, `endYearComments`, `valueType`, `behave_midYearAvarage`, `behave_endYearAvarage`, `behave_midYearComments`, `behave_endYearComments`, `isPublish`, `status`, `b_status`, `feedback`, `feedback_created_at`, `feedback_created_by`, `feedback_updated_at`, `feedback_updated_by`, `created_date`, `created_at`, `created_by`, `updated_at`, `updated_by`) VALUES ('6', 'testEmployee ', '2', 'PHP Developer', '0.10', '0.10', '', '', '0', '1', '1', '', '', '0', '1', NULL, NULL, NULL, NULL, NULL, NULL, NULL, '2020-07-05 11:20:53', NULL, NULL, NULL);
INSERT INTO `employee_behavior_objectives_joined` (`id`, `employee_name`, `employee_id`, `job_title`, `midYearAvarage`, `endYearAvarage`, `midYearComments`, `endYearComments`, `valueType`, `behave_midYearAvarage`, `behave_endYearAvarage`, `behave_midYearComments`, `behave_endYearComments`, `isPublish`, `status`, `b_status`, `feedback`, `feedback_created_at`, `feedback_created_by`, `feedback_updated_at`, `feedback_updated_by`, `created_date`, `created_at`, `created_by`, `updated_at`, `updated_by`) VALUES ('7', 'testEmployee ', '2', 'PHP Developer', '10.00', '11.50', 'Mid Year CommentsMid Year Comments', 'Mid Year CommentsMid Year Comments', '0', '3.8', '3.4', 'Mid Year Comments', 'Mid Year CommentsMid Year Comments', '1', '1', NULL, NULL, NULL, NULL, NULL, NULL, NULL, '2020-07-07 04:47:21', NULL, NULL, NULL);
INSERT INTO `employee_behavior_objectives_joined` (`id`, `employee_name`, `employee_id`, `job_title`, `midYearAvarage`, `endYearAvarage`, `midYearComments`, `endYearComments`, `valueType`, `behave_midYearAvarage`, `behave_endYearAvarage`, `behave_midYearComments`, `behave_endYearComments`, `isPublish`, `status`, `b_status`, `feedback`, `feedback_created_at`, `feedback_created_by`, `feedback_updated_at`, `feedback_updated_by`, `created_date`, `created_at`, `created_by`, `updated_at`, `updated_by`) VALUES ('8', 'Jeffry Boycott', '16', 'Senior PHP Developer', '', '', '', '', '0', '', '', '', '', '1', '1', NULL, NULL, NULL, NULL, NULL, NULL, NULL, '2020-10-06 06:27:25', NULL, NULL, NULL);
INSERT INTO `employee_behavior_objectives_joined` (`id`, `employee_name`, `employee_id`, `job_title`, `midYearAvarage`, `endYearAvarage`, `midYearComments`, `endYearComments`, `valueType`, `behave_midYearAvarage`, `behave_endYearAvarage`, `behave_midYearComments`, `behave_endYearComments`, `isPublish`, `status`, `b_status`, `feedback`, `feedback_created_at`, `feedback_created_by`, `feedback_updated_at`, `feedback_updated_by`, `created_date`, `created_at`, `created_by`, `updated_at`, `updated_by`) VALUES ('9', 'Jeffry Boycott', '16', 'Senior PHP Developer', '', '', '', '', '0', '3.6', '1', '', '', '1', '1', NULL, NULL, NULL, NULL, NULL, NULL, NULL, '2020-10-06 06:28:00', NULL, NULL, NULL);
INSERT INTO `employee_behavior_objectives_joined` (`id`, `employee_name`, `employee_id`, `job_title`, `midYearAvarage`, `endYearAvarage`, `midYearComments`, `endYearComments`, `valueType`, `behave_midYearAvarage`, `behave_endYearAvarage`, `behave_midYearComments`, `behave_endYearComments`, `isPublish`, `status`, `b_status`, `feedback`, `feedback_created_at`, `feedback_created_by`, `feedback_updated_at`, `feedback_updated_by`, `created_date`, `created_at`, `created_by`, `updated_at`, `updated_by`) VALUES ('10', 'Jeffry Boycott', '16', 'Senior PHP Developer', '', '', '', '', '0', '3.6', '1', '', '', '1', '1', NULL, NULL, NULL, NULL, NULL, NULL, NULL, '2020-10-06 06:28:22', NULL, NULL, NULL);
INSERT INTO `employee_behavior_objectives_joined` (`id`, `employee_name`, `employee_id`, `job_title`, `midYearAvarage`, `endYearAvarage`, `midYearComments`, `endYearComments`, `valueType`, `behave_midYearAvarage`, `behave_endYearAvarage`, `behave_midYearComments`, `behave_endYearComments`, `isPublish`, `status`, `b_status`, `feedback`, `feedback_created_at`, `feedback_created_by`, `feedback_updated_at`, `feedback_updated_by`, `created_date`, `created_at`, `created_by`, `updated_at`, `updated_by`) VALUES ('11', 'Obaid Baloch', '3', 'PHP Developer', '', '', '', '', '0', '', '', '', '', '1', '1', NULL, NULL, NULL, NULL, NULL, NULL, NULL, '2020-10-06 06:29:13', NULL, NULL, NULL);


#
# TABLE STRUCTURE FOR: employee_behaviors
#


CREATE TABLE `employee_behaviors` (
  `id` int(11) NOT NULL AUTO_INCREMENT,
  `eboj_fk_id` int(11) DEFAULT NULL,
  `name` varchar(100) DEFAULT NULL,
  `midYearRating` varchar(50) DEFAULT NULL,
  `yearEndRating` varchar(50) DEFAULT NULL,
  `keyValue` varchar(50) DEFAULT NULL,
  `created_at` timestamp NOT NULL DEFAULT CURRENT_TIMESTAMP,
  `created_by` int(11) DEFAULT NULL,
  `updated_at` datetime DEFAULT NULL,
  `updated_by` int(11) DEFAULT NULL,
  PRIMARY KEY (`id`)
) ENGINE=MyISAM AUTO_INCREMENT=90 DEFAULT CHARSET=latin1;

INSERT INTO `employee_behaviors` (`id`, `eboj_fk_id`, `name`, `midYearRating`, `yearEndRating`, `keyValue`, `created_at`, `created_by`, `updated_at`, `updated_by`) VALUES ('69', '1', 'Continously Learn', '1', '1', 'ContinouslyLearn', '2020-10-06 01:18:37', '1', NULL, NULL);
INSERT INTO `employee_behaviors` (`id`, `eboj_fk_id`, `name`, `midYearRating`, `yearEndRating`, `keyValue`, `created_at`, `created_by`, `updated_at`, `updated_by`) VALUES ('68', '1', 'Coach Others', '3', '3', 'CoachOthers', '2020-10-06 01:18:37', '1', NULL, NULL);
INSERT INTO `employee_behaviors` (`id`, `eboj_fk_id`, `name`, `midYearRating`, `yearEndRating`, `keyValue`, `created_at`, `created_by`, `updated_at`, `updated_by`) VALUES ('67', '1', 'Champion Change', '3', '3', 'ChampionChange', '2020-10-06 01:18:37', '1', NULL, NULL);
INSERT INTO `employee_behaviors` (`id`, `eboj_fk_id`, `name`, `midYearRating`, `yearEndRating`, `keyValue`, `created_at`, `created_by`, `updated_at`, `updated_by`) VALUES ('33', '2', 'Coach Others', '4', '1', 'CoachOthers', '2020-07-02 07:26:43', '2', NULL, NULL);
INSERT INTO `employee_behaviors` (`id`, `eboj_fk_id`, `name`, `midYearRating`, `yearEndRating`, `keyValue`, `created_at`, `created_by`, `updated_at`, `updated_by`) VALUES ('32', '2', 'Champion Change', '4', '3', 'ChampionChange', '2020-07-02 07:26:43', '2', NULL, NULL);
INSERT INTO `employee_behaviors` (`id`, `eboj_fk_id`, `name`, `midYearRating`, `yearEndRating`, `keyValue`, `created_at`, `created_by`, `updated_at`, `updated_by`) VALUES ('31', '2', 'Team Player', '3', '4', 'TeamPlayer', '2020-07-02 07:26:43', '2', NULL, NULL);
INSERT INTO `employee_behaviors` (`id`, `eboj_fk_id`, `name`, `midYearRating`, `yearEndRating`, `keyValue`, `created_at`, `created_by`, `updated_at`, `updated_by`) VALUES ('30', '2', 'Integrity', '3', '4', 'Integrity', '2020-07-02 07:26:43', '2', NULL, NULL);
INSERT INTO `employee_behaviors` (`id`, `eboj_fk_id`, `name`, `midYearRating`, `yearEndRating`, `keyValue`, `created_at`, `created_by`, `updated_at`, `updated_by`) VALUES ('58', '3', 'Coach Others', '4', '1', 'CoachOthers', '2020-07-08 04:16:43', '3', NULL, NULL);
INSERT INTO `employee_behaviors` (`id`, `eboj_fk_id`, `name`, `midYearRating`, `yearEndRating`, `keyValue`, `created_at`, `created_by`, `updated_at`, `updated_by`) VALUES ('57', '3', 'Champion Change', '4', '3', 'ChampionChange', '2020-07-08 04:16:43', '3', NULL, NULL);
INSERT INTO `employee_behaviors` (`id`, `eboj_fk_id`, `name`, `midYearRating`, `yearEndRating`, `keyValue`, `created_at`, `created_by`, `updated_at`, `updated_by`) VALUES ('56', '3', 'Team Player', '3', '4', 'TeamPlayer', '2020-07-08 04:16:43', '3', NULL, NULL);
INSERT INTO `employee_behaviors` (`id`, `eboj_fk_id`, `name`, `midYearRating`, `yearEndRating`, `keyValue`, `created_at`, `created_by`, `updated_at`, `updated_by`) VALUES ('55', '3', 'Integrity', '3', '4', 'Integrity', '2020-07-08 04:16:43', '3', NULL, NULL);
INSERT INTO `employee_behaviors` (`id`, `eboj_fk_id`, `name`, `midYearRating`, `yearEndRating`, `keyValue`, `created_at`, `created_by`, `updated_at`, `updated_by`) VALUES ('34', '2', 'Continously Learn', '3', '4', 'ContinouslyLearn', '2020-07-02 07:26:43', '2', NULL, NULL);
INSERT INTO `employee_behaviors` (`id`, `eboj_fk_id`, `name`, `midYearRating`, `yearEndRating`, `keyValue`, `created_at`, `created_by`, `updated_at`, `updated_by`) VALUES ('59', '3', 'Continously Learn', '3', '4', 'ContinouslyLearn', '2020-07-08 04:16:43', '3', NULL, NULL);
INSERT INTO `employee_behaviors` (`id`, `eboj_fk_id`, `name`, `midYearRating`, `yearEndRating`, `keyValue`, `created_at`, `created_by`, `updated_at`, `updated_by`) VALUES ('39', '4', 'Continously Learn', '5', '3', 'ContinouslyLearn', '2020-07-02 07:28:34', '4', NULL, NULL);
INSERT INTO `employee_behaviors` (`id`, `eboj_fk_id`, `name`, `midYearRating`, `yearEndRating`, `keyValue`, `created_at`, `created_by`, `updated_at`, `updated_by`) VALUES ('38', '4', 'Coach Others', '3', '2', 'CoachOthers', '2020-07-02 07:28:34', '4', NULL, NULL);
INSERT INTO `employee_behaviors` (`id`, `eboj_fk_id`, `name`, `midYearRating`, `yearEndRating`, `keyValue`, `created_at`, `created_by`, `updated_at`, `updated_by`) VALUES ('37', '4', 'Champion Change', '3', '4', 'ChampionChange', '2020-07-02 07:28:34', '4', NULL, NULL);
INSERT INTO `employee_behaviors` (`id`, `eboj_fk_id`, `name`, `midYearRating`, `yearEndRating`, `keyValue`, `created_at`, `created_by`, `updated_at`, `updated_by`) VALUES ('36', '4', 'Team Player', '1', '3', 'TeamPlayer', '2020-07-02 07:28:34', '4', NULL, NULL);
INSERT INTO `employee_behaviors` (`id`, `eboj_fk_id`, `name`, `midYearRating`, `yearEndRating`, `keyValue`, `created_at`, `created_by`, `updated_at`, `updated_by`) VALUES ('35', '4', 'Integrity', '4', '1', 'Integrity', '2020-07-02 07:28:34', '4', NULL, NULL);
INSERT INTO `employee_behaviors` (`id`, `eboj_fk_id`, `name`, `midYearRating`, `yearEndRating`, `keyValue`, `created_at`, `created_by`, `updated_at`, `updated_by`) VALUES ('40', '5', 'Integrity', '2', '1', 'Integrity', '2020-07-05 06:15:54', NULL, NULL, NULL);
INSERT INTO `employee_behaviors` (`id`, `eboj_fk_id`, `name`, `midYearRating`, `yearEndRating`, `keyValue`, `created_at`, `created_by`, `updated_at`, `updated_by`) VALUES ('41', '5', 'Team Player', '2', '1', 'TeamPlayer', '2020-07-05 06:15:54', NULL, NULL, NULL);
INSERT INTO `employee_behaviors` (`id`, `eboj_fk_id`, `name`, `midYearRating`, `yearEndRating`, `keyValue`, `created_at`, `created_by`, `updated_at`, `updated_by`) VALUES ('42', '5', 'Champion Change', '3', '1', 'ChampionChange', '2020-07-05 06:15:54', NULL, NULL, NULL);
INSERT INTO `employee_behaviors` (`id`, `eboj_fk_id`, `name`, `midYearRating`, `yearEndRating`, `keyValue`, `created_at`, `created_by`, `updated_at`, `updated_by`) VALUES ('43', '5', 'Coach Others', '2', '1', 'CoachOthers', '2020-07-05 06:15:54', NULL, NULL, NULL);
INSERT INTO `employee_behaviors` (`id`, `eboj_fk_id`, `name`, `midYearRating`, `yearEndRating`, `keyValue`, `created_at`, `created_by`, `updated_at`, `updated_by`) VALUES ('44', '5', 'Continously Learn', '5', '1', 'ContinouslyLearn', '2020-07-05 06:15:54', NULL, NULL, NULL);
INSERT INTO `employee_behaviors` (`id`, `eboj_fk_id`, `name`, `midYearRating`, `yearEndRating`, `keyValue`, `created_at`, `created_by`, `updated_at`, `updated_by`) VALUES ('45', '6', 'Integrity', '1', '1', 'Integrity', '2020-07-05 06:20:53', NULL, NULL, NULL);
INSERT INTO `employee_behaviors` (`id`, `eboj_fk_id`, `name`, `midYearRating`, `yearEndRating`, `keyValue`, `created_at`, `created_by`, `updated_at`, `updated_by`) VALUES ('46', '6', 'Team Player', '1', '1', 'TeamPlayer', '2020-07-05 06:20:53', NULL, NULL, NULL);
INSERT INTO `employee_behaviors` (`id`, `eboj_fk_id`, `name`, `midYearRating`, `yearEndRating`, `keyValue`, `created_at`, `created_by`, `updated_at`, `updated_by`) VALUES ('47', '6', 'Champion Change', '1', '1', 'ChampionChange', '2020-07-05 06:20:53', NULL, NULL, NULL);
INSERT INTO `employee_behaviors` (`id`, `eboj_fk_id`, `name`, `midYearRating`, `yearEndRating`, `keyValue`, `created_at`, `created_by`, `updated_at`, `updated_by`) VALUES ('48', '6', 'Coach Others', '1', '1', 'CoachOthers', '2020-07-05 06:20:53', NULL, NULL, NULL);
INSERT INTO `employee_behaviors` (`id`, `eboj_fk_id`, `name`, `midYearRating`, `yearEndRating`, `keyValue`, `created_at`, `created_by`, `updated_at`, `updated_by`) VALUES ('49', '6', 'Continously Learn', '1', '1', 'ContinouslyLearn', '2020-07-05 06:20:53', NULL, NULL, NULL);
INSERT INTO `employee_behaviors` (`id`, `eboj_fk_id`, `name`, `midYearRating`, `yearEndRating`, `keyValue`, `created_at`, `created_by`, `updated_at`, `updated_by`) VALUES ('50', '7', 'Integrity', '3', '3', 'Integrity', '2020-07-06 23:47:21', NULL, NULL, NULL);
INSERT INTO `employee_behaviors` (`id`, `eboj_fk_id`, `name`, `midYearRating`, `yearEndRating`, `keyValue`, `created_at`, `created_by`, `updated_at`, `updated_by`) VALUES ('51', '7', 'Team Player', '4', '4', 'TeamPlayer', '2020-07-06 23:47:21', NULL, NULL, NULL);
INSERT INTO `employee_behaviors` (`id`, `eboj_fk_id`, `name`, `midYearRating`, `yearEndRating`, `keyValue`, `created_at`, `created_by`, `updated_at`, `updated_by`) VALUES ('52', '7', 'Champion Change', '4', '4', 'ChampionChange', '2020-07-06 23:47:21', NULL, NULL, NULL);
INSERT INTO `employee_behaviors` (`id`, `eboj_fk_id`, `name`, `midYearRating`, `yearEndRating`, `keyValue`, `created_at`, `created_by`, `updated_at`, `updated_by`) VALUES ('53', '7', 'Coach Others', '4', '3', 'CoachOthers', '2020-07-06 23:47:21', NULL, NULL, NULL);
INSERT INTO `employee_behaviors` (`id`, `eboj_fk_id`, `name`, `midYearRating`, `yearEndRating`, `keyValue`, `created_at`, `created_by`, `updated_at`, `updated_by`) VALUES ('54', '7', 'Continously Learn', '4', '3', 'ContinouslyLearn', '2020-07-06 23:47:21', NULL, NULL, NULL);
INSERT INTO `employee_behaviors` (`id`, `eboj_fk_id`, `name`, `midYearRating`, `yearEndRating`, `keyValue`, `created_at`, `created_by`, `updated_at`, `updated_by`) VALUES ('66', '1', 'Team Player', '3', '4', 'TeamPlayer', '2020-10-06 01:18:37', '1', NULL, NULL);
INSERT INTO `employee_behaviors` (`id`, `eboj_fk_id`, `name`, `midYearRating`, `yearEndRating`, `keyValue`, `created_at`, `created_by`, `updated_at`, `updated_by`) VALUES ('65', '1', 'Integrity', '4', '5', 'Integrity', '2020-10-06 01:18:37', '1', NULL, NULL);
INSERT INTO `employee_behaviors` (`id`, `eboj_fk_id`, `name`, `midYearRating`, `yearEndRating`, `keyValue`, `created_at`, `created_by`, `updated_at`, `updated_by`) VALUES ('70', '8', 'Integrity', '1', '1', 'Integrity', '2020-10-06 01:27:25', NULL, NULL, NULL);
INSERT INTO `employee_behaviors` (`id`, `eboj_fk_id`, `name`, `midYearRating`, `yearEndRating`, `keyValue`, `created_at`, `created_by`, `updated_at`, `updated_by`) VALUES ('71', '8', 'Team Player', '1', '1', 'TeamPlayer', '2020-10-06 01:27:25', NULL, NULL, NULL);
INSERT INTO `employee_behaviors` (`id`, `eboj_fk_id`, `name`, `midYearRating`, `yearEndRating`, `keyValue`, `created_at`, `created_by`, `updated_at`, `updated_by`) VALUES ('72', '8', 'Champion Change', '1', '1', 'ChampionChange', '2020-10-06 01:27:25', NULL, NULL, NULL);
INSERT INTO `employee_behaviors` (`id`, `eboj_fk_id`, `name`, `midYearRating`, `yearEndRating`, `keyValue`, `created_at`, `created_by`, `updated_at`, `updated_by`) VALUES ('73', '8', 'Coach Others', '1', '1', 'CoachOthers', '2020-10-06 01:27:25', NULL, NULL, NULL);
INSERT INTO `employee_behaviors` (`id`, `eboj_fk_id`, `name`, `midYearRating`, `yearEndRating`, `keyValue`, `created_at`, `created_by`, `updated_at`, `updated_by`) VALUES ('74', '8', 'Continously Learn', '1', '1', 'ContinouslyLearn', '2020-10-06 01:27:25', NULL, NULL, NULL);
INSERT INTO `employee_behaviors` (`id`, `eboj_fk_id`, `name`, `midYearRating`, `yearEndRating`, `keyValue`, `created_at`, `created_by`, `updated_at`, `updated_by`) VALUES ('75', '9', 'Integrity', '2', '1', 'Integrity', '2020-10-06 01:28:00', NULL, NULL, NULL);
INSERT INTO `employee_behaviors` (`id`, `eboj_fk_id`, `name`, `midYearRating`, `yearEndRating`, `keyValue`, `created_at`, `created_by`, `updated_at`, `updated_by`) VALUES ('76', '9', 'Team Player', '2', '1', 'TeamPlayer', '2020-10-06 01:28:00', NULL, NULL, NULL);
INSERT INTO `employee_behaviors` (`id`, `eboj_fk_id`, `name`, `midYearRating`, `yearEndRating`, `keyValue`, `created_at`, `created_by`, `updated_at`, `updated_by`) VALUES ('77', '9', 'Champion Change', '5', '1', 'ChampionChange', '2020-10-06 01:28:00', NULL, NULL, NULL);
INSERT INTO `employee_behaviors` (`id`, `eboj_fk_id`, `name`, `midYearRating`, `yearEndRating`, `keyValue`, `created_at`, `created_by`, `updated_at`, `updated_by`) VALUES ('78', '9', 'Coach Others', '5', '1', 'CoachOthers', '2020-10-06 01:28:00', NULL, NULL, NULL);
INSERT INTO `employee_behaviors` (`id`, `eboj_fk_id`, `name`, `midYearRating`, `yearEndRating`, `keyValue`, `created_at`, `created_by`, `updated_at`, `updated_by`) VALUES ('79', '9', 'Continously Learn', '4', '1', 'ContinouslyLearn', '2020-10-06 01:28:00', NULL, NULL, NULL);
INSERT INTO `employee_behaviors` (`id`, `eboj_fk_id`, `name`, `midYearRating`, `yearEndRating`, `keyValue`, `created_at`, `created_by`, `updated_at`, `updated_by`) VALUES ('80', '10', 'Integrity', '2', '1', 'Integrity', '2020-10-06 01:28:22', NULL, NULL, NULL);
INSERT INTO `employee_behaviors` (`id`, `eboj_fk_id`, `name`, `midYearRating`, `yearEndRating`, `keyValue`, `created_at`, `created_by`, `updated_at`, `updated_by`) VALUES ('81', '10', 'Team Player', '2', '1', 'TeamPlayer', '2020-10-06 01:28:22', NULL, NULL, NULL);
INSERT INTO `employee_behaviors` (`id`, `eboj_fk_id`, `name`, `midYearRating`, `yearEndRating`, `keyValue`, `created_at`, `created_by`, `updated_at`, `updated_by`) VALUES ('82', '10', 'Champion Change', '5', '1', 'ChampionChange', '2020-10-06 01:28:22', NULL, NULL, NULL);
INSERT INTO `employee_behaviors` (`id`, `eboj_fk_id`, `name`, `midYearRating`, `yearEndRating`, `keyValue`, `created_at`, `created_by`, `updated_at`, `updated_by`) VALUES ('83', '10', 'Coach Others', '5', '1', 'CoachOthers', '2020-10-06 01:28:22', NULL, NULL, NULL);
INSERT INTO `employee_behaviors` (`id`, `eboj_fk_id`, `name`, `midYearRating`, `yearEndRating`, `keyValue`, `created_at`, `created_by`, `updated_at`, `updated_by`) VALUES ('84', '10', 'Continously Learn', '4', '1', 'ContinouslyLearn', '2020-10-06 01:28:22', NULL, NULL, NULL);
INSERT INTO `employee_behaviors` (`id`, `eboj_fk_id`, `name`, `midYearRating`, `yearEndRating`, `keyValue`, `created_at`, `created_by`, `updated_at`, `updated_by`) VALUES ('85', '11', 'Integrity', '1', '1', 'Integrity', '2020-10-06 01:29:13', NULL, NULL, NULL);
INSERT INTO `employee_behaviors` (`id`, `eboj_fk_id`, `name`, `midYearRating`, `yearEndRating`, `keyValue`, `created_at`, `created_by`, `updated_at`, `updated_by`) VALUES ('86', '11', 'Team Player', '1', '1', 'TeamPlayer', '2020-10-06 01:29:13', NULL, NULL, NULL);
INSERT INTO `employee_behaviors` (`id`, `eboj_fk_id`, `name`, `midYearRating`, `yearEndRating`, `keyValue`, `created_at`, `created_by`, `updated_at`, `updated_by`) VALUES ('87', '11', 'Champion Change', '1', '1', 'ChampionChange', '2020-10-06 01:29:13', NULL, NULL, NULL);
INSERT INTO `employee_behaviors` (`id`, `eboj_fk_id`, `name`, `midYearRating`, `yearEndRating`, `keyValue`, `created_at`, `created_by`, `updated_at`, `updated_by`) VALUES ('88', '11', 'Coach Others', '1', '1', 'CoachOthers', '2020-10-06 01:29:13', NULL, NULL, NULL);
INSERT INTO `employee_behaviors` (`id`, `eboj_fk_id`, `name`, `midYearRating`, `yearEndRating`, `keyValue`, `created_at`, `created_by`, `updated_at`, `updated_by`) VALUES ('89', '11', 'Continously Learn', '1', '1', 'ContinouslyLearn', '2020-10-06 01:29:13', NULL, NULL, NULL);


#
# TABLE STRUCTURE FOR: employee_benifit
#


CREATE TABLE `employee_benifit` (
  `id` int(11) NOT NULL AUTO_INCREMENT,
  `bnf_cl_code` varchar(100) NOT NULL,
  `bnf_cl_code_des` varchar(250) NOT NULL,
  `bnff_acural_date` date NOT NULL,
  `bnf_status` tinyint(4) NOT NULL,
  `employee_id` varchar(30) NOT NULL,
  `benefit_id` int(11) DEFAULT NULL,
  PRIMARY KEY (`id`)
) ENGINE=InnoDB AUTO_INCREMENT=56 DEFAULT CHARSET=latin1;

INSERT INTO `employee_benifit` (`id`, `bnf_cl_code`, `bnf_cl_code_des`, `bnff_acural_date`, `bnf_status`, `employee_id`, `benefit_id`) VALUES ('1', '11111', 'aaaa', '2020-06-10', '1', '3', NULL);
INSERT INTO `employee_benifit` (`id`, `bnf_cl_code`, `bnf_cl_code_des`, `bnff_acural_date`, `bnf_status`, `employee_id`, `benefit_id`) VALUES ('2', '124', 'descriptions', '2020-08-18', '1', '5', NULL);
INSERT INTO `employee_benifit` (`id`, `bnf_cl_code`, `bnf_cl_code_des`, `bnff_acural_date`, `bnf_status`, `employee_id`, `benefit_id`) VALUES ('3', '567', 'description', '2020-08-18', '1', '5', NULL);
INSERT INTO `employee_benifit` (`id`, `bnf_cl_code`, `bnf_cl_code_des`, `bnff_acural_date`, `bnf_status`, `employee_id`, `benefit_id`) VALUES ('14', '', 'descsre', '2020-08-19', '1', '7', '4');
INSERT INTO `employee_benifit` (`id`, `bnf_cl_code`, `bnf_cl_code_des`, `bnff_acural_date`, `bnf_status`, `employee_id`, `benefit_id`) VALUES ('15', '', 'descriptions', '2020-08-18', '1', '7', '3');
INSERT INTO `employee_benifit` (`id`, `bnf_cl_code`, `bnf_cl_code_des`, `bnff_acural_date`, `bnf_status`, `employee_id`, `benefit_id`) VALUES ('21', '', 'descriptions', '2020-08-19', '1', '8', '4');
INSERT INTO `employee_benifit` (`id`, `bnf_cl_code`, `bnf_cl_code_des`, `bnff_acural_date`, `bnf_status`, `employee_id`, `benefit_id`) VALUES ('22', '', 'descrs', '2020-08-19', '1', '1', '3');
INSERT INTO `employee_benifit` (`id`, `bnf_cl_code`, `bnf_cl_code_des`, `bnff_acural_date`, `bnf_status`, `employee_id`, `benefit_id`) VALUES ('23', '', 'descrs', '2020-08-19', '1', '1', '3');
INSERT INTO `employee_benifit` (`id`, `bnf_cl_code`, `bnf_cl_code_des`, `bnff_acural_date`, `bnf_status`, `employee_id`, `benefit_id`) VALUES ('24', '', 'descrs', '2020-08-19', '1', '', '3');
INSERT INTO `employee_benifit` (`id`, `bnf_cl_code`, `bnf_cl_code_des`, `bnff_acural_date`, `bnf_status`, `employee_id`, `benefit_id`) VALUES ('30', '', 'descrs', '2020-08-19', '1', '10', '3');
INSERT INTO `employee_benifit` (`id`, `bnf_cl_code`, `bnf_cl_code_des`, `bnff_acural_date`, `bnf_status`, `employee_id`, `benefit_id`) VALUES ('33', '', 'descrs', '2020-08-19', '1', '11', '3');
INSERT INTO `employee_benifit` (`id`, `bnf_cl_code`, `bnf_cl_code_des`, `bnff_acural_date`, `bnf_status`, `employee_id`, `benefit_id`) VALUES ('34', '', 'Extra', '2020-08-18', '1', '11', '4');
INSERT INTO `employee_benifit` (`id`, `bnf_cl_code`, `bnf_cl_code_des`, `bnff_acural_date`, `bnf_status`, `employee_id`, `benefit_id`) VALUES ('38', '', 'descritpion', '2020-08-31', '1', '13', '6');
INSERT INTO `employee_benifit` (`id`, `bnf_cl_code`, `bnf_cl_code_des`, `bnff_acural_date`, `bnf_status`, `employee_id`, `benefit_id`) VALUES ('42', '', 'addition 1', '2020-10-04', '1', '16', '1');
INSERT INTO `employee_benifit` (`id`, `bnf_cl_code`, `bnf_cl_code_des`, `bnff_acural_date`, `bnf_status`, `employee_id`, `benefit_id`) VALUES ('45', '', 'addition 1', '2020-10-04', '1', '15', '1');
INSERT INTO `employee_benifit` (`id`, `bnf_cl_code`, `bnf_cl_code_des`, `bnff_acural_date`, `bnf_status`, `employee_id`, `benefit_id`) VALUES ('46', '', 'addition 2', '2020-10-04', '1', '15', '2');
INSERT INTO `employee_benifit` (`id`, `bnf_cl_code`, `bnf_cl_code_des`, `bnff_acural_date`, `bnf_status`, `employee_id`, `benefit_id`) VALUES ('48', '', 'TA/DA', '2020-12-03', '1', '17', '2');
INSERT INTO `employee_benifit` (`id`, `bnf_cl_code`, `bnf_cl_code_des`, `bnff_acural_date`, `bnf_status`, `employee_id`, `benefit_id`) VALUES ('54', '', '', '2021-03-08', '1', '18', '1');
INSERT INTO `employee_benifit` (`id`, `bnf_cl_code`, `bnf_cl_code_des`, `bnff_acural_date`, `bnf_status`, `employee_id`, `benefit_id`) VALUES ('55', '', '', '2021-03-16', '1', '29', '5');


#
# TABLE STRUCTURE FOR: employee_document
#


CREATE TABLE `employee_document` (
  `id` int(11) NOT NULL AUTO_INCREMENT,
  `name` varchar(100) DEFAULT NULL,
  `status` int(1) NOT NULL DEFAULT '1',
  `created_at` timestamp NOT NULL DEFAULT CURRENT_TIMESTAMP,
  `created_by` int(11) DEFAULT NULL,
  `updated_at` datetime DEFAULT NULL,
  `updated_by` int(11) DEFAULT NULL,
  PRIMARY KEY (`id`)
) ENGINE=MyISAM AUTO_INCREMENT=2 DEFAULT CHARSET=latin1;

INSERT INTO `employee_document` (`id`, `name`, `status`, `created_at`, `created_by`, `updated_at`, `updated_by`) VALUES ('1', 'Obaid Baloch', '1', '2020-07-09 04:52:14', '1', NULL, NULL);


#
# TABLE STRUCTURE FOR: employee_document_fields
#


CREATE TABLE `employee_document_fields` (
  `id` int(11) NOT NULL AUTO_INCREMENT,
  `employee_document_id` int(11) DEFAULT NULL,
  `department_id` int(11) DEFAULT NULL,
  `required_status` int(1) DEFAULT NULL COMMENT '0=Optional; 1=Mandatory',
  PRIMARY KEY (`id`),
  KEY `employee_document_id` (`employee_document_id`),
  KEY `department_id` (`department_id`)
) ENGINE=MyISAM AUTO_INCREMENT=4 DEFAULT CHARSET=latin1;

INSERT INTO `employee_document_fields` (`id`, `employee_document_id`, `department_id`, `required_status`) VALUES ('1', '1', '3', '1');
INSERT INTO `employee_document_fields` (`id`, `employee_document_id`, `department_id`, `required_status`) VALUES ('2', '1', '3', '0');
INSERT INTO `employee_document_fields` (`id`, `employee_document_id`, `department_id`, `required_status`) VALUES ('3', '1', '4', '1');


#
# TABLE STRUCTURE FOR: employee_document_register
#


CREATE TABLE `employee_document_register` (
  `id` int(11) NOT NULL AUTO_INCREMENT,
  `employee_id` int(11) DEFAULT NULL,
  `document_id` int(11) DEFAULT NULL,
  `document_link` text,
  `created_at` timestamp NOT NULL DEFAULT CURRENT_TIMESTAMP,
  `created_by` int(11) DEFAULT NULL,
  `updated_at` datetime DEFAULT NULL,
  `updated_by` int(11) DEFAULT NULL,
  PRIMARY KEY (`id`)
) ENGINE=MyISAM DEFAULT CHARSET=latin1;

#
# TABLE STRUCTURE FOR: employee_equipment
#


CREATE TABLE `employee_equipment` (
  `id` int(11) NOT NULL AUTO_INCREMENT,
  `employee_id` varchar(20) NOT NULL,
  `equipment_id` int(11) NOT NULL,
  `issue_date` date NOT NULL,
  `damarage_desc` text NOT NULL,
  `return_date` date NOT NULL,
  PRIMARY KEY (`id`)
) ENGINE=InnoDB DEFAULT CHARSET=latin1;

#
# TABLE STRUCTURE FOR: employee_history
#


CREATE TABLE `employee_history` (
  `emp_his_id` int(11) NOT NULL AUTO_INCREMENT,
  `employee_id` varchar(30) NOT NULL,
  `pos_id` varchar(30) NOT NULL,
  `first_name` varchar(30) NOT NULL,
  `middle_name` varchar(50) DEFAULT NULL,
  `last_name` varchar(30) DEFAULT NULL,
  `email` varchar(32) NOT NULL,
  `phone` varchar(30) NOT NULL,
  `alter_phone` varchar(30) DEFAULT NULL,
  `present_address` varchar(100) DEFAULT NULL,
  `parmanent_address` varchar(100) DEFAULT NULL,
  `picture` text,
  `degree_name` varchar(30) DEFAULT NULL,
  `university_name` varchar(50) DEFAULT NULL,
  `cgp` varchar(30) DEFAULT NULL,
  `passing_year` varchar(30) DEFAULT NULL,
  `company_name` varchar(30) DEFAULT NULL,
  `working_period` varchar(30) DEFAULT NULL,
  `duties` varchar(30) DEFAULT NULL,
  `supervisor` varchar(30) DEFAULT NULL,
  `signature` text,
  `is_admin` int(2) NOT NULL DEFAULT '0',
  `dept_id` int(11) DEFAULT NULL,
  `division_id` int(11) DEFAULT NULL,
  `maiden_name` varchar(50) DEFAULT NULL,
  `state` varchar(30) DEFAULT NULL,
  `city` varchar(30) DEFAULT NULL,
  `zip` int(11) DEFAULT NULL,
  `citizenship` int(11) DEFAULT NULL,
  `duty_type` int(11) DEFAULT NULL,
  `hire_date` date DEFAULT NULL,
  `original_hire_date` date DEFAULT NULL,
  `termination_date` date DEFAULT NULL,
  `termination_reason` text,
  `voluntary_termination` int(11) DEFAULT NULL,
  `rehire_date` date DEFAULT NULL,
  `rate_type` int(11) DEFAULT NULL,
  `rate` float DEFAULT NULL,
  `pay_frequency` int(11) DEFAULT NULL,
  `pay_frequency_txt` varchar(50) DEFAULT NULL,
  `hourly_rate2` float DEFAULT NULL,
  `hourly_rate3` float DEFAULT NULL,
  `home_department` varchar(100) DEFAULT NULL,
  `department_text` varchar(100) DEFAULT NULL,
  `class_code` varchar(50) DEFAULT NULL,
  `class_code_desc` varchar(100) DEFAULT NULL,
  `class_acc_date` date DEFAULT NULL,
  `class_status` tinyint(4) DEFAULT NULL,
  `is_super_visor` int(11) DEFAULT NULL,
  `super_visor_id` varchar(30) DEFAULT NULL,
  `indirect_super_visor_id` int(11) DEFAULT NULL,
  `supervisor_report` text,
  `dob` date DEFAULT NULL,
  `gender` int(11) DEFAULT NULL,
  `marital_status` int(11) DEFAULT NULL,
  `ethnic_group` varchar(100) DEFAULT NULL,
  `eeo_class_gp` varchar(100) DEFAULT NULL,
  `ssn` varchar(50) DEFAULT NULL,
  `work_in_state` int(11) DEFAULT NULL,
  `live_in_state` int(11) DEFAULT NULL,
  `home_email` varchar(50) DEFAULT NULL,
  `business_email` varchar(50) DEFAULT NULL,
  `home_phone` varchar(30) DEFAULT NULL,
  `business_phone` varchar(30) DEFAULT NULL,
  `cell_phone` varchar(30) DEFAULT NULL,
  `emerg_contct` varchar(30) DEFAULT NULL,
  `emrg_h_phone` varchar(30) DEFAULT NULL,
  `emrg_w_phone` varchar(30) DEFAULT NULL,
  `emgr_contct_relation` varchar(50) DEFAULT NULL,
  `alt_em_contct` varchar(30) DEFAULT NULL,
  `alt_emg_h_phone` varchar(30) DEFAULT NULL,
  `alt_emg_w_phone` varchar(30) DEFAULT NULL,
  `shift` int(11) DEFAULT NULL,
  `probation_period` int(11) DEFAULT NULL,
  `performance_duration` int(11) DEFAULT NULL,
  `resignation_date` date DEFAULT NULL,
  `cnic` int(25) DEFAULT NULL,
  `current_salary` int(11) DEFAULT NULL,
  `hired_salary` int(11) DEFAULT NULL,
  `first_salary` int(11) DEFAULT NULL,
  `second_salary` int(11) DEFAULT NULL,
  `third_salary` int(11) DEFAULT NULL,
  PRIMARY KEY (`emp_his_id`)
) ENGINE=InnoDB AUTO_INCREMENT=30 DEFAULT CHARSET=utf8;

INSERT INTO `employee_history` (`emp_his_id`, `employee_id`, `pos_id`, `first_name`, `middle_name`, `last_name`, `email`, `phone`, `alter_phone`, `present_address`, `parmanent_address`, `picture`, `degree_name`, `university_name`, `cgp`, `passing_year`, `company_name`, `working_period`, `duties`, `supervisor`, `signature`, `is_admin`, `dept_id`, `division_id`, `maiden_name`, `state`, `city`, `zip`, `citizenship`, `duty_type`, `hire_date`, `original_hire_date`, `termination_date`, `termination_reason`, `voluntary_termination`, `rehire_date`, `rate_type`, `rate`, `pay_frequency`, `pay_frequency_txt`, `hourly_rate2`, `hourly_rate3`, `home_department`, `department_text`, `class_code`, `class_code_desc`, `class_acc_date`, `class_status`, `is_super_visor`, `super_visor_id`, `indirect_super_visor_id`, `supervisor_report`, `dob`, `gender`, `marital_status`, `ethnic_group`, `eeo_class_gp`, `ssn`, `work_in_state`, `live_in_state`, `home_email`, `business_email`, `home_phone`, `business_phone`, `cell_phone`, `emerg_contct`, `emrg_h_phone`, `emrg_w_phone`, `emgr_contct_relation`, `alt_em_contct`, `alt_emg_h_phone`, `alt_emg_w_phone`, `shift`, `probation_period`, `performance_duration`, `resignation_date`, `cnic`, `current_salary`, `hired_salary`, `first_salary`, `second_salary`, `third_salary`) VALUES ('1', '1', '2', 'George', '', 'Bell', 'georgebell@mailinator.com', '123456789', '', NULL, NULL, './application/modules/employee/assets/images/2020-06-08/Chr.jpg', NULL, NULL, NULL, NULL, NULL, NULL, NULL, NULL, NULL, '0', '2', '0', '', 'Pakistan', 'Karachi', '0', '0', '1', '2019-06-08', '2020-05-08', '2020-06-08', '', '0', '2020-06-08', '2', '50000', '4', '', '0', '0', '', '', '', '', '2020-06-08', '1', '1', 'self', NULL, '', '1987-09-01', '1', '1', '', '', '7657657657', '1', '1', '', '', '868768768768', '', '768768768887', 'hgfhf ', '86768768768768', '78787687687687', '', '', '', '', NULL, NULL, NULL, NULL, NULL, NULL, NULL, NULL, NULL, NULL);
INSERT INTO `employee_history` (`emp_his_id`, `employee_id`, `pos_id`, `first_name`, `middle_name`, `last_name`, `email`, `phone`, `alter_phone`, `present_address`, `parmanent_address`, `picture`, `degree_name`, `university_name`, `cgp`, `passing_year`, `company_name`, `working_period`, `duties`, `supervisor`, `signature`, `is_admin`, `dept_id`, `division_id`, `maiden_name`, `state`, `city`, `zip`, `citizenship`, `duty_type`, `hire_date`, `original_hire_date`, `termination_date`, `termination_reason`, `voluntary_termination`, `rehire_date`, `rate_type`, `rate`, `pay_frequency`, `pay_frequency_txt`, `hourly_rate2`, `hourly_rate3`, `home_department`, `department_text`, `class_code`, `class_code_desc`, `class_acc_date`, `class_status`, `is_super_visor`, `super_visor_id`, `indirect_super_visor_id`, `supervisor_report`, `dob`, `gender`, `marital_status`, `ethnic_group`, `eeo_class_gp`, `ssn`, `work_in_state`, `live_in_state`, `home_email`, `business_email`, `home_phone`, `business_phone`, `cell_phone`, `emerg_contct`, `emrg_h_phone`, `emrg_w_phone`, `emgr_contct_relation`, `alt_em_contct`, `alt_emg_h_phone`, `alt_emg_w_phone`, `shift`, `probation_period`, `performance_duration`, `resignation_date`, `cnic`, `current_salary`, `hired_salary`, `first_salary`, `second_salary`, `third_salary`) VALUES ('2', '2', '1', 'testEmployee', '', '', 'hasnain@mailinator.com', '123456789', '', NULL, NULL, '', NULL, NULL, NULL, NULL, NULL, NULL, NULL, NULL, NULL, '0', '2', '3', '', 'pakistan', '', '0', NULL, '1', '2020-06-10', '2020-06-10', '2020-06-10', '', '0', '2020-06-10', '2', '100', NULL, '', NULL, NULL, '', NULL, NULL, NULL, '2020-08-18', NULL, '0', '1', '1', 'asdf', '2020-06-03', '1', '1', '', NULL, '12345678', '1', '1', '', '', '1231645564', '', '231234156456', '12356456', '23123132', '321231', '', '', '', '', '2', '2', '0', NULL, '2147483647', NULL, NULL, NULL, NULL, NULL);
INSERT INTO `employee_history` (`emp_his_id`, `employee_id`, `pos_id`, `first_name`, `middle_name`, `last_name`, `email`, `phone`, `alter_phone`, `present_address`, `parmanent_address`, `picture`, `degree_name`, `university_name`, `cgp`, `passing_year`, `company_name`, `working_period`, `duties`, `supervisor`, `signature`, `is_admin`, `dept_id`, `division_id`, `maiden_name`, `state`, `city`, `zip`, `citizenship`, `duty_type`, `hire_date`, `original_hire_date`, `termination_date`, `termination_reason`, `voluntary_termination`, `rehire_date`, `rate_type`, `rate`, `pay_frequency`, `pay_frequency_txt`, `hourly_rate2`, `hourly_rate3`, `home_department`, `department_text`, `class_code`, `class_code_desc`, `class_acc_date`, `class_status`, `is_super_visor`, `super_visor_id`, `indirect_super_visor_id`, `supervisor_report`, `dob`, `gender`, `marital_status`, `ethnic_group`, `eeo_class_gp`, `ssn`, `work_in_state`, `live_in_state`, `home_email`, `business_email`, `home_phone`, `business_phone`, `cell_phone`, `emerg_contct`, `emrg_h_phone`, `emrg_w_phone`, `emgr_contct_relation`, `alt_em_contct`, `alt_emg_h_phone`, `alt_emg_w_phone`, `shift`, `probation_period`, `performance_duration`, `resignation_date`, `cnic`, `current_salary`, `hired_salary`, `first_salary`, `second_salary`, `third_salary`) VALUES ('3', '3', '1', 'Obaid', '', 'Baloch', 'obaidrehman07@mailinator.com', '03232906018', '', NULL, NULL, '', NULL, NULL, NULL, NULL, NULL, NULL, NULL, NULL, NULL, '0', '2', '0', 'Baloch', 'Pakistan', 'Karachi', '75050', '1', '1', '2017-06-01', '2018-06-01', '2020-06-10', '', '0', '2020-06-10', '2', '15000', '4', 'mid', '700', '800', 'Self Side', 'Virtual Working', NULL, NULL, '2020-07-06', NULL, '0', '1', NULL, 'Jems', '2020-06-10', '1', '1', '', '', 'SSN', '1', '1', 'admin@admin.com', 'admin@admin.com', '03232906018', '', '+923232906018', '111111111', '11111111', '111111111', 'sss', 'fffff', 'dddd', '111111', '0', NULL, NULL, NULL, NULL, NULL, NULL, NULL, NULL, NULL);
INSERT INTO `employee_history` (`emp_his_id`, `employee_id`, `pos_id`, `first_name`, `middle_name`, `last_name`, `email`, `phone`, `alter_phone`, `present_address`, `parmanent_address`, `picture`, `degree_name`, `university_name`, `cgp`, `passing_year`, `company_name`, `working_period`, `duties`, `supervisor`, `signature`, `is_admin`, `dept_id`, `division_id`, `maiden_name`, `state`, `city`, `zip`, `citizenship`, `duty_type`, `hire_date`, `original_hire_date`, `termination_date`, `termination_reason`, `voluntary_termination`, `rehire_date`, `rate_type`, `rate`, `pay_frequency`, `pay_frequency_txt`, `hourly_rate2`, `hourly_rate3`, `home_department`, `department_text`, `class_code`, `class_code_desc`, `class_acc_date`, `class_status`, `is_super_visor`, `super_visor_id`, `indirect_super_visor_id`, `supervisor_report`, `dob`, `gender`, `marital_status`, `ethnic_group`, `eeo_class_gp`, `ssn`, `work_in_state`, `live_in_state`, `home_email`, `business_email`, `home_phone`, `business_phone`, `cell_phone`, `emerg_contct`, `emrg_h_phone`, `emrg_w_phone`, `emgr_contct_relation`, `alt_em_contct`, `alt_emg_h_phone`, `alt_emg_w_phone`, `shift`, `probation_period`, `performance_duration`, `resignation_date`, `cnic`, `current_salary`, `hired_salary`, `first_salary`, `second_salary`, `third_salary`) VALUES ('4', '4', '2', 'TestEmployee2', '', 'TestEmployee2', 'testEmployee1@mailinator.com', '123456789', '', NULL, NULL, '', NULL, NULL, NULL, NULL, NULL, NULL, NULL, NULL, NULL, '0', '5', '3', '', '0', '', '0', '1', '2', '2020-07-09', '2020-07-09', '2020-07-13', '', '0', '2020-07-09', '2', '10', NULL, '', NULL, NULL, '', NULL, NULL, NULL, '2020-08-17', NULL, '1', '1', '5', 'recrer', '2020-07-09', '2', '1', '', '', '111', '1', '1', 'hasnain.khan@appedology.com', 'hasnain.khan@appedology.com', '123123', '', '123123', '12356456', '123123', '123123', '', '', '', '', '2', '2', '0', '2020-07-13', NULL, NULL, NULL, NULL, NULL, NULL);
INSERT INTO `employee_history` (`emp_his_id`, `employee_id`, `pos_id`, `first_name`, `middle_name`, `last_name`, `email`, `phone`, `alter_phone`, `present_address`, `parmanent_address`, `picture`, `degree_name`, `university_name`, `cgp`, `passing_year`, `company_name`, `working_period`, `duties`, `supervisor`, `signature`, `is_admin`, `dept_id`, `division_id`, `maiden_name`, `state`, `city`, `zip`, `citizenship`, `duty_type`, `hire_date`, `original_hire_date`, `termination_date`, `termination_reason`, `voluntary_termination`, `rehire_date`, `rate_type`, `rate`, `pay_frequency`, `pay_frequency_txt`, `hourly_rate2`, `hourly_rate3`, `home_department`, `department_text`, `class_code`, `class_code_desc`, `class_acc_date`, `class_status`, `is_super_visor`, `super_visor_id`, `indirect_super_visor_id`, `supervisor_report`, `dob`, `gender`, `marital_status`, `ethnic_group`, `eeo_class_gp`, `ssn`, `work_in_state`, `live_in_state`, `home_email`, `business_email`, `home_phone`, `business_phone`, `cell_phone`, `emerg_contct`, `emrg_h_phone`, `emrg_w_phone`, `emgr_contct_relation`, `alt_em_contct`, `alt_emg_h_phone`, `alt_emg_w_phone`, `shift`, `probation_period`, `performance_duration`, `resignation_date`, `cnic`, `current_salary`, `hired_salary`, `first_salary`, `second_salary`, `third_salary`) VALUES ('5', '5', '2', 'imran', '', '', 'imran@gmail.com', '123123', '', NULL, NULL, NULL, NULL, NULL, NULL, NULL, NULL, NULL, NULL, NULL, NULL, '0', '2', '3', '', '0', '', '0', '1', '1', '2020-08-17', '2020-08-17', '2020-08-17', '', '0', '2020-08-17', '2', '1000', NULL, '', NULL, NULL, '', NULL, NULL, NULL, '2020-08-17', NULL, '1', '', NULL, '', '2020-08-18', '2', '1', '', '', 'ssc', '1', '1', '', '', '123123', '', '123123123', '123123', '123123', '123123123123', '', '', '', '', '0', '0', '0', NULL, NULL, NULL, NULL, NULL, NULL, NULL);
INSERT INTO `employee_history` (`emp_his_id`, `employee_id`, `pos_id`, `first_name`, `middle_name`, `last_name`, `email`, `phone`, `alter_phone`, `present_address`, `parmanent_address`, `picture`, `degree_name`, `university_name`, `cgp`, `passing_year`, `company_name`, `working_period`, `duties`, `supervisor`, `signature`, `is_admin`, `dept_id`, `division_id`, `maiden_name`, `state`, `city`, `zip`, `citizenship`, `duty_type`, `hire_date`, `original_hire_date`, `termination_date`, `termination_reason`, `voluntary_termination`, `rehire_date`, `rate_type`, `rate`, `pay_frequency`, `pay_frequency_txt`, `hourly_rate2`, `hourly_rate3`, `home_department`, `department_text`, `class_code`, `class_code_desc`, `class_acc_date`, `class_status`, `is_super_visor`, `super_visor_id`, `indirect_super_visor_id`, `supervisor_report`, `dob`, `gender`, `marital_status`, `ethnic_group`, `eeo_class_gp`, `ssn`, `work_in_state`, `live_in_state`, `home_email`, `business_email`, `home_phone`, `business_phone`, `cell_phone`, `emerg_contct`, `emrg_h_phone`, `emrg_w_phone`, `emgr_contct_relation`, `alt_em_contct`, `alt_emg_h_phone`, `alt_emg_w_phone`, `shift`, `probation_period`, `performance_duration`, `resignation_date`, `cnic`, `current_salary`, `hired_salary`, `first_salary`, `second_salary`, `third_salary`) VALUES ('6', '6', '2', 'abcd', '', '', 'abc@gmail.com', '123123123', '', NULL, NULL, NULL, NULL, NULL, NULL, NULL, NULL, NULL, NULL, NULL, NULL, '0', '3', '3', '', '0', '', '0', '1', '1', '2020-08-18', '2020-08-18', '2020-08-17', '', '0', '2020-08-17', '2', '123123', NULL, '', NULL, NULL, '', NULL, NULL, NULL, '2020-08-17', NULL, '1', '4', NULL, 'adfasdf', '2020-08-18', '2', '1', '', '', 'asdf', '1', '1', '', '', '123123', '', '123123123', '123123', '123123', '123123', '', '', '', '', '0', '0', '0', NULL, NULL, NULL, NULL, NULL, NULL, NULL);
INSERT INTO `employee_history` (`emp_his_id`, `employee_id`, `pos_id`, `first_name`, `middle_name`, `last_name`, `email`, `phone`, `alter_phone`, `present_address`, `parmanent_address`, `picture`, `degree_name`, `university_name`, `cgp`, `passing_year`, `company_name`, `working_period`, `duties`, `supervisor`, `signature`, `is_admin`, `dept_id`, `division_id`, `maiden_name`, `state`, `city`, `zip`, `citizenship`, `duty_type`, `hire_date`, `original_hire_date`, `termination_date`, `termination_reason`, `voluntary_termination`, `rehire_date`, `rate_type`, `rate`, `pay_frequency`, `pay_frequency_txt`, `hourly_rate2`, `hourly_rate3`, `home_department`, `department_text`, `class_code`, `class_code_desc`, `class_acc_date`, `class_status`, `is_super_visor`, `super_visor_id`, `indirect_super_visor_id`, `supervisor_report`, `dob`, `gender`, `marital_status`, `ethnic_group`, `eeo_class_gp`, `ssn`, `work_in_state`, `live_in_state`, `home_email`, `business_email`, `home_phone`, `business_phone`, `cell_phone`, `emerg_contct`, `emrg_h_phone`, `emrg_w_phone`, `emgr_contct_relation`, `alt_em_contct`, `alt_emg_h_phone`, `alt_emg_w_phone`, `shift`, `probation_period`, `performance_duration`, `resignation_date`, `cnic`, `current_salary`, `hired_salary`, `first_salary`, `second_salary`, `third_salary`) VALUES ('7', '7', '2', 'abcd', '', '', 'abc@gmail.com', '123123123', '', NULL, NULL, '', NULL, NULL, NULL, NULL, NULL, NULL, NULL, NULL, NULL, '0', '3', '3', '', '0', '', '0', NULL, '1', '2020-08-18', '2020-08-18', '2020-08-17', '', '0', '2020-08-17', '2', '123123', NULL, '', NULL, NULL, '', NULL, NULL, NULL, '2020-08-17', NULL, '1', '4', '0', 'adfasdf', '2020-08-18', '2', '1', '', NULL, 'asdf', '1', '1', '', '', '123123', '', '123123123', '123123', '123123', '123123', '', '', '', '', '0', '0', '0', NULL, '123123', NULL, NULL, NULL, NULL, NULL);
INSERT INTO `employee_history` (`emp_his_id`, `employee_id`, `pos_id`, `first_name`, `middle_name`, `last_name`, `email`, `phone`, `alter_phone`, `present_address`, `parmanent_address`, `picture`, `degree_name`, `university_name`, `cgp`, `passing_year`, `company_name`, `working_period`, `duties`, `supervisor`, `signature`, `is_admin`, `dept_id`, `division_id`, `maiden_name`, `state`, `city`, `zip`, `citizenship`, `duty_type`, `hire_date`, `original_hire_date`, `termination_date`, `termination_reason`, `voluntary_termination`, `rehire_date`, `rate_type`, `rate`, `pay_frequency`, `pay_frequency_txt`, `hourly_rate2`, `hourly_rate3`, `home_department`, `department_text`, `class_code`, `class_code_desc`, `class_acc_date`, `class_status`, `is_super_visor`, `super_visor_id`, `indirect_super_visor_id`, `supervisor_report`, `dob`, `gender`, `marital_status`, `ethnic_group`, `eeo_class_gp`, `ssn`, `work_in_state`, `live_in_state`, `home_email`, `business_email`, `home_phone`, `business_phone`, `cell_phone`, `emerg_contct`, `emrg_h_phone`, `emrg_w_phone`, `emgr_contct_relation`, `alt_em_contct`, `alt_emg_h_phone`, `alt_emg_w_phone`, `shift`, `probation_period`, `performance_duration`, `resignation_date`, `cnic`, `current_salary`, `hired_salary`, `first_salary`, `second_salary`, `third_salary`) VALUES ('8', '8', '2', 'danish', '', '', 'danish@gmail.com', '12123123123', '', NULL, NULL, '', NULL, NULL, NULL, NULL, NULL, NULL, NULL, NULL, NULL, '0', '2', '3', '', 'pakistan', 'Karachi', '0', NULL, '1', '2020-08-18', '2020-08-18', '2020-08-17', '', '0', '2020-08-17', '2', '123123', NULL, '', NULL, NULL, '', NULL, NULL, NULL, '2020-08-18', NULL, '1', '5', '6', 'dasfasdf', '2020-08-17', '2', '1', '', NULL, NULL, '1', '1', '', '', '123123123', '', '123123123', '', '', '', '', '', '', '', '0', '0', '0', NULL, '123123', NULL, NULL, NULL, NULL, NULL);
INSERT INTO `employee_history` (`emp_his_id`, `employee_id`, `pos_id`, `first_name`, `middle_name`, `last_name`, `email`, `phone`, `alter_phone`, `present_address`, `parmanent_address`, `picture`, `degree_name`, `university_name`, `cgp`, `passing_year`, `company_name`, `working_period`, `duties`, `supervisor`, `signature`, `is_admin`, `dept_id`, `division_id`, `maiden_name`, `state`, `city`, `zip`, `citizenship`, `duty_type`, `hire_date`, `original_hire_date`, `termination_date`, `termination_reason`, `voluntary_termination`, `rehire_date`, `rate_type`, `rate`, `pay_frequency`, `pay_frequency_txt`, `hourly_rate2`, `hourly_rate3`, `home_department`, `department_text`, `class_code`, `class_code_desc`, `class_acc_date`, `class_status`, `is_super_visor`, `super_visor_id`, `indirect_super_visor_id`, `supervisor_report`, `dob`, `gender`, `marital_status`, `ethnic_group`, `eeo_class_gp`, `ssn`, `work_in_state`, `live_in_state`, `home_email`, `business_email`, `home_phone`, `business_phone`, `cell_phone`, `emerg_contct`, `emrg_h_phone`, `emrg_w_phone`, `emgr_contct_relation`, `alt_em_contct`, `alt_emg_h_phone`, `alt_emg_w_phone`, `shift`, `probation_period`, `performance_duration`, `resignation_date`, `cnic`, `current_salary`, `hired_salary`, `first_salary`, `second_salary`, `third_salary`) VALUES ('9', '9', '2', 'fahad', '', '', 'fahad@gmail.com', '123456', '', NULL, NULL, '', NULL, NULL, NULL, NULL, NULL, NULL, NULL, NULL, NULL, '0', '1', '3', '', 'pakistan', '', '0', NULL, '2', '2020-08-18', '2020-08-18', '2020-08-18', '', '0', '2020-08-18', '2', '20000', NULL, NULL, NULL, NULL, NULL, NULL, NULL, NULL, '2021-03-11', NULL, '0', '4', '0', NULL, '2020-08-18', '2', '1', '', NULL, NULL, NULL, NULL, '', '', '123123123', '', '123123123123', '', '', '', '', '', '', '', '0', '1', '0', NULL, '2147483647', '50000', '40000', '40000', '50000', '0');
INSERT INTO `employee_history` (`emp_his_id`, `employee_id`, `pos_id`, `first_name`, `middle_name`, `last_name`, `email`, `phone`, `alter_phone`, `present_address`, `parmanent_address`, `picture`, `degree_name`, `university_name`, `cgp`, `passing_year`, `company_name`, `working_period`, `duties`, `supervisor`, `signature`, `is_admin`, `dept_id`, `division_id`, `maiden_name`, `state`, `city`, `zip`, `citizenship`, `duty_type`, `hire_date`, `original_hire_date`, `termination_date`, `termination_reason`, `voluntary_termination`, `rehire_date`, `rate_type`, `rate`, `pay_frequency`, `pay_frequency_txt`, `hourly_rate2`, `hourly_rate3`, `home_department`, `department_text`, `class_code`, `class_code_desc`, `class_acc_date`, `class_status`, `is_super_visor`, `super_visor_id`, `indirect_super_visor_id`, `supervisor_report`, `dob`, `gender`, `marital_status`, `ethnic_group`, `eeo_class_gp`, `ssn`, `work_in_state`, `live_in_state`, `home_email`, `business_email`, `home_phone`, `business_phone`, `cell_phone`, `emerg_contct`, `emrg_h_phone`, `emrg_w_phone`, `emgr_contct_relation`, `alt_em_contct`, `alt_emg_h_phone`, `alt_emg_w_phone`, `shift`, `probation_period`, `performance_duration`, `resignation_date`, `cnic`, `current_salary`, `hired_salary`, `first_salary`, `second_salary`, `third_salary`) VALUES ('10', '10', '4', 'amir', '', '', 'amir@gmail.com', '123', '', NULL, NULL, '', NULL, NULL, NULL, NULL, NULL, NULL, NULL, NULL, NULL, '0', '2', '3', '', 'pakistan', '', '0', NULL, '1', '2020-08-18', '2020-08-18', '2020-08-18', '', '0', '2020-08-18', '2', '123', NULL, '', NULL, NULL, '', NULL, NULL, NULL, '2020-08-19', NULL, '0', '', '0', '', '2020-08-19', '2', '1', '', NULL, NULL, '1', '1', '', '', '123123123123123', '', '', '', '', '', '', '', '', '', '0', '0', '0', NULL, '123123', NULL, NULL, NULL, NULL, NULL);
INSERT INTO `employee_history` (`emp_his_id`, `employee_id`, `pos_id`, `first_name`, `middle_name`, `last_name`, `email`, `phone`, `alter_phone`, `present_address`, `parmanent_address`, `picture`, `degree_name`, `university_name`, `cgp`, `passing_year`, `company_name`, `working_period`, `duties`, `supervisor`, `signature`, `is_admin`, `dept_id`, `division_id`, `maiden_name`, `state`, `city`, `zip`, `citizenship`, `duty_type`, `hire_date`, `original_hire_date`, `termination_date`, `termination_reason`, `voluntary_termination`, `rehire_date`, `rate_type`, `rate`, `pay_frequency`, `pay_frequency_txt`, `hourly_rate2`, `hourly_rate3`, `home_department`, `department_text`, `class_code`, `class_code_desc`, `class_acc_date`, `class_status`, `is_super_visor`, `super_visor_id`, `indirect_super_visor_id`, `supervisor_report`, `dob`, `gender`, `marital_status`, `ethnic_group`, `eeo_class_gp`, `ssn`, `work_in_state`, `live_in_state`, `home_email`, `business_email`, `home_phone`, `business_phone`, `cell_phone`, `emerg_contct`, `emrg_h_phone`, `emrg_w_phone`, `emgr_contct_relation`, `alt_em_contct`, `alt_emg_h_phone`, `alt_emg_w_phone`, `shift`, `probation_period`, `performance_duration`, `resignation_date`, `cnic`, `current_salary`, `hired_salary`, `first_salary`, `second_salary`, `third_salary`) VALUES ('11', '11', '4', 'amir1', '', '', 'amir1@gmail.com', '123', '', NULL, NULL, '', NULL, NULL, NULL, NULL, NULL, NULL, NULL, NULL, NULL, '0', '4', '3', '', 'pakistan', '', '0', NULL, '1', '2020-08-18', '2020-08-20', '2020-08-19', '', '0', '2020-08-19', '2', '123', NULL, NULL, NULL, NULL, NULL, NULL, NULL, NULL, '2020-08-19', NULL, '0', '7', '0', NULL, '2020-08-19', '1', '1', '', NULL, NULL, NULL, NULL, '', '', '123123123123123', '', '', '', '', '', '', '', '', '', '0', '0', '0', NULL, '123123', NULL, NULL, NULL, NULL, NULL);
INSERT INTO `employee_history` (`emp_his_id`, `employee_id`, `pos_id`, `first_name`, `middle_name`, `last_name`, `email`, `phone`, `alter_phone`, `present_address`, `parmanent_address`, `picture`, `degree_name`, `university_name`, `cgp`, `passing_year`, `company_name`, `working_period`, `duties`, `supervisor`, `signature`, `is_admin`, `dept_id`, `division_id`, `maiden_name`, `state`, `city`, `zip`, `citizenship`, `duty_type`, `hire_date`, `original_hire_date`, `termination_date`, `termination_reason`, `voluntary_termination`, `rehire_date`, `rate_type`, `rate`, `pay_frequency`, `pay_frequency_txt`, `hourly_rate2`, `hourly_rate3`, `home_department`, `department_text`, `class_code`, `class_code_desc`, `class_acc_date`, `class_status`, `is_super_visor`, `super_visor_id`, `indirect_super_visor_id`, `supervisor_report`, `dob`, `gender`, `marital_status`, `ethnic_group`, `eeo_class_gp`, `ssn`, `work_in_state`, `live_in_state`, `home_email`, `business_email`, `home_phone`, `business_phone`, `cell_phone`, `emerg_contct`, `emrg_h_phone`, `emrg_w_phone`, `emgr_contct_relation`, `alt_em_contct`, `alt_emg_h_phone`, `alt_emg_w_phone`, `shift`, `probation_period`, `performance_duration`, `resignation_date`, `cnic`, `current_salary`, `hired_salary`, `first_salary`, `second_salary`, `third_salary`) VALUES ('12', '12', '2', 'hasnainkhan', '', '', 'hasnainkhan@mailinator.com', '123123123123123123', '', NULL, NULL, './application/modules/employee/assets/images/2020-08-21/Pen.jpg', NULL, NULL, NULL, NULL, NULL, NULL, NULL, NULL, NULL, '0', '1', '3', '', 'pakistan', '', '0', NULL, '1', '2020-08-21', '2020-08-21', '2020-08-21', '', '0', '2020-08-21', '2', '100000', NULL, NULL, NULL, NULL, NULL, NULL, NULL, NULL, '2020-12-11', NULL, '1', '4', '1', NULL, '2020-08-28', '1', '1', '', NULL, NULL, NULL, NULL, '', '', '', '', '', '', '', '', '', '', '', '', '3', '0', '0', NULL, '2147483647', NULL, NULL, NULL, NULL, NULL);
INSERT INTO `employee_history` (`emp_his_id`, `employee_id`, `pos_id`, `first_name`, `middle_name`, `last_name`, `email`, `phone`, `alter_phone`, `present_address`, `parmanent_address`, `picture`, `degree_name`, `university_name`, `cgp`, `passing_year`, `company_name`, `working_period`, `duties`, `supervisor`, `signature`, `is_admin`, `dept_id`, `division_id`, `maiden_name`, `state`, `city`, `zip`, `citizenship`, `duty_type`, `hire_date`, `original_hire_date`, `termination_date`, `termination_reason`, `voluntary_termination`, `rehire_date`, `rate_type`, `rate`, `pay_frequency`, `pay_frequency_txt`, `hourly_rate2`, `hourly_rate3`, `home_department`, `department_text`, `class_code`, `class_code_desc`, `class_acc_date`, `class_status`, `is_super_visor`, `super_visor_id`, `indirect_super_visor_id`, `supervisor_report`, `dob`, `gender`, `marital_status`, `ethnic_group`, `eeo_class_gp`, `ssn`, `work_in_state`, `live_in_state`, `home_email`, `business_email`, `home_phone`, `business_phone`, `cell_phone`, `emerg_contct`, `emrg_h_phone`, `emrg_w_phone`, `emgr_contct_relation`, `alt_em_contct`, `alt_emg_h_phone`, `alt_emg_w_phone`, `shift`, `probation_period`, `performance_duration`, `resignation_date`, `cnic`, `current_salary`, `hired_salary`, `first_salary`, `second_salary`, `third_salary`) VALUES ('13', '13', '4', 'zohaib', '', 'ali', 'zohaib@mailinator.com', '123123', '', NULL, NULL, '', NULL, NULL, NULL, NULL, NULL, NULL, NULL, NULL, NULL, '0', '3', '3', '', 'pakistan', '', '0', NULL, '1', '2020-06-01', '2020-06-01', '2020-08-31', '', '0', '2020-08-31', '2', '5000000', NULL, NULL, NULL, NULL, NULL, NULL, NULL, NULL, '2020-09-16', NULL, '1', '12', '12', NULL, '1992-08-31', '1', '1', '', NULL, NULL, NULL, NULL, '', '', '123123123123', '', '123123123', '', '', '', '', '', '', '', '0', '0', '0', NULL, '2147483647', NULL, NULL, NULL, NULL, NULL);
INSERT INTO `employee_history` (`emp_his_id`, `employee_id`, `pos_id`, `first_name`, `middle_name`, `last_name`, `email`, `phone`, `alter_phone`, `present_address`, `parmanent_address`, `picture`, `degree_name`, `university_name`, `cgp`, `passing_year`, `company_name`, `working_period`, `duties`, `supervisor`, `signature`, `is_admin`, `dept_id`, `division_id`, `maiden_name`, `state`, `city`, `zip`, `citizenship`, `duty_type`, `hire_date`, `original_hire_date`, `termination_date`, `termination_reason`, `voluntary_termination`, `rehire_date`, `rate_type`, `rate`, `pay_frequency`, `pay_frequency_txt`, `hourly_rate2`, `hourly_rate3`, `home_department`, `department_text`, `class_code`, `class_code_desc`, `class_acc_date`, `class_status`, `is_super_visor`, `super_visor_id`, `indirect_super_visor_id`, `supervisor_report`, `dob`, `gender`, `marital_status`, `ethnic_group`, `eeo_class_gp`, `ssn`, `work_in_state`, `live_in_state`, `home_email`, `business_email`, `home_phone`, `business_phone`, `cell_phone`, `emerg_contct`, `emrg_h_phone`, `emrg_w_phone`, `emgr_contct_relation`, `alt_em_contct`, `alt_emg_h_phone`, `alt_emg_w_phone`, `shift`, `probation_period`, `performance_duration`, `resignation_date`, `cnic`, `current_salary`, `hired_salary`, `first_salary`, `second_salary`, `third_salary`) VALUES ('14', '14', '9', 'Shashikant', '', 'Rai', 'CONTACTSHASHIRAI@GMAIL.COM', '09711488009', '', NULL, NULL, NULL, NULL, NULL, NULL, NULL, NULL, NULL, NULL, NULL, NULL, '0', '10', '3', '', 'pakistan', 'NEW DELHI', '110068', NULL, '1', '2020-10-01', '2020-10-01', '2020-10-03', '', '0', '2020-10-03', '1', '1200', NULL, NULL, NULL, NULL, NULL, NULL, NULL, NULL, '2020-10-03', NULL, '1', '', NULL, NULL, '2020-10-22', '1', '3', '', NULL, NULL, NULL, NULL, '', '', '1441414141', '', '1414141414', '', '', '', '', '', '', '', '1', '3', '0', NULL, '141414141', NULL, NULL, NULL, NULL, NULL);
INSERT INTO `employee_history` (`emp_his_id`, `employee_id`, `pos_id`, `first_name`, `middle_name`, `last_name`, `email`, `phone`, `alter_phone`, `present_address`, `parmanent_address`, `picture`, `degree_name`, `university_name`, `cgp`, `passing_year`, `company_name`, `working_period`, `duties`, `supervisor`, `signature`, `is_admin`, `dept_id`, `division_id`, `maiden_name`, `state`, `city`, `zip`, `citizenship`, `duty_type`, `hire_date`, `original_hire_date`, `termination_date`, `termination_reason`, `voluntary_termination`, `rehire_date`, `rate_type`, `rate`, `pay_frequency`, `pay_frequency_txt`, `hourly_rate2`, `hourly_rate3`, `home_department`, `department_text`, `class_code`, `class_code_desc`, `class_acc_date`, `class_status`, `is_super_visor`, `super_visor_id`, `indirect_super_visor_id`, `supervisor_report`, `dob`, `gender`, `marital_status`, `ethnic_group`, `eeo_class_gp`, `ssn`, `work_in_state`, `live_in_state`, `home_email`, `business_email`, `home_phone`, `business_phone`, `cell_phone`, `emerg_contct`, `emrg_h_phone`, `emrg_w_phone`, `emgr_contct_relation`, `alt_em_contct`, `alt_emg_h_phone`, `alt_emg_w_phone`, `shift`, `probation_period`, `performance_duration`, `resignation_date`, `cnic`, `current_salary`, `hired_salary`, `first_salary`, `second_salary`, `third_salary`) VALUES ('15', '15', '6', 'Test Manager', '', 'One', 'testmanager@mailinator.com', '123456789', '123456789', NULL, NULL, './application/modules/employee/assets/images/2020-10-04/dod.jpg', NULL, NULL, NULL, NULL, NULL, NULL, NULL, NULL, NULL, '0', '1', '3', '', 'pakistan', 'islamabad', '54800', NULL, '1', '2020-10-04', '2020-10-04', '2020-10-04', '', '0', '2020-10-04', '2', '50000', NULL, NULL, NULL, NULL, NULL, NULL, NULL, NULL, '2020-10-06', NULL, '1', '4', '4', NULL, '1980-10-04', '1', '2', '', NULL, NULL, NULL, NULL, 'manager@mailintor.com', 'manager2@mailinator.com', '123456789', '123456789', '123456789', '', '', '', '', '', '', '', '1', '1', '0', NULL, '2147483647', NULL, NULL, NULL, NULL, NULL);
INSERT INTO `employee_history` (`emp_his_id`, `employee_id`, `pos_id`, `first_name`, `middle_name`, `last_name`, `email`, `phone`, `alter_phone`, `present_address`, `parmanent_address`, `picture`, `degree_name`, `university_name`, `cgp`, `passing_year`, `company_name`, `working_period`, `duties`, `supervisor`, `signature`, `is_admin`, `dept_id`, `division_id`, `maiden_name`, `state`, `city`, `zip`, `citizenship`, `duty_type`, `hire_date`, `original_hire_date`, `termination_date`, `termination_reason`, `voluntary_termination`, `rehire_date`, `rate_type`, `rate`, `pay_frequency`, `pay_frequency_txt`, `hourly_rate2`, `hourly_rate3`, `home_department`, `department_text`, `class_code`, `class_code_desc`, `class_acc_date`, `class_status`, `is_super_visor`, `super_visor_id`, `indirect_super_visor_id`, `supervisor_report`, `dob`, `gender`, `marital_status`, `ethnic_group`, `eeo_class_gp`, `ssn`, `work_in_state`, `live_in_state`, `home_email`, `business_email`, `home_phone`, `business_phone`, `cell_phone`, `emerg_contct`, `emrg_h_phone`, `emrg_w_phone`, `emgr_contct_relation`, `alt_em_contct`, `alt_emg_h_phone`, `alt_emg_w_phone`, `shift`, `probation_period`, `performance_duration`, `resignation_date`, `cnic`, `current_salary`, `hired_salary`, `first_salary`, `second_salary`, `third_salary`) VALUES ('16', '16', '2', 'Jeffry', 'Middle', 'Boycott', 'jeffry@mailinator.com', '123456789', '123456789', NULL, NULL, './application/modules/employee/assets/images/2020-10-04/Koa.jpg', NULL, NULL, NULL, NULL, NULL, NULL, NULL, NULL, NULL, '0', '1', '3', 'Maiden', 'pakistan', 'Islamabad', '54800', NULL, '1', '2020-10-04', '2020-10-04', '2020-10-04', '', '0', '2020-10-04', '2', '25000', NULL, NULL, NULL, NULL, NULL, NULL, NULL, NULL, '2020-10-06', NULL, '0', '13', '4', NULL, '2018-02-01', '1', '1', 'Race 1', NULL, NULL, NULL, NULL, 'Jeffpersonal@mailinator.com', 'Jeffbusiness@mailinator.com', '123456789', '123456789', '123456789', '', '', '', '', '', '', '', '1', '3', '0', NULL, '2147483647', NULL, NULL, NULL, NULL, NULL);
INSERT INTO `employee_history` (`emp_his_id`, `employee_id`, `pos_id`, `first_name`, `middle_name`, `last_name`, `email`, `phone`, `alter_phone`, `present_address`, `parmanent_address`, `picture`, `degree_name`, `university_name`, `cgp`, `passing_year`, `company_name`, `working_period`, `duties`, `supervisor`, `signature`, `is_admin`, `dept_id`, `division_id`, `maiden_name`, `state`, `city`, `zip`, `citizenship`, `duty_type`, `hire_date`, `original_hire_date`, `termination_date`, `termination_reason`, `voluntary_termination`, `rehire_date`, `rate_type`, `rate`, `pay_frequency`, `pay_frequency_txt`, `hourly_rate2`, `hourly_rate3`, `home_department`, `department_text`, `class_code`, `class_code_desc`, `class_acc_date`, `class_status`, `is_super_visor`, `super_visor_id`, `indirect_super_visor_id`, `supervisor_report`, `dob`, `gender`, `marital_status`, `ethnic_group`, `eeo_class_gp`, `ssn`, `work_in_state`, `live_in_state`, `home_email`, `business_email`, `home_phone`, `business_phone`, `cell_phone`, `emerg_contct`, `emrg_h_phone`, `emrg_w_phone`, `emgr_contct_relation`, `alt_em_contct`, `alt_emg_h_phone`, `alt_emg_w_phone`, `shift`, `probation_period`, `performance_duration`, `resignation_date`, `cnic`, `current_salary`, `hired_salary`, `first_salary`, `second_salary`, `third_salary`) VALUES ('17', '17', '4', 'faraz', 'kkhan', 'khan', 'faraz.m437@gmail.com', '03312394438', '', NULL, NULL, '', NULL, NULL, NULL, NULL, NULL, NULL, NULL, NULL, NULL, '0', '3', '3', '', 'pakistan', 'karachi', '75400', NULL, '1', '2020-12-01', '2020-12-20', '2020-12-04', '', '0', '2020-12-04', '2', '50000', NULL, NULL, NULL, NULL, NULL, NULL, NULL, NULL, '2020-12-09', NULL, '1', '8', '0', NULL, '2020-12-01', '1', '1', '', NULL, NULL, NULL, NULL, 'faraz.m437@gmail.com', 'faraz.m437@gmail.com', '03312394438', '03312394438', '03312394438', '', '', '', '', '', '', '', '1', '3', '0', NULL, '2147483647', NULL, NULL, NULL, NULL, NULL);
INSERT INTO `employee_history` (`emp_his_id`, `employee_id`, `pos_id`, `first_name`, `middle_name`, `last_name`, `email`, `phone`, `alter_phone`, `present_address`, `parmanent_address`, `picture`, `degree_name`, `university_name`, `cgp`, `passing_year`, `company_name`, `working_period`, `duties`, `supervisor`, `signature`, `is_admin`, `dept_id`, `division_id`, `maiden_name`, `state`, `city`, `zip`, `citizenship`, `duty_type`, `hire_date`, `original_hire_date`, `termination_date`, `termination_reason`, `voluntary_termination`, `rehire_date`, `rate_type`, `rate`, `pay_frequency`, `pay_frequency_txt`, `hourly_rate2`, `hourly_rate3`, `home_department`, `department_text`, `class_code`, `class_code_desc`, `class_acc_date`, `class_status`, `is_super_visor`, `super_visor_id`, `indirect_super_visor_id`, `supervisor_report`, `dob`, `gender`, `marital_status`, `ethnic_group`, `eeo_class_gp`, `ssn`, `work_in_state`, `live_in_state`, `home_email`, `business_email`, `home_phone`, `business_phone`, `cell_phone`, `emerg_contct`, `emrg_h_phone`, `emrg_w_phone`, `emgr_contct_relation`, `alt_em_contct`, `alt_emg_h_phone`, `alt_emg_w_phone`, `shift`, `probation_period`, `performance_duration`, `resignation_date`, `cnic`, `current_salary`, `hired_salary`, `first_salary`, `second_salary`, `third_salary`) VALUES ('18', '18', '6', 'Sajid', '', 'Hussain', 'sajid.hussain@appedology.com', '03120236676', '0', NULL, NULL, '', NULL, NULL, NULL, NULL, NULL, NULL, NULL, NULL, NULL, '0', '3', '3', '-', 'pakistan', 'Karachi', '0', NULL, '1', '2021-02-22', '2021-02-22', '2021-03-08', '', '2', '2021-03-08', '2', '85000', NULL, NULL, NULL, NULL, NULL, NULL, NULL, NULL, '2021-03-12', NULL, '1', '', '0', NULL, '1990-01-18', '1', '2', '', NULL, NULL, NULL, NULL, '', 'sajid.hussain@appedology.com', '32132121212121', '', '15145616516516', '', '', '', '', '', '', '', '5', '3', '0', NULL, '2147483647', '150000', '80000', '0', '0', '0');
INSERT INTO `employee_history` (`emp_his_id`, `employee_id`, `pos_id`, `first_name`, `middle_name`, `last_name`, `email`, `phone`, `alter_phone`, `present_address`, `parmanent_address`, `picture`, `degree_name`, `university_name`, `cgp`, `passing_year`, `company_name`, `working_period`, `duties`, `supervisor`, `signature`, `is_admin`, `dept_id`, `division_id`, `maiden_name`, `state`, `city`, `zip`, `citizenship`, `duty_type`, `hire_date`, `original_hire_date`, `termination_date`, `termination_reason`, `voluntary_termination`, `rehire_date`, `rate_type`, `rate`, `pay_frequency`, `pay_frequency_txt`, `hourly_rate2`, `hourly_rate3`, `home_department`, `department_text`, `class_code`, `class_code_desc`, `class_acc_date`, `class_status`, `is_super_visor`, `super_visor_id`, `indirect_super_visor_id`, `supervisor_report`, `dob`, `gender`, `marital_status`, `ethnic_group`, `eeo_class_gp`, `ssn`, `work_in_state`, `live_in_state`, `home_email`, `business_email`, `home_phone`, `business_phone`, `cell_phone`, `emerg_contct`, `emrg_h_phone`, `emrg_w_phone`, `emgr_contct_relation`, `alt_em_contct`, `alt_emg_h_phone`, `alt_emg_w_phone`, `shift`, `probation_period`, `performance_duration`, `resignation_date`, `cnic`, `current_salary`, `hired_salary`, `first_salary`, `second_salary`, `third_salary`) VALUES ('19', '19', '1', 'HH', '', '', 'hh@mailinator.com', '1234567890', '', NULL, NULL, './application/modules/employee/assets/images/2021-03-08/Koa.jpg', NULL, NULL, NULL, NULL, NULL, NULL, NULL, NULL, NULL, '0', '3', '3', '', 'pakistan', '', '0', NULL, '1', '2021-03-08', '2021-03-08', '2021-03-08', '', '0', '2021-03-08', '2', '25000', NULL, NULL, NULL, NULL, NULL, NULL, NULL, NULL, '2021-03-08', NULL, '0', '', NULL, NULL, '2021-03-08', '1', '1', '', NULL, NULL, NULL, NULL, '', '', '1234567890', '', '1234567890', '', '', '', '', '', '', '', '0', '1', '0', NULL, '2147483647', '0', '0', '0', '0', '0');
INSERT INTO `employee_history` (`emp_his_id`, `employee_id`, `pos_id`, `first_name`, `middle_name`, `last_name`, `email`, `phone`, `alter_phone`, `present_address`, `parmanent_address`, `picture`, `degree_name`, `university_name`, `cgp`, `passing_year`, `company_name`, `working_period`, `duties`, `supervisor`, `signature`, `is_admin`, `dept_id`, `division_id`, `maiden_name`, `state`, `city`, `zip`, `citizenship`, `duty_type`, `hire_date`, `original_hire_date`, `termination_date`, `termination_reason`, `voluntary_termination`, `rehire_date`, `rate_type`, `rate`, `pay_frequency`, `pay_frequency_txt`, `hourly_rate2`, `hourly_rate3`, `home_department`, `department_text`, `class_code`, `class_code_desc`, `class_acc_date`, `class_status`, `is_super_visor`, `super_visor_id`, `indirect_super_visor_id`, `supervisor_report`, `dob`, `gender`, `marital_status`, `ethnic_group`, `eeo_class_gp`, `ssn`, `work_in_state`, `live_in_state`, `home_email`, `business_email`, `home_phone`, `business_phone`, `cell_phone`, `emerg_contct`, `emrg_h_phone`, `emrg_w_phone`, `emgr_contct_relation`, `alt_em_contct`, `alt_emg_h_phone`, `alt_emg_w_phone`, `shift`, `probation_period`, `performance_duration`, `resignation_date`, `cnic`, `current_salary`, `hired_salary`, `first_salary`, `second_salary`, `third_salary`) VALUES ('20', '20', '1', 'hasnain', '', 'khan', 'hasnain@mailinator.com', '923054622910', '', NULL, NULL, NULL, NULL, NULL, NULL, NULL, NULL, NULL, NULL, NULL, NULL, '0', '1', '3', '', 'pakistan', 'karachi', '123456', NULL, '1', '2021-03-08', '2021-03-08', '2021-03-08', '', '0', '2021-03-08', '2', '1000', NULL, NULL, NULL, NULL, NULL, NULL, NULL, NULL, '2021-03-08', NULL, '0', '17', NULL, NULL, '1990-01-01', '1', '1', '', NULL, NULL, NULL, NULL, '', '', '123123123123123', '', '123123123123123123', '', '', '', '', '', '', '', '5', '0', '0', NULL, '2147483647', '0', '0', '0', '0', '0');
INSERT INTO `employee_history` (`emp_his_id`, `employee_id`, `pos_id`, `first_name`, `middle_name`, `last_name`, `email`, `phone`, `alter_phone`, `present_address`, `parmanent_address`, `picture`, `degree_name`, `university_name`, `cgp`, `passing_year`, `company_name`, `working_period`, `duties`, `supervisor`, `signature`, `is_admin`, `dept_id`, `division_id`, `maiden_name`, `state`, `city`, `zip`, `citizenship`, `duty_type`, `hire_date`, `original_hire_date`, `termination_date`, `termination_reason`, `voluntary_termination`, `rehire_date`, `rate_type`, `rate`, `pay_frequency`, `pay_frequency_txt`, `hourly_rate2`, `hourly_rate3`, `home_department`, `department_text`, `class_code`, `class_code_desc`, `class_acc_date`, `class_status`, `is_super_visor`, `super_visor_id`, `indirect_super_visor_id`, `supervisor_report`, `dob`, `gender`, `marital_status`, `ethnic_group`, `eeo_class_gp`, `ssn`, `work_in_state`, `live_in_state`, `home_email`, `business_email`, `home_phone`, `business_phone`, `cell_phone`, `emerg_contct`, `emrg_h_phone`, `emrg_w_phone`, `emgr_contct_relation`, `alt_em_contct`, `alt_emg_h_phone`, `alt_emg_w_phone`, `shift`, `probation_period`, `performance_duration`, `resignation_date`, `cnic`, `current_salary`, `hired_salary`, `first_salary`, `second_salary`, `third_salary`) VALUES ('21', '21', '2', 'ALI', 'IBNE', 'HASAN', 'ali@yahoo.com', '12345678', '0', NULL, NULL, '', NULL, NULL, NULL, NULL, NULL, NULL, NULL, NULL, NULL, '0', '3', '3', 'a', 'pakistan', 'Karachi', '75200', NULL, '1', '2021-02-01', '2021-03-10', '2021-03-10', 'nil', '0', '2021-03-10', '2', '100', NULL, NULL, NULL, NULL, NULL, NULL, NULL, NULL, '2021-03-12', NULL, '0', '18', '0', NULL, '1990-01-15', '1', '1', '', NULL, NULL, NULL, NULL, '', '', 'Karachi', '', '03212100000', '', '', '', '', '', '', '', '5', '1', '0', NULL, '42011', '20000', '25000', '0', '0', '0');
INSERT INTO `employee_history` (`emp_his_id`, `employee_id`, `pos_id`, `first_name`, `middle_name`, `last_name`, `email`, `phone`, `alter_phone`, `present_address`, `parmanent_address`, `picture`, `degree_name`, `university_name`, `cgp`, `passing_year`, `company_name`, `working_period`, `duties`, `supervisor`, `signature`, `is_admin`, `dept_id`, `division_id`, `maiden_name`, `state`, `city`, `zip`, `citizenship`, `duty_type`, `hire_date`, `original_hire_date`, `termination_date`, `termination_reason`, `voluntary_termination`, `rehire_date`, `rate_type`, `rate`, `pay_frequency`, `pay_frequency_txt`, `hourly_rate2`, `hourly_rate3`, `home_department`, `department_text`, `class_code`, `class_code_desc`, `class_acc_date`, `class_status`, `is_super_visor`, `super_visor_id`, `indirect_super_visor_id`, `supervisor_report`, `dob`, `gender`, `marital_status`, `ethnic_group`, `eeo_class_gp`, `ssn`, `work_in_state`, `live_in_state`, `home_email`, `business_email`, `home_phone`, `business_phone`, `cell_phone`, `emerg_contct`, `emrg_h_phone`, `emrg_w_phone`, `emgr_contct_relation`, `alt_em_contct`, `alt_emg_h_phone`, `alt_emg_w_phone`, `shift`, `probation_period`, `performance_duration`, `resignation_date`, `cnic`, `current_salary`, `hired_salary`, `first_salary`, `second_salary`, `third_salary`) VALUES ('22', '22', '4', 'A', 'A', 'A', 'ali1@yahoo.com', '1234567', '', NULL, NULL, NULL, NULL, NULL, NULL, NULL, NULL, NULL, NULL, NULL, NULL, '0', '3', '3', '', 'pakistan', 'karachi', '0', NULL, '1', '2021-03-09', '2021-03-10', '2021-03-10', '', '0', '2021-03-10', '2', '10000', NULL, NULL, NULL, NULL, NULL, NULL, NULL, NULL, '2021-03-10', NULL, '0', '', NULL, NULL, '1990-01-15', '1', '1', '', NULL, NULL, NULL, NULL, '', '', 'Karachi', '', '03212100000', '', '', '', '', '', '', '', '0', '2', '0', NULL, '42011', '0', '0', '0', '0', '0');
INSERT INTO `employee_history` (`emp_his_id`, `employee_id`, `pos_id`, `first_name`, `middle_name`, `last_name`, `email`, `phone`, `alter_phone`, `present_address`, `parmanent_address`, `picture`, `degree_name`, `university_name`, `cgp`, `passing_year`, `company_name`, `working_period`, `duties`, `supervisor`, `signature`, `is_admin`, `dept_id`, `division_id`, `maiden_name`, `state`, `city`, `zip`, `citizenship`, `duty_type`, `hire_date`, `original_hire_date`, `termination_date`, `termination_reason`, `voluntary_termination`, `rehire_date`, `rate_type`, `rate`, `pay_frequency`, `pay_frequency_txt`, `hourly_rate2`, `hourly_rate3`, `home_department`, `department_text`, `class_code`, `class_code_desc`, `class_acc_date`, `class_status`, `is_super_visor`, `super_visor_id`, `indirect_super_visor_id`, `supervisor_report`, `dob`, `gender`, `marital_status`, `ethnic_group`, `eeo_class_gp`, `ssn`, `work_in_state`, `live_in_state`, `home_email`, `business_email`, `home_phone`, `business_phone`, `cell_phone`, `emerg_contct`, `emrg_h_phone`, `emrg_w_phone`, `emgr_contct_relation`, `alt_em_contct`, `alt_emg_h_phone`, `alt_emg_w_phone`, `shift`, `probation_period`, `performance_duration`, `resignation_date`, `cnic`, `current_salary`, `hired_salary`, `first_salary`, `second_salary`, `third_salary`) VALUES ('23', '23', '1', 'ASDDD', NULL, 'ASDDD', 'abc.asdsd@gmail.com', '23123213213', '123213232123', NULL, NULL, NULL, NULL, NULL, NULL, NULL, NULL, NULL, NULL, NULL, NULL, '0', NULL, NULL, NULL, NULL, NULL, NULL, NULL, NULL, NULL, NULL, NULL, NULL, NULL, NULL, NULL, NULL, NULL, NULL, NULL, NULL, NULL, NULL, NULL, NULL, NULL, NULL, NULL, NULL, NULL, NULL, NULL, NULL, NULL, NULL, NULL, NULL, NULL, NULL, NULL, NULL, NULL, NULL, NULL, NULL, NULL, NULL, NULL, NULL, NULL, NULL, NULL, NULL, NULL, NULL, NULL, NULL, NULL, NULL, NULL, NULL);
INSERT INTO `employee_history` (`emp_his_id`, `employee_id`, `pos_id`, `first_name`, `middle_name`, `last_name`, `email`, `phone`, `alter_phone`, `present_address`, `parmanent_address`, `picture`, `degree_name`, `university_name`, `cgp`, `passing_year`, `company_name`, `working_period`, `duties`, `supervisor`, `signature`, `is_admin`, `dept_id`, `division_id`, `maiden_name`, `state`, `city`, `zip`, `citizenship`, `duty_type`, `hire_date`, `original_hire_date`, `termination_date`, `termination_reason`, `voluntary_termination`, `rehire_date`, `rate_type`, `rate`, `pay_frequency`, `pay_frequency_txt`, `hourly_rate2`, `hourly_rate3`, `home_department`, `department_text`, `class_code`, `class_code_desc`, `class_acc_date`, `class_status`, `is_super_visor`, `super_visor_id`, `indirect_super_visor_id`, `supervisor_report`, `dob`, `gender`, `marital_status`, `ethnic_group`, `eeo_class_gp`, `ssn`, `work_in_state`, `live_in_state`, `home_email`, `business_email`, `home_phone`, `business_phone`, `cell_phone`, `emerg_contct`, `emrg_h_phone`, `emrg_w_phone`, `emgr_contct_relation`, `alt_em_contct`, `alt_emg_h_phone`, `alt_emg_w_phone`, `shift`, `probation_period`, `performance_duration`, `resignation_date`, `cnic`, `current_salary`, `hired_salary`, `first_salary`, `second_salary`, `third_salary`) VALUES ('24', '24', '4', 'Bilal', NULL, 'Khan', 'protegeglobal93@gmail.com', '123123123', '12312321', NULL, NULL, NULL, NULL, NULL, NULL, NULL, NULL, NULL, NULL, NULL, NULL, '0', NULL, NULL, NULL, NULL, NULL, NULL, NULL, NULL, NULL, NULL, NULL, NULL, NULL, NULL, NULL, NULL, NULL, NULL, NULL, NULL, NULL, NULL, NULL, NULL, NULL, NULL, NULL, NULL, NULL, NULL, NULL, NULL, NULL, NULL, NULL, NULL, NULL, NULL, NULL, NULL, NULL, NULL, NULL, NULL, NULL, NULL, NULL, NULL, NULL, NULL, NULL, NULL, NULL, NULL, NULL, NULL, NULL, NULL, NULL, NULL);
INSERT INTO `employee_history` (`emp_his_id`, `employee_id`, `pos_id`, `first_name`, `middle_name`, `last_name`, `email`, `phone`, `alter_phone`, `present_address`, `parmanent_address`, `picture`, `degree_name`, `university_name`, `cgp`, `passing_year`, `company_name`, `working_period`, `duties`, `supervisor`, `signature`, `is_admin`, `dept_id`, `division_id`, `maiden_name`, `state`, `city`, `zip`, `citizenship`, `duty_type`, `hire_date`, `original_hire_date`, `termination_date`, `termination_reason`, `voluntary_termination`, `rehire_date`, `rate_type`, `rate`, `pay_frequency`, `pay_frequency_txt`, `hourly_rate2`, `hourly_rate3`, `home_department`, `department_text`, `class_code`, `class_code_desc`, `class_acc_date`, `class_status`, `is_super_visor`, `super_visor_id`, `indirect_super_visor_id`, `supervisor_report`, `dob`, `gender`, `marital_status`, `ethnic_group`, `eeo_class_gp`, `ssn`, `work_in_state`, `live_in_state`, `home_email`, `business_email`, `home_phone`, `business_phone`, `cell_phone`, `emerg_contct`, `emrg_h_phone`, `emrg_w_phone`, `emgr_contct_relation`, `alt_em_contct`, `alt_emg_h_phone`, `alt_emg_w_phone`, `shift`, `probation_period`, `performance_duration`, `resignation_date`, `cnic`, `current_salary`, `hired_salary`, `first_salary`, `second_salary`, `third_salary`) VALUES ('25', '25', '1', 'HUSSAIN', NULL, 'SHAH', 'hshah@gmail.com', '312000111', '1234567', NULL, NULL, NULL, NULL, NULL, NULL, NULL, NULL, NULL, NULL, NULL, NULL, '0', NULL, NULL, NULL, NULL, NULL, NULL, NULL, NULL, NULL, NULL, NULL, NULL, NULL, NULL, NULL, NULL, NULL, NULL, NULL, NULL, NULL, NULL, NULL, NULL, NULL, NULL, NULL, NULL, NULL, NULL, NULL, NULL, NULL, NULL, NULL, NULL, NULL, NULL, NULL, NULL, NULL, NULL, NULL, NULL, NULL, NULL, NULL, NULL, NULL, NULL, NULL, NULL, NULL, NULL, NULL, NULL, NULL, NULL, NULL, NULL);
INSERT INTO `employee_history` (`emp_his_id`, `employee_id`, `pos_id`, `first_name`, `middle_name`, `last_name`, `email`, `phone`, `alter_phone`, `present_address`, `parmanent_address`, `picture`, `degree_name`, `university_name`, `cgp`, `passing_year`, `company_name`, `working_period`, `duties`, `supervisor`, `signature`, `is_admin`, `dept_id`, `division_id`, `maiden_name`, `state`, `city`, `zip`, `citizenship`, `duty_type`, `hire_date`, `original_hire_date`, `termination_date`, `termination_reason`, `voluntary_termination`, `rehire_date`, `rate_type`, `rate`, `pay_frequency`, `pay_frequency_txt`, `hourly_rate2`, `hourly_rate3`, `home_department`, `department_text`, `class_code`, `class_code_desc`, `class_acc_date`, `class_status`, `is_super_visor`, `super_visor_id`, `indirect_super_visor_id`, `supervisor_report`, `dob`, `gender`, `marital_status`, `ethnic_group`, `eeo_class_gp`, `ssn`, `work_in_state`, `live_in_state`, `home_email`, `business_email`, `home_phone`, `business_phone`, `cell_phone`, `emerg_contct`, `emrg_h_phone`, `emrg_w_phone`, `emgr_contct_relation`, `alt_em_contct`, `alt_emg_h_phone`, `alt_emg_w_phone`, `shift`, `probation_period`, `performance_duration`, `resignation_date`, `cnic`, `current_salary`, `hired_salary`, `first_salary`, `second_salary`, `third_salary`) VALUES ('26', '26', '6', 'Raza', '', 'Ali', 'raza@yahoo.com', '03211234567', '', NULL, NULL, '', NULL, NULL, NULL, NULL, NULL, NULL, NULL, NULL, NULL, '0', '4', '3', '', 'pakistan', 'Lahore', '76500', NULL, '1', '2021-03-01', '2021-03-01', '2021-03-12', '', '2', '2021-03-12', '2', '0', NULL, NULL, NULL, NULL, NULL, NULL, NULL, NULL, '2021-03-12', NULL, '1', '18', '0', NULL, '1990-01-25', '1', '1', '', NULL, NULL, NULL, NULL, '', '', '0213480000', '', '03212100000', '', '', '', '', '', '', '', '5', '3', '0', NULL, '42011', NULL, '0', '0', '0', '0');
INSERT INTO `employee_history` (`emp_his_id`, `employee_id`, `pos_id`, `first_name`, `middle_name`, `last_name`, `email`, `phone`, `alter_phone`, `present_address`, `parmanent_address`, `picture`, `degree_name`, `university_name`, `cgp`, `passing_year`, `company_name`, `working_period`, `duties`, `supervisor`, `signature`, `is_admin`, `dept_id`, `division_id`, `maiden_name`, `state`, `city`, `zip`, `citizenship`, `duty_type`, `hire_date`, `original_hire_date`, `termination_date`, `termination_reason`, `voluntary_termination`, `rehire_date`, `rate_type`, `rate`, `pay_frequency`, `pay_frequency_txt`, `hourly_rate2`, `hourly_rate3`, `home_department`, `department_text`, `class_code`, `class_code_desc`, `class_acc_date`, `class_status`, `is_super_visor`, `super_visor_id`, `indirect_super_visor_id`, `supervisor_report`, `dob`, `gender`, `marital_status`, `ethnic_group`, `eeo_class_gp`, `ssn`, `work_in_state`, `live_in_state`, `home_email`, `business_email`, `home_phone`, `business_phone`, `cell_phone`, `emerg_contct`, `emrg_h_phone`, `emrg_w_phone`, `emgr_contct_relation`, `alt_em_contct`, `alt_emg_h_phone`, `alt_emg_w_phone`, `shift`, `probation_period`, `performance_duration`, `resignation_date`, `cnic`, `current_salary`, `hired_salary`, `first_salary`, `second_salary`, `third_salary`) VALUES ('27', '27', '8', 'Hasan', 'Ali', 'Shah', 'hasanshah@gmail.com', '1234567', '', NULL, NULL, '', NULL, NULL, NULL, NULL, NULL, NULL, NULL, NULL, NULL, '0', '14', '3', '', 'pakistan', 'ISB', '76400', NULL, '3', '2021-03-19', '2021-03-19', '2021-03-12', '', '0', '2021-03-12', '2', '50000', NULL, NULL, NULL, NULL, NULL, NULL, NULL, NULL, '2021-03-16', NULL, '1', '18', '0', NULL, '1991-01-25', '1', '1', '', NULL, NULL, NULL, NULL, '', '', '0213480000', '', '03212100000', '', '', '', '', '', '', '', '5', '3', '0', NULL, '2147483647', NULL, '0', '0', '0', '0');
INSERT INTO `employee_history` (`emp_his_id`, `employee_id`, `pos_id`, `first_name`, `middle_name`, `last_name`, `email`, `phone`, `alter_phone`, `present_address`, `parmanent_address`, `picture`, `degree_name`, `university_name`, `cgp`, `passing_year`, `company_name`, `working_period`, `duties`, `supervisor`, `signature`, `is_admin`, `dept_id`, `division_id`, `maiden_name`, `state`, `city`, `zip`, `citizenship`, `duty_type`, `hire_date`, `original_hire_date`, `termination_date`, `termination_reason`, `voluntary_termination`, `rehire_date`, `rate_type`, `rate`, `pay_frequency`, `pay_frequency_txt`, `hourly_rate2`, `hourly_rate3`, `home_department`, `department_text`, `class_code`, `class_code_desc`, `class_acc_date`, `class_status`, `is_super_visor`, `super_visor_id`, `indirect_super_visor_id`, `supervisor_report`, `dob`, `gender`, `marital_status`, `ethnic_group`, `eeo_class_gp`, `ssn`, `work_in_state`, `live_in_state`, `home_email`, `business_email`, `home_phone`, `business_phone`, `cell_phone`, `emerg_contct`, `emrg_h_phone`, `emrg_w_phone`, `emgr_contct_relation`, `alt_em_contct`, `alt_emg_h_phone`, `alt_emg_w_phone`, `shift`, `probation_period`, `performance_duration`, `resignation_date`, `cnic`, `current_salary`, `hired_salary`, `first_salary`, `second_salary`, `third_salary`) VALUES ('28', '28', '12', 'Haider', 'Ali', 'Khan', 'hak@gmail.com', '12345678', '', NULL, NULL, '', NULL, NULL, NULL, NULL, NULL, NULL, NULL, NULL, NULL, '0', '11', '3', '', 'pakistan', 'Karachi', '74400', NULL, '1', '2021-03-12', '2021-03-12', '2021-03-16', '', '0', '2021-03-16', '2', '50000', NULL, NULL, NULL, NULL, NULL, NULL, NULL, NULL, '2021-03-16', NULL, '1', '', '0', NULL, '1991-02-25', '1', '1', '', NULL, NULL, NULL, NULL, '', '', '', '', '', '', '', '', '', '', '', '', '5', '1', '0', NULL, '42011', NULL, '0', '0', '0', '0');
INSERT INTO `employee_history` (`emp_his_id`, `employee_id`, `pos_id`, `first_name`, `middle_name`, `last_name`, `email`, `phone`, `alter_phone`, `present_address`, `parmanent_address`, `picture`, `degree_name`, `university_name`, `cgp`, `passing_year`, `company_name`, `working_period`, `duties`, `supervisor`, `signature`, `is_admin`, `dept_id`, `division_id`, `maiden_name`, `state`, `city`, `zip`, `citizenship`, `duty_type`, `hire_date`, `original_hire_date`, `termination_date`, `termination_reason`, `voluntary_termination`, `rehire_date`, `rate_type`, `rate`, `pay_frequency`, `pay_frequency_txt`, `hourly_rate2`, `hourly_rate3`, `home_department`, `department_text`, `class_code`, `class_code_desc`, `class_acc_date`, `class_status`, `is_super_visor`, `super_visor_id`, `indirect_super_visor_id`, `supervisor_report`, `dob`, `gender`, `marital_status`, `ethnic_group`, `eeo_class_gp`, `ssn`, `work_in_state`, `live_in_state`, `home_email`, `business_email`, `home_phone`, `business_phone`, `cell_phone`, `emerg_contct`, `emrg_h_phone`, `emrg_w_phone`, `emgr_contct_relation`, `alt_em_contct`, `alt_emg_h_phone`, `alt_emg_w_phone`, `shift`, `probation_period`, `performance_duration`, `resignation_date`, `cnic`, `current_salary`, `hired_salary`, `first_salary`, `second_salary`, `third_salary`) VALUES ('29', '29', '13', 'Zaryab', '', 'Mansoor', 'zaryab.mansoor@appedology.com', '03232039432', '', NULL, NULL, NULL, NULL, NULL, NULL, NULL, NULL, NULL, NULL, NULL, NULL, '0', '1', '3', '', 'pakistan', 'Karachi', '0', NULL, '1', '2020-10-26', '2020-10-26', '2021-03-16', '', '0', '2021-03-16', '2', '15000', NULL, NULL, NULL, NULL, NULL, NULL, NULL, NULL, '2021-03-16', NULL, '1', '26', NULL, NULL, '2021-03-03', '1', '1', '', NULL, NULL, NULL, NULL, '', '', '03232039432', '', '03232039432', '', '', '', '', '', '', '', '0', '3', '6', NULL, '4141', NULL, '15000', '0', '0', '0');


#
# TABLE STRUCTURE FOR: employee_leaves
#


CREATE TABLE `employee_leaves` (
  `id` int(11) NOT NULL AUTO_INCREMENT,
  `emp_id` int(11) DEFAULT NULL,
  `leave_type` int(11) DEFAULT NULL,
  `leave_qouta` int(11) DEFAULT NULL,
  PRIMARY KEY (`id`)
) ENGINE=InnoDB AUTO_INCREMENT=289 DEFAULT CHARSET=latin1;

INSERT INTO `employee_leaves` (`id`, `emp_id`, `leave_type`, `leave_qouta`) VALUES ('7', '3', '0', '0');
INSERT INTO `employee_leaves` (`id`, `emp_id`, `leave_type`, `leave_qouta`) VALUES ('80', '4', '0', '0');
INSERT INTO `employee_leaves` (`id`, `emp_id`, `leave_type`, `leave_qouta`) VALUES ('81', '4', '0', '0');
INSERT INTO `employee_leaves` (`id`, `emp_id`, `leave_type`, `leave_qouta`) VALUES ('82', '4', '0', '0');
INSERT INTO `employee_leaves` (`id`, `emp_id`, `leave_type`, `leave_qouta`) VALUES ('83', '4', '0', '0');
INSERT INTO `employee_leaves` (`id`, `emp_id`, `leave_type`, `leave_qouta`) VALUES ('132', '7', '0', '0');
INSERT INTO `employee_leaves` (`id`, `emp_id`, `leave_type`, `leave_qouta`) VALUES ('133', '7', '0', '0');
INSERT INTO `employee_leaves` (`id`, `emp_id`, `leave_type`, `leave_qouta`) VALUES ('134', '7', '0', '0');
INSERT INTO `employee_leaves` (`id`, `emp_id`, `leave_type`, `leave_qouta`) VALUES ('135', '7', '0', '0');
INSERT INTO `employee_leaves` (`id`, `emp_id`, `leave_type`, `leave_qouta`) VALUES ('140', '8', '0', '0');
INSERT INTO `employee_leaves` (`id`, `emp_id`, `leave_type`, `leave_qouta`) VALUES ('141', '8', '0', '0');
INSERT INTO `employee_leaves` (`id`, `emp_id`, `leave_type`, `leave_qouta`) VALUES ('142', '8', '0', '0');
INSERT INTO `employee_leaves` (`id`, `emp_id`, `leave_type`, `leave_qouta`) VALUES ('143', '8', '0', '0');
INSERT INTO `employee_leaves` (`id`, `emp_id`, `leave_type`, `leave_qouta`) VALUES ('144', '2', '1', '5');
INSERT INTO `employee_leaves` (`id`, `emp_id`, `leave_type`, `leave_qouta`) VALUES ('145', '2', '2', '5');
INSERT INTO `employee_leaves` (`id`, `emp_id`, `leave_type`, `leave_qouta`) VALUES ('146', '2', '3', '2');
INSERT INTO `employee_leaves` (`id`, `emp_id`, `leave_type`, `leave_qouta`) VALUES ('147', '2', '4', '3');
INSERT INTO `employee_leaves` (`id`, `emp_id`, `leave_type`, `leave_qouta`) VALUES ('156', '10', '0', '0');
INSERT INTO `employee_leaves` (`id`, `emp_id`, `leave_type`, `leave_qouta`) VALUES ('157', '10', '0', '0');
INSERT INTO `employee_leaves` (`id`, `emp_id`, `leave_type`, `leave_qouta`) VALUES ('158', '10', '0', '0');
INSERT INTO `employee_leaves` (`id`, `emp_id`, `leave_type`, `leave_qouta`) VALUES ('159', '10', '0', '0');
INSERT INTO `employee_leaves` (`id`, `emp_id`, `leave_type`, `leave_qouta`) VALUES ('164', '11', '0', '0');
INSERT INTO `employee_leaves` (`id`, `emp_id`, `leave_type`, `leave_qouta`) VALUES ('165', '11', '0', '0');
INSERT INTO `employee_leaves` (`id`, `emp_id`, `leave_type`, `leave_qouta`) VALUES ('166', '11', '0', '0');
INSERT INTO `employee_leaves` (`id`, `emp_id`, `leave_type`, `leave_qouta`) VALUES ('167', '11', '0', '0');
INSERT INTO `employee_leaves` (`id`, `emp_id`, `leave_type`, `leave_qouta`) VALUES ('168', '12', '0', '0');
INSERT INTO `employee_leaves` (`id`, `emp_id`, `leave_type`, `leave_qouta`) VALUES ('169', '12', '0', '0');
INSERT INTO `employee_leaves` (`id`, `emp_id`, `leave_type`, `leave_qouta`) VALUES ('170', '12', '0', '0');
INSERT INTO `employee_leaves` (`id`, `emp_id`, `leave_type`, `leave_qouta`) VALUES ('171', '12', '0', '0');
INSERT INTO `employee_leaves` (`id`, `emp_id`, `leave_type`, `leave_qouta`) VALUES ('180', '13', '1', '5');
INSERT INTO `employee_leaves` (`id`, `emp_id`, `leave_type`, `leave_qouta`) VALUES ('181', '13', '2', '5');
INSERT INTO `employee_leaves` (`id`, `emp_id`, `leave_type`, `leave_qouta`) VALUES ('182', '13', '3', '5');
INSERT INTO `employee_leaves` (`id`, `emp_id`, `leave_type`, `leave_qouta`) VALUES ('183', '13', '4', '5');
INSERT INTO `employee_leaves` (`id`, `emp_id`, `leave_type`, `leave_qouta`) VALUES ('184', '14', '3', '24');
INSERT INTO `employee_leaves` (`id`, `emp_id`, `leave_type`, `leave_qouta`) VALUES ('185', '14', '4', '5');
INSERT INTO `employee_leaves` (`id`, `emp_id`, `leave_type`, `leave_qouta`) VALUES ('190', '16', '1', '3');
INSERT INTO `employee_leaves` (`id`, `emp_id`, `leave_type`, `leave_qouta`) VALUES ('191', '16', '2', '3');
INSERT INTO `employee_leaves` (`id`, `emp_id`, `leave_type`, `leave_qouta`) VALUES ('192', '16', '0', '0');
INSERT INTO `employee_leaves` (`id`, `emp_id`, `leave_type`, `leave_qouta`) VALUES ('193', '16', '0', '0');
INSERT INTO `employee_leaves` (`id`, `emp_id`, `leave_type`, `leave_qouta`) VALUES ('194', '16', '0', '0');
INSERT INTO `employee_leaves` (`id`, `emp_id`, `leave_type`, `leave_qouta`) VALUES ('200', '15', '1', '6');
INSERT INTO `employee_leaves` (`id`, `emp_id`, `leave_type`, `leave_qouta`) VALUES ('201', '15', '2', '6');
INSERT INTO `employee_leaves` (`id`, `emp_id`, `leave_type`, `leave_qouta`) VALUES ('202', '15', '0', '0');
INSERT INTO `employee_leaves` (`id`, `emp_id`, `leave_type`, `leave_qouta`) VALUES ('203', '15', '0', '0');
INSERT INTO `employee_leaves` (`id`, `emp_id`, `leave_type`, `leave_qouta`) VALUES ('204', '15', '0', '0');
INSERT INTO `employee_leaves` (`id`, `emp_id`, `leave_type`, `leave_qouta`) VALUES ('206', '17', '1', '6');
INSERT INTO `employee_leaves` (`id`, `emp_id`, `leave_type`, `leave_qouta`) VALUES ('207', '17', '0', '0');
INSERT INTO `employee_leaves` (`id`, `emp_id`, `leave_type`, `leave_qouta`) VALUES ('208', '17', '0', '0');
INSERT INTO `employee_leaves` (`id`, `emp_id`, `leave_type`, `leave_qouta`) VALUES ('209', '17', '0', '0');
INSERT INTO `employee_leaves` (`id`, `emp_id`, `leave_type`, `leave_qouta`) VALUES ('210', '17', '0', '0');
INSERT INTO `employee_leaves` (`id`, `emp_id`, `leave_type`, `leave_qouta`) VALUES ('226', '9', '1', '3');
INSERT INTO `employee_leaves` (`id`, `emp_id`, `leave_type`, `leave_qouta`) VALUES ('227', '9', '2', '3');
INSERT INTO `employee_leaves` (`id`, `emp_id`, `leave_type`, `leave_qouta`) VALUES ('228', '9', '3', '1');
INSERT INTO `employee_leaves` (`id`, `emp_id`, `leave_type`, `leave_qouta`) VALUES ('229', '9', '4', '2');
INSERT INTO `employee_leaves` (`id`, `emp_id`, `leave_type`, `leave_qouta`) VALUES ('230', '9', '0', '0');
INSERT INTO `employee_leaves` (`id`, `emp_id`, `leave_type`, `leave_qouta`) VALUES ('241', '21', '1', '5');
INSERT INTO `employee_leaves` (`id`, `emp_id`, `leave_type`, `leave_qouta`) VALUES ('242', '21', '4', '5');
INSERT INTO `employee_leaves` (`id`, `emp_id`, `leave_type`, `leave_qouta`) VALUES ('243', '21', '0', '0');
INSERT INTO `employee_leaves` (`id`, `emp_id`, `leave_type`, `leave_qouta`) VALUES ('244', '21', '0', '0');
INSERT INTO `employee_leaves` (`id`, `emp_id`, `leave_type`, `leave_qouta`) VALUES ('245', '21', '0', '0');
INSERT INTO `employee_leaves` (`id`, `emp_id`, `leave_type`, `leave_qouta`) VALUES ('246', '2', '1', '10');
INSERT INTO `employee_leaves` (`id`, `emp_id`, `leave_type`, `leave_qouta`) VALUES ('247', '2', '4', '10');
INSERT INTO `employee_leaves` (`id`, `emp_id`, `leave_type`, `leave_qouta`) VALUES ('259', '26', '0', '0');
INSERT INTO `employee_leaves` (`id`, `emp_id`, `leave_type`, `leave_qouta`) VALUES ('260', '26', '0', '0');
INSERT INTO `employee_leaves` (`id`, `emp_id`, `leave_type`, `leave_qouta`) VALUES ('261', '26', '0', '0');
INSERT INTO `employee_leaves` (`id`, `emp_id`, `leave_type`, `leave_qouta`) VALUES ('262', '26', '0', '0');
INSERT INTO `employee_leaves` (`id`, `emp_id`, `leave_type`, `leave_qouta`) VALUES ('263', '26', '0', '0');
INSERT INTO `employee_leaves` (`id`, `emp_id`, `leave_type`, `leave_qouta`) VALUES ('269', '18', '1', '10');
INSERT INTO `employee_leaves` (`id`, `emp_id`, `leave_type`, `leave_qouta`) VALUES ('270', '18', '0', '0');
INSERT INTO `employee_leaves` (`id`, `emp_id`, `leave_type`, `leave_qouta`) VALUES ('271', '18', '4', '10');
INSERT INTO `employee_leaves` (`id`, `emp_id`, `leave_type`, `leave_qouta`) VALUES ('272', '18', '0', '0');
INSERT INTO `employee_leaves` (`id`, `emp_id`, `leave_type`, `leave_qouta`) VALUES ('273', '18', '0', '0');
INSERT INTO `employee_leaves` (`id`, `emp_id`, `leave_type`, `leave_qouta`) VALUES ('274', '27', '0', '0');
INSERT INTO `employee_leaves` (`id`, `emp_id`, `leave_type`, `leave_qouta`) VALUES ('275', '27', '0', '0');
INSERT INTO `employee_leaves` (`id`, `emp_id`, `leave_type`, `leave_qouta`) VALUES ('276', '27', '0', '0');
INSERT INTO `employee_leaves` (`id`, `emp_id`, `leave_type`, `leave_qouta`) VALUES ('277', '27', '4', '10');
INSERT INTO `employee_leaves` (`id`, `emp_id`, `leave_type`, `leave_qouta`) VALUES ('278', '27', '0', '0');
INSERT INTO `employee_leaves` (`id`, `emp_id`, `leave_type`, `leave_qouta`) VALUES ('282', '28', '1', '10');
INSERT INTO `employee_leaves` (`id`, `emp_id`, `leave_type`, `leave_qouta`) VALUES ('283', '28', '0', '0');
INSERT INTO `employee_leaves` (`id`, `emp_id`, `leave_type`, `leave_qouta`) VALUES ('284', '28', '3', '2');
INSERT INTO `employee_leaves` (`id`, `emp_id`, `leave_type`, `leave_qouta`) VALUES ('285', '28', '4', '10');
INSERT INTO `employee_leaves` (`id`, `emp_id`, `leave_type`, `leave_qouta`) VALUES ('286', '28', '0', '0');
INSERT INTO `employee_leaves` (`id`, `emp_id`, `leave_type`, `leave_qouta`) VALUES ('287', '29', '2', '5');
INSERT INTO `employee_leaves` (`id`, `emp_id`, `leave_type`, `leave_qouta`) VALUES ('288', '29', '4', '1');


#
# TABLE STRUCTURE FOR: employee_objectives
#


CREATE TABLE `employee_objectives` (
  `id` int(11) NOT NULL AUTO_INCREMENT,
  `eboj_fk_id` int(11) DEFAULT NULL,
  `name` varchar(100) DEFAULT NULL,
  `weightage` varchar(50) DEFAULT NULL,
  `midYearRating` varchar(50) DEFAULT NULL,
  `yearEndRating` varchar(50) DEFAULT NULL,
  `midYearValue` varchar(50) DEFAULT NULL,
  `yearEndValue` varchar(50) DEFAULT NULL,
  `keyValue` varchar(50) DEFAULT NULL,
  `created_at` timestamp NOT NULL DEFAULT CURRENT_TIMESTAMP,
  `created_by` int(11) DEFAULT NULL,
  `updated_at` datetime DEFAULT NULL,
  `updated_by` int(11) DEFAULT NULL,
  PRIMARY KEY (`id`)
) ENGINE=MyISAM AUTO_INCREMENT=56 DEFAULT CHARSET=latin1;

INSERT INTO `employee_objectives` (`id`, `eboj_fk_id`, `name`, `weightage`, `midYearRating`, `yearEndRating`, `midYearValue`, `yearEndValue`, `keyValue`, `created_at`, `created_by`, `updated_at`, `updated_by`) VALUES ('55', '1', 'Adhoc Availibility', '10', '3', '3', '0.30', '0.30', 'AdhocAvailibility', '2020-10-06 01:18:37', '1', NULL, NULL);
INSERT INTO `employee_objectives` (`id`, `eboj_fk_id`, `name`, `weightage`, `midYearRating`, `yearEndRating`, `midYearValue`, `yearEndValue`, `keyValue`, `created_at`, `created_by`, `updated_at`, `updated_by`) VALUES ('53', '1', 'Innovation', '10', '4', '3', '3', '3', 'Innovation', '2020-10-06 01:18:37', '1', NULL, NULL);
INSERT INTO `employee_objectives` (`id`, `eboj_fk_id`, `name`, `weightage`, `midYearRating`, `yearEndRating`, `midYearValue`, `yearEndValue`, `keyValue`, `created_at`, `created_by`, `updated_at`, `updated_by`) VALUES ('54', '1', 'Obediance', '10', '3', '4', '0.30', '0.40', 'Obediance', '2020-10-06 01:18:37', '1', NULL, NULL);
INSERT INTO `employee_objectives` (`id`, `eboj_fk_id`, `name`, `weightage`, `midYearRating`, `yearEndRating`, `midYearValue`, `yearEndValue`, `keyValue`, `created_at`, `created_by`, `updated_at`, `updated_by`) VALUES ('52', '1', 'Task Achieved', '10', '4', '3', '4', '3', 'TaskAchieved', '2020-10-06 01:18:37', '1', NULL, NULL);
INSERT INTO `employee_objectives` (`id`, `eboj_fk_id`, `name`, `weightage`, `midYearRating`, `yearEndRating`, `midYearValue`, `yearEndValue`, `keyValue`, `created_at`, `created_by`, `updated_at`, `updated_by`) VALUES ('40', '4', 'Adhoc Availibility', '80', '1', '1', '0.80', '0.80', 'AdhocAvailibility', '2020-07-02 07:28:34', '4', NULL, NULL);
INSERT INTO `employee_objectives` (`id`, `eboj_fk_id`, `name`, `weightage`, `midYearRating`, `yearEndRating`, `midYearValue`, `yearEndValue`, `keyValue`, `created_at`, `created_by`, `updated_at`, `updated_by`) VALUES ('35', '2', 'Adhoc Availibility', '80', '2', '5', '1.60', '4.00', 'AdhocAvailibility', '2020-07-02 07:26:43', '2', NULL, NULL);
INSERT INTO `employee_objectives` (`id`, `eboj_fk_id`, `name`, `weightage`, `midYearRating`, `yearEndRating`, `midYearValue`, `yearEndValue`, `keyValue`, `created_at`, `created_by`, `updated_at`, `updated_by`) VALUES ('33', '2', 'Innovation', '70', '3', '1', '2.10', '0.70', 'Innovation', '2020-07-02 07:26:43', '2', NULL, NULL);
INSERT INTO `employee_objectives` (`id`, `eboj_fk_id`, `name`, `weightage`, `midYearRating`, `yearEndRating`, `midYearValue`, `yearEndValue`, `keyValue`, `created_at`, `created_by`, `updated_at`, `updated_by`) VALUES ('34', '2', 'Obediance', '70', '2', '5', '1.40', '3.50', 'Obediance', '2020-07-02 07:26:43', '2', NULL, NULL);
INSERT INTO `employee_objectives` (`id`, `eboj_fk_id`, `name`, `weightage`, `midYearRating`, `yearEndRating`, `midYearValue`, `yearEndValue`, `keyValue`, `created_at`, `created_by`, `updated_at`, `updated_by`) VALUES ('32', '2', 'Task Achieved', '90', '5', '3', '4.50', '2.70', 'TaskAchieved', '2020-07-02 07:26:43', '2', NULL, NULL);
INSERT INTO `employee_objectives` (`id`, `eboj_fk_id`, `name`, `weightage`, `midYearRating`, `yearEndRating`, `midYearValue`, `yearEndValue`, `keyValue`, `created_at`, `created_by`, `updated_at`, `updated_by`) VALUES ('45', '3', 'Adhoc Availibility', '80', '2', '5', '1.60', '4.00', 'AdhocAvailibility', '2020-07-08 04:16:43', '3', NULL, NULL);
INSERT INTO `employee_objectives` (`id`, `eboj_fk_id`, `name`, `weightage`, `midYearRating`, `yearEndRating`, `midYearValue`, `yearEndValue`, `keyValue`, `created_at`, `created_by`, `updated_at`, `updated_by`) VALUES ('43', '3', 'Innovation', '70', '3', '1', '2.10', '0.70', 'Innovation', '2020-07-08 04:16:43', '3', NULL, NULL);
INSERT INTO `employee_objectives` (`id`, `eboj_fk_id`, `name`, `weightage`, `midYearRating`, `yearEndRating`, `midYearValue`, `yearEndValue`, `keyValue`, `created_at`, `created_by`, `updated_at`, `updated_by`) VALUES ('44', '3', 'Obediance', '70', '2', '5', '1.40', '3.50', 'Obediance', '2020-07-08 04:16:43', '3', NULL, NULL);
INSERT INTO `employee_objectives` (`id`, `eboj_fk_id`, `name`, `weightage`, `midYearRating`, `yearEndRating`, `midYearValue`, `yearEndValue`, `keyValue`, `created_at`, `created_by`, `updated_at`, `updated_by`) VALUES ('42', '3', 'Task Achieved', '60', '4', '3', '2.40', '1.80', 'TaskAchieved', '2020-07-08 04:16:43', '3', NULL, NULL);
INSERT INTO `employee_objectives` (`id`, `eboj_fk_id`, `name`, `weightage`, `midYearRating`, `yearEndRating`, `midYearValue`, `yearEndValue`, `keyValue`, `created_at`, `created_by`, `updated_at`, `updated_by`) VALUES ('31', '2', 'Attendance', '50', '2', '4', '1.00', '2.00', 'Attendance', '2020-07-02 07:26:43', '2', NULL, NULL);
INSERT INTO `employee_objectives` (`id`, `eboj_fk_id`, `name`, `weightage`, `midYearRating`, `yearEndRating`, `midYearValue`, `yearEndValue`, `keyValue`, `created_at`, `created_by`, `updated_at`, `updated_by`) VALUES ('41', '3', 'Attendance', '80', '5', '4', '4.00', '3.20', 'Attendance', '2020-07-08 04:16:43', '3', NULL, NULL);
INSERT INTO `employee_objectives` (`id`, `eboj_fk_id`, `name`, `weightage`, `midYearRating`, `yearEndRating`, `midYearValue`, `yearEndValue`, `keyValue`, `created_at`, `created_by`, `updated_at`, `updated_by`) VALUES ('39', '4', 'Obediance', '80', '4', '1', '3.20', '0.80', 'Obediance', '2020-07-02 07:28:34', '4', NULL, NULL);
INSERT INTO `employee_objectives` (`id`, `eboj_fk_id`, `name`, `weightage`, `midYearRating`, `yearEndRating`, `midYearValue`, `yearEndValue`, `keyValue`, `created_at`, `created_by`, `updated_at`, `updated_by`) VALUES ('38', '4', 'Innovation', '70', '1', '4', '0.70', '2.80', 'Innovation', '2020-07-02 07:28:34', '4', NULL, NULL);
INSERT INTO `employee_objectives` (`id`, `eboj_fk_id`, `name`, `weightage`, `midYearRating`, `yearEndRating`, `midYearValue`, `yearEndValue`, `keyValue`, `created_at`, `created_by`, `updated_at`, `updated_by`) VALUES ('37', '4', 'Task Achieved', '80', '3', '1', '2.40', '0.80', 'TaskAchieved', '2020-07-02 07:28:34', '4', NULL, NULL);
INSERT INTO `employee_objectives` (`id`, `eboj_fk_id`, `name`, `weightage`, `midYearRating`, `yearEndRating`, `midYearValue`, `yearEndValue`, `keyValue`, `created_at`, `created_by`, `updated_at`, `updated_by`) VALUES ('36', '4', 'Attendance', '40', '4', '4', '1.60', '1.60', 'Attendance', '2020-07-02 07:28:34', '4', NULL, NULL);
INSERT INTO `employee_objectives` (`id`, `eboj_fk_id`, `name`, `weightage`, `midYearRating`, `yearEndRating`, `midYearValue`, `yearEndValue`, `keyValue`, `created_at`, `created_by`, `updated_at`, `updated_by`) VALUES ('51', '1', 'Attendance', '10', '4', '3', '4', '4', 'Attendance', '2020-10-06 01:18:37', '1', NULL, NULL);


#
# TABLE STRUCTURE FOR: employee_performance
#


CREATE TABLE `employee_performance` (
  `emp_per_id` int(11) NOT NULL AUTO_INCREMENT,
  `employee_id` varchar(50) CHARACTER SET latin1 NOT NULL,
  `note` varchar(50) CHARACTER SET latin1 NOT NULL,
  `date` varchar(50) CHARACTER SET latin1 NOT NULL,
  `note_by` varchar(50) CHARACTER SET latin1 NOT NULL,
  `number_of_star` int(11) NOT NULL,
  `status` varchar(50) CHARACTER SET latin1 NOT NULL,
  `updated_by` varchar(50) CHARACTER SET latin1 NOT NULL,
  PRIMARY KEY (`emp_per_id`)
) ENGINE=InnoDB AUTO_INCREMENT=2 DEFAULT CHARSET=utf8;

INSERT INTO `employee_performance` (`emp_per_id`, `employee_id`, `note`, `date`, `note_by`, `number_of_star`, `status`, `updated_by`) VALUES ('1', '2', 'jh kjh kjh', '2020-06-18', 'HR Admin', '4', 'good', '');


#
# TABLE STRUCTURE FOR: employee_position
#


CREATE TABLE `employee_position` (
  `emp_pos_id` int(10) unsigned NOT NULL,
  `employee_id` varchar(50) CHARACTER SET latin1 NOT NULL,
  `first_name` varchar(50) CHARACTER SET latin1 NOT NULL,
  `position_name` varchar(50) CHARACTER SET latin1 NOT NULL,
  `position_details` varchar(100) CHARACTER SET latin1 NOT NULL
) ENGINE=InnoDB DEFAULT CHARSET=utf8;

#
# TABLE STRUCTURE FOR: employee_resignation
#


CREATE TABLE `employee_resignation` (
  `id` int(11) NOT NULL AUTO_INCREMENT,
  `emp_id` int(11) NOT NULL,
  `cause` varchar(200) NOT NULL,
  `last_work_date` date NOT NULL,
  `text` text NOT NULL,
  `status` varchar(20) NOT NULL,
  `created_by` int(11) NOT NULL,
  `created_on` date NOT NULL,
  PRIMARY KEY (`id`)
) ENGINE=InnoDB AUTO_INCREMENT=17 DEFAULT CHARSET=latin1;

INSERT INTO `employee_resignation` (`id`, `emp_id`, `cause`, `last_work_date`, `text`, `status`, `created_by`, `created_on`) VALUES ('11', '2', 'working', '2020-07-10', '<p><strong>Descirptions</strong></p>\r\n', 'rejected', '1', '2020-07-10');
INSERT INTO `employee_resignation` (`id`, `emp_id`, `cause`, `last_work_date`, `text`, `status`, `created_by`, `created_on`) VALUES ('13', '4', 'caserss abc', '2020-07-13', '<p>hasnain khan information technology</p>\r\n', 'inactive', '4', '2020-07-13');
INSERT INTO `employee_resignation` (`id`, `emp_id`, `cause`, `last_work_date`, `text`, `status`, `created_by`, `created_on`) VALUES ('15', '4', 'Resignation for leaving', '2020-08-31', '<p>resigntaiontemplate</p>\r\n', 'rejected', '4', '2020-08-31');
INSERT INTO `employee_resignation` (`id`, `emp_id`, `cause`, `last_work_date`, `text`, `status`, `created_by`, `created_on`) VALUES ('16', '8', 'Not satisfaction salary ', '2021-03-31', '<p>I resigning to the post of php developer , because there is salary is not good form me, i have many skills in&nbsp; php , javascript and also in python but company doesnot want to increase salary.</p>\r\n', 'approved', '1', '2021-03-11');


#
# TABLE STRUCTURE FOR: employee_sal_pay_type
#


CREATE TABLE `employee_sal_pay_type` (
  `emp_sal_pay_type_id` int(11) unsigned NOT NULL,
  `payment_period` varchar(50) CHARACTER SET latin1 NOT NULL
) ENGINE=InnoDB DEFAULT CHARSET=utf8;

#
# TABLE STRUCTURE FOR: employee_salary_payment
#


CREATE TABLE `employee_salary_payment` (
  `emp_sal_pay_id` int(11) NOT NULL AUTO_INCREMENT,
  `employee_id` varchar(50) CHARACTER SET latin1 NOT NULL,
  `total_salary` varchar(50) CHARACTER SET latin1 NOT NULL,
  `total_working_minutes` varchar(50) CHARACTER SET latin1 NOT NULL,
  `working_period` varchar(50) CHARACTER SET latin1 NOT NULL,
  `payment_due` varchar(50) CHARACTER SET latin1 NOT NULL,
  `payment_date` varchar(50) CHARACTER SET latin1 NOT NULL,
  `salary_name` varchar(100) DEFAULT NULL,
  `payment_type` int(11) DEFAULT NULL,
  `bank_name` varchar(250) DEFAULT NULL,
  `paid_by` varchar(50) CHARACTER SET latin1 NOT NULL,
  `salary_slip_mail_status` int(1) NOT NULL DEFAULT '0' COMMENT '0=Mail Not Sent; 1=Mail Sent',
  PRIMARY KEY (`emp_sal_pay_id`)
) ENGINE=InnoDB AUTO_INCREMENT=29 DEFAULT CHARSET=utf8;

INSERT INTO `employee_salary_payment` (`emp_sal_pay_id`, `employee_id`, `total_salary`, `total_working_minutes`, `working_period`, `payment_due`, `payment_date`, `salary_name`, `payment_type`, `bank_name`, `paid_by`, `salary_slip_mail_status`) VALUES ('26', '18', '89500', '0.01', '1', 'paid', '2021-03-11', 'March 2021', '1', NULL, 'HR Admin', '1');
INSERT INTO `employee_salary_payment` (`emp_sal_pay_id`, `employee_id`, `total_salary`, `total_working_minutes`, `working_period`, `payment_due`, `payment_date`, `salary_name`, `payment_type`, `bank_name`, `paid_by`, `salary_slip_mail_status`) VALUES ('27', '18', '89000', '0.00', '0', 'paid', '2021-03-11', 'April 2021', '1', NULL, 'HR Admin', '1');
INSERT INTO `employee_salary_payment` (`emp_sal_pay_id`, `employee_id`, `total_salary`, `total_working_minutes`, `working_period`, `payment_due`, `payment_date`, `salary_name`, `payment_type`, `bank_name`, `paid_by`, `salary_slip_mail_status`) VALUES ('28', '26', '95000', '0.00', '0', 'paid', '2021-03-12', 'March 2021', '1', NULL, 'HR Admin', '1');


#
# TABLE STRUCTURE FOR: employee_salary_setup
#


CREATE TABLE `employee_salary_setup` (
  `e_s_s_id` int(11) unsigned NOT NULL AUTO_INCREMENT,
  `employee_id` varchar(30) CHARACTER SET latin1 NOT NULL,
  `sal_type` varchar(30) NOT NULL,
  `salary_type_id` varchar(30) CHARACTER SET latin1 NOT NULL,
  `amount` varchar(30) CHARACTER SET latin1 NOT NULL,
  `create_date` date DEFAULT NULL,
  `update_date` datetime(6) DEFAULT NULL,
  `update_id` varchar(30) CHARACTER SET latin1 NOT NULL,
  `gross_salary` float NOT NULL,
  PRIMARY KEY (`e_s_s_id`)
) ENGINE=InnoDB AUTO_INCREMENT=14 DEFAULT CHARSET=utf8;

INSERT INTO `employee_salary_setup` (`e_s_s_id`, `employee_id`, `sal_type`, `salary_type_id`, `amount`, `create_date`, `update_date`, `update_id`, `gross_salary`) VALUES ('8', '1', '2', '1', '0', '2020-08-19', NULL, '', '47500');
INSERT INTO `employee_salary_setup` (`e_s_s_id`, `employee_id`, `sal_type`, `salary_type_id`, `amount`, `create_date`, `update_date`, `update_id`, `gross_salary`) VALUES ('9', '1', '2', '5', '1', '2020-08-19', NULL, '', '47500');
INSERT INTO `employee_salary_setup` (`e_s_s_id`, `employee_id`, `sal_type`, `salary_type_id`, `amount`, `create_date`, `update_date`, `update_id`, `gross_salary`) VALUES ('10', '1', '2', '2', '1', '2020-08-19', NULL, '', '47500');
INSERT INTO `employee_salary_setup` (`e_s_s_id`, `employee_id`, `sal_type`, `salary_type_id`, `amount`, `create_date`, `update_date`, `update_id`, `gross_salary`) VALUES ('11', '1', '2', '3', '2', '2020-08-19', NULL, '', '47500');
INSERT INTO `employee_salary_setup` (`e_s_s_id`, `employee_id`, `sal_type`, `salary_type_id`, `amount`, `create_date`, `update_date`, `update_id`, `gross_salary`) VALUES ('12', '1', '2', '4', '1', '2020-08-19', NULL, '', '47500');
INSERT INTO `employee_salary_setup` (`e_s_s_id`, `employee_id`, `sal_type`, `salary_type_id`, `amount`, `create_date`, `update_date`, `update_id`, `gross_salary`) VALUES ('13', '1', '2', '6', '2', '2020-08-19', NULL, '', '47500');


#
# TABLE STRUCTURE FOR: employee_terminate
#


CREATE TABLE `employee_terminate` (
  `id` int(11) NOT NULL AUTO_INCREMENT,
  `emp_id` int(11) NOT NULL,
  `cause` varchar(200) NOT NULL,
  `template_id` int(11) NOT NULL,
  `created_by` int(11) NOT NULL,
  `created_on` date NOT NULL,
  `text` text NOT NULL,
  PRIMARY KEY (`id`)
) ENGINE=InnoDB AUTO_INCREMENT=10 DEFAULT CHARSET=latin1;

INSERT INTO `employee_terminate` (`id`, `emp_id`, `cause`, `template_id`, `created_by`, `created_on`, `text`) VALUES ('5', '2', 'case', '8', '1', '2020-07-09', '<h1><strong>&nbsp; &nbsp; &nbsp; &nbsp; &nbsp; &nbsp; &nbsp; &nbsp; &nbsp; &nbsp; &nbsp; &nbsp; &nbsp;Written Warning</strong></h1>\r\n\r\n<p>&nbsp;</p>\r\n\r\n<p>This Written abc Warning confirms our discussion on ____(date)_______ and is being issued to you regarding (state reason(s), e.g., misconduct, unsatisfactory work performance, dereliction of duty, etc.)</p>\r\n\r\n<p>&nbsp;</p>\r\n\r\n<p>(Describe incident(s) prompting this letter, giving brief details and examples.&nbsp; Example:&nbsp; Since our discussion on __(date)___ you have continued to &hellip;&hellip;.. , or,&nbsp; Recently you failed to &hellip;&hellip;..)</p>\r\n\r\n<p>&nbsp;</p>\r\n\r\n<p>The reasons you have given are that (state employee&rsquo;s reasons).&nbsp; These are unacceptable reasons and do not excuse your (state problem).&nbsp; In short, your (state problem) continues.</p>\r\n\r\n<p>&nbsp;</p>\r\n\r\n<p>On&nbsp; __(date)___ you were counseled (verbally and/or in writing) by (person&rsquo;s name) that (state reasons).&nbsp; At that time you were made aware that I expected you to (state method of correction).&nbsp; I further indicated that I would continue to review your (state situation) for improvement.</p>\r\n\r\n<p>It is imperative you understand that failure to show immediate and sustained improvement in your (problem) will result in further disciplinary action, up to and including dismissal from your employment with the __(Company Name)__.&nbsp; If you have any questions regarding this letter or the specific expectations as attached, please let me know immediately.</p>\r\n\r\n<p>&nbsp;</p>\r\n\r\n<h1>Supervisor&rsquo;s Signature</h1>\r\n\r\n<p>&nbsp;</p>\r\n\r\n<h1>cc:&nbsp;HR Department</h1>\r\n\r\n<p>&nbsp; bcc:&nbsp;&nbsp;Core Members</p>\r\n');
INSERT INTO `employee_terminate` (`id`, `emp_id`, `cause`, `template_id`, `created_by`, `created_on`, `text`) VALUES ('7', '4', 'Causes', '9', '1', '2020-07-09', '<p><strong>&nbsp; &nbsp; &nbsp; &nbsp; &nbsp; &nbsp; &nbsp; &nbsp; &nbsp; &nbsp; &nbsp; &nbsp; &nbsp; &nbsp; &nbsp; &nbsp; &nbsp; &nbsp; &nbsp; &nbsp; &nbsp; &nbsp; &nbsp; &nbsp; &nbsp; &nbsp; &nbsp; &nbsp; &nbsp; &nbsp; &nbsp; &nbsp; &nbsp; &nbsp;Termination Letter</strong></p>\r\n\r\n<p>&nbsp;</p>\r\n\r\n<p>Name, address, date, reference</p>\r\n\r\n<p>&nbsp;</p>\r\n\r\n<p>Dear Mr/Ms/etc .........</p>\r\n\r\n<p>&nbsp;</p>\r\n\r\n<p>Further to our meeting of (date) I (regretfully) confirm that your employment with us is terminated with effect from (date)/with immediate effect.</p>\r\n\r\n<p>As stated at our meeting the reason(s) for terminating your employment with us is/are as follows:</p>\r\n\r\n<p>(Employer must clearly state reasons - transgressions and relevant policies if applicable)</p>\r\n\r\n<p>(Employer must clearly state previous warnings, informal, formal, written etc., and circumstances and person&#39;s response and subsequent behavior/performance for each warning.)</p>\r\n\r\n<p>(Clearly state requirements regarding return of documentation, equipment, car, submission of final expenses claims, and any other leaving administration issues.)</p>\r\n\r\n<p>(Clearly state actual leaving date, requirement or otherwise to serve period of notice, holiday pay, and other pay and pension details.)</p>\r\n\r\n<p>(Clearly state the position regarding the employee&#39;s right of appeal, and state the appeal process and timescales.)</p>\r\n\r\n<p>(Optional sign-off, for example: Thank you for your past efforts and all the best for your future endeavors.)</p>\r\n\r\n<p>&nbsp;</p>\r\n\r\n<p>Yours, etc.</p>\r\n\r\n<p>&nbsp;</p>\r\n\r\n<p>Name and position</p>\r\n');
INSERT INTO `employee_terminate` (`id`, `emp_id`, `cause`, `template_id`, `created_by`, `created_on`, `text`) VALUES ('8', '20', 'inconsistence', '9', '1', '2021-03-08', '<p><strong>&nbsp; &nbsp; &nbsp; &nbsp; &nbsp; &nbsp; &nbsp; &nbsp; &nbsp; &nbsp; &nbsp; &nbsp; &nbsp; &nbsp; &nbsp; &nbsp; &nbsp; &nbsp; &nbsp; &nbsp; &nbsp; &nbsp; &nbsp; &nbsp; &nbsp; &nbsp; &nbsp; &nbsp; &nbsp; &nbsp; &nbsp; &nbsp; &nbsp; &nbsp;Termination Letter</strong></p>\r\n\r\n<p>&nbsp;</p>\r\n\r\n<p>Name, address, date, reference</p>\r\n\r\n<p>&nbsp;</p>\r\n\r\n<p>Dear Mr/Ms/etc .........</p>\r\n\r\n<p>&nbsp;</p>\r\n\r\n<p>Further to our meeting of (date) I (regretfully) confirm that your employment with us is terminated with effect from (date)/with immediate effect.</p>\r\n\r\n<p>As stated at our meeting the reason(s) for terminating your employment with us is/are as follows:</p>\r\n\r\n<p>(Employer must clearly state reasons - transgressions and relevant policies if applicable)</p>\r\n\r\n<p>(Employer must clearly state previous warnings, informal, formal, written etc., and circumstances and person&#39;s response and subsequent behavior/performance for each warning.)</p>\r\n\r\n<p>(Clearly state requirements regarding return of documentation, equipment, car, submission of final expenses claims, and any other leaving administration issues.)</p>\r\n\r\n<p>(Clearly state actual leaving date, requirement or otherwise to serve period of notice, holiday pay, and other pay and pension details.)</p>\r\n\r\n<p>(Clearly state the position regarding the employee&#39;s right of appeal, and state the appeal process and timescales.)</p>\r\n\r\n<p>(Optional sign-off, for example: Thank you for your past efforts and all the best for your future endeavors.)</p>\r\n\r\n<p>&nbsp;</p>\r\n\r\n<p>Yours, etc.</p>\r\n\r\n<p>&nbsp;</p>\r\n\r\n<p>Name and position</p>\r\n');
INSERT INTO `employee_terminate` (`id`, `emp_id`, `cause`, `template_id`, `created_by`, `created_on`, `text`) VALUES ('9', '1', 'kajhs d', '9', '1', '2021-03-15', '<p><strong>&nbsp; &nbsp; &nbsp; &nbsp; &nbsp; &nbsp; &nbsp; &nbsp; &nbsp; &nbsp; &nbsp; &nbsp; &nbsp; &nbsp; &nbsp; &nbsp; &nbsp; &nbsp; &nbsp; &nbsp; &nbsp; &nbsp; &nbsp; &nbsp; &nbsp; &nbsp; &nbsp; &nbsp; &nbsp; &nbsp; &nbsp; &nbsp; &nbsp; &nbsp;Termination Letter</strong></p>\r\n\r\n<p>&nbsp;</p>\r\n\r\n<p>Name, address, date, reference</p>\r\n\r\n<p>&nbsp;</p>\r\n\r\n<p>Dear Mr/Ms/etc .........</p>\r\n\r\n<p>&nbsp;</p>\r\n\r\n<p>Further to our meeting of (date) I (regretfully) confirm that your employment with us is terminated with effect from (date)/with immediate effect.</p>\r\n\r\n<p>As stated at our meeting the reason(s) for terminating your employment with us is/are as follows:</p>\r\n\r\n<p>(Employer must clearly state reasons - transgressions and relevant policies if applicable)</p>\r\n\r\n<p>(Employer must clearly state previous warnings, informal, formal, written etc., and circumstances and person&#39;s response and subsequent behavior/performance for each warning.)</p>\r\n\r\n<p>(Clearly state requirements regarding return of documentation, equipment, car, submission of final expenses claims, and any other leaving administration issues.)</p>\r\n\r\n<p>(Clearly state actual leaving date, requirement or otherwise to serve period of notice, holiday pay, and other pay and pension details.)</p>\r\n\r\n<p>(Clearly state the position regarding the employee&#39;s right of appeal, and state the appeal process and timescales.)</p>\r\n\r\n<p>(Optional sign-off, for example: Thank you for your past efforts and all the best for your future endeavors.)</p>\r\n\r\n<p>&nbsp;</p>\r\n\r\n<p>Yours, etc.</p>\r\n\r\n<p>&nbsp;</p>\r\n\r\n<p>Name and position</p>\r\n');


#
# TABLE STRUCTURE FOR: employee_warning
#


CREATE TABLE `employee_warning` (
  `id` int(11) NOT NULL AUTO_INCREMENT,
  `emp_id` int(11) NOT NULL,
  `reason` varchar(200) NOT NULL,
  `template_id` int(11) NOT NULL,
  `created_by` int(11) NOT NULL,
  `created_on` date NOT NULL,
  `text` text NOT NULL,
  PRIMARY KEY (`id`)
) ENGINE=InnoDB AUTO_INCREMENT=10 DEFAULT CHARSET=latin1;

INSERT INTO `employee_warning` (`id`, `emp_id`, `reason`, `template_id`, `created_by`, `created_on`, `text`) VALUES ('7', '2', 'Reason', '9', '1', '2020-08-18', '<p><strong>&nbsp; &nbsp; &nbsp; &nbsp; &nbsp; &nbsp; &nbsp; &nbsp; &nbsp; &nbsp; &nbsp; &nbsp; &nbsp; &nbsp; &nbsp; &nbsp; &nbsp; &nbsp; &nbsp; &nbsp; &nbsp; &nbsp; &nbsp; &nbsp; &nbsp; &nbsp; &nbsp; &nbsp; &nbsp; &nbsp; &nbsp; &nbsp; &nbsp; &nbsp;Termination Letter</strong></p>\r\n\r\n<p>&nbsp;</p>\r\n\r\n<p>Name, Hasnain, date, reference</p>\r\n\r\n<p>&nbsp;</p>\r\n\r\n<p>Dear Mr/Ms/etc .........</p>\r\n\r\n<p>&nbsp;</p>\r\n\r\n<p>Further to our meeting of (date) I (regretfully) confirm that your employment with us is terminated with effect from (date)/with immediate effect.</p>\r\n\r\n<p>As stated at our meeting the reason(s) for terminating your employment with us is/are as follows:</p>\r\n\r\n<p>(Employer must clearly state reasons - transgressions and relevant policies if applicable)</p>\r\n\r\n<p>(Employer must clearly state previous warnings, informal, formal, written etc., and circumstances and person&#39;s response and subsequent behavior/performance for each warning.)</p>\r\n\r\n<p>(Clearly state requirements regarding return of documentation, equipment, car, submission of final expenses claims, and any other leaving administration issues.)</p>\r\n\r\n<p>(Clearly state actual leaving date, requirement or otherwise to serve period of notice, holiday pay, and other pay and pension details.)</p>\r\n\r\n<p>(Clearly state the position regarding the employee&#39;s right of appeal, and state the appeal process and timescales.)</p>\r\n\r\n<p>(Optional sign-off, for example: Thank you for your past efforts and all the best for your future endeavors.)</p>\r\n\r\n<p>&nbsp;</p>\r\n\r\n<p>Yours, etc.</p>\r\n\r\n<p>&nbsp;</p>\r\n\r\n<p>Name and position</p>\r\n');
INSERT INTO `employee_warning` (`id`, `emp_id`, `reason`, `template_id`, `created_by`, `created_on`, `text`) VALUES ('8', '18', 'absence', '8', '1', '2021-03-08', '<h1><strong>&nbsp; &nbsp; &nbsp; &nbsp; &nbsp; &nbsp; &nbsp; &nbsp; &nbsp; &nbsp; &nbsp; &nbsp; &nbsp;Written Warning</strong></h1>\r\n\r\n<p>&nbsp;</p>\r\n\r\n<p>This Written Warning confirms our discussion on ____(date)_______ and is being issued to you regarding (state reason(s), e.g., misconduct, unsatisfactory work performance, dereliction of duty, etc.)</p>\r\n\r\n<p>&nbsp;</p>\r\n\r\n<p>(Describe incident(s) prompting this letter, giving brief details and examples.&nbsp; Example:&nbsp; Since our discussion on __(date)___ you have continued to &hellip;&hellip;.. , or,&nbsp; Recently you failed to &hellip;&hellip;..)</p>\r\n\r\n<p>&nbsp;</p>\r\n\r\n<p>The reasons you have given are that (state employee&rsquo;s reasons).&nbsp; These are unacceptable reasons and do not excuse your (state problem).&nbsp; In short, your (state problem) continues.</p>\r\n\r\n<p>&nbsp;</p>\r\n\r\n<p>On&nbsp; __(date)___ you were counseled (verbally and/or in writing) by (person&rsquo;s name) that (state reasons).&nbsp; At that time you were made aware that I expected you to (state method of correction).&nbsp; I further indicated that I would continue to review your (state situation) for improvement.</p>\r\n\r\n<p>It is imperative you understand that failure to show immediate and sustained improvement in your (problem) will result in further disciplinary action, up to and including dismissal from your employment with the __(Company Name)__.&nbsp; If you have any questions regarding this letter or the specific expectations as attached, please let me know immediately.</p>\r\n\r\n<p>&nbsp;</p>\r\n\r\n<h1>Supervisor&rsquo;s Signature</h1>\r\n\r\n<p>&nbsp;</p>\r\n\r\n<h1>cc:&nbsp;HR Department</h1>\r\n\r\n<p>&nbsp; bcc:&nbsp;&nbsp;Core Members</p>\r\n');
INSERT INTO `employee_warning` (`id`, `emp_id`, `reason`, `template_id`, `created_by`, `created_on`, `text`) VALUES ('9', '1', 'jkahs dkjash', '8', '1', '2021-03-15', '<h1><strong>&nbsp; &nbsp; &nbsp; &nbsp; &nbsp; &nbsp; &nbsp; &nbsp; &nbsp; &nbsp; &nbsp; &nbsp; &nbsp;Written Warning</strong></h1>\r\n\r\n<p>&nbsp;</p>\r\n\r\n<p>This Written Warning confirms our discussion on ____(date)_______ and is being issued to you regarding (state reason(s), e.g., misconduct, unsatisfactory work performance, dereliction of duty, etc.)</p>\r\n\r\n<p>&nbsp;</p>\r\n\r\n<p>(Describe incident(s) prompting this letter, giving brief details and examples.&nbsp; Example:&nbsp; Since our discussion on __(date)___ you have continued to &hellip;&hellip;.. , or,&nbsp; Recently you failed to &hellip;&hellip;..)</p>\r\n\r\n<p>&nbsp;</p>\r\n\r\n<p>The reasons you have given are that (state employee&rsquo;s reasons).&nbsp; These are unacceptable reasons and do not excuse your (state problem).&nbsp; In short, your (state problem) continues.</p>\r\n\r\n<p>&nbsp;</p>\r\n\r\n<p>On&nbsp; __(date)___ you were counseled (verbally and/or in writing) by (person&rsquo;s name) that (state reasons).&nbsp; At that time you were made aware that I expected you to (state method of correction).&nbsp; I further indicated that I would continue to review your (state situation) for improvement.</p>\r\n\r\n<p>It is imperative you understand that failure to show immediate and sustained improvement in your (problem) will result in further disciplinary action, up to and including dismissal from your employment with the __(Company Name)__.&nbsp; If you have any questions regarding this letter or the specific expectations as attached, please let me know immediately.</p>\r\n\r\n<p>&nbsp;</p>\r\n\r\n<h1>Supervisor&rsquo;s Signature</h1>\r\n\r\n<p>&nbsp;</p>\r\n\r\n<h1>cc:&nbsp;HR Department</h1>\r\n\r\n<p>&nbsp; bcc:&nbsp;&nbsp;Core Members</p>\r\n');


#
# TABLE STRUCTURE FOR: equipment
#


CREATE TABLE `equipment` (
  `equipment_id` int(11) NOT NULL AUTO_INCREMENT,
  `equipment_name` varchar(100) NOT NULL,
  `type_id` int(11) NOT NULL,
  `model` varchar(100) NOT NULL,
  `serial_no` varchar(50) NOT NULL,
  `is_assign` tinyint(4) NOT NULL DEFAULT '0',
  PRIMARY KEY (`equipment_id`)
) ENGINE=InnoDB DEFAULT CHARSET=latin1;

#
# TABLE STRUCTURE FOR: equipment_type
#


CREATE TABLE `equipment_type` (
  `type_id` int(11) NOT NULL AUTO_INCREMENT,
  `type_name` varchar(100) NOT NULL,
  PRIMARY KEY (`type_id`)
) ENGINE=InnoDB DEFAULT CHARSET=latin1;

#
# TABLE STRUCTURE FOR: expense_details
#


CREATE TABLE `expense_details` (
  `id` int(11) NOT NULL AUTO_INCREMENT,
  `date` date DEFAULT NULL,
  `expense_id` int(11) DEFAULT NULL,
  `voucher_no` varchar(100) DEFAULT NULL,
  `amount` varchar(100) DEFAULT NULL,
  `internal_account` int(11) DEFAULT NULL,
  `description` text,
  PRIMARY KEY (`id`)
) ENGINE=InnoDB AUTO_INCREMENT=2 DEFAULT CHARSET=latin1;

INSERT INTO `expense_details` (`id`, `date`, `expense_id`, `voucher_no`, `amount`, `internal_account`, `description`) VALUES ('1', '2020-10-02', '1', '123', '100', '1', '123');


#
# TABLE STRUCTURE FOR: expense_information
#


CREATE TABLE `expense_information` (
  `id` int(11) NOT NULL AUTO_INCREMENT,
  `expense_name` varchar(200) NOT NULL,
  `is_deleted` tinyint(1) DEFAULT '0',
  PRIMARY KEY (`id`)
) ENGINE=InnoDB AUTO_INCREMENT=2 DEFAULT CHARSET=latin1;

INSERT INTO `expense_information` (`id`, `expense_name`, `is_deleted`) VALUES ('1', 'NEw Expesns', '0');


#
# TABLE STRUCTURE FOR: gender
#


CREATE TABLE `gender` (
  `id` int(11) NOT NULL AUTO_INCREMENT,
  `gender_name` varchar(30) NOT NULL,
  PRIMARY KEY (`id`)
) ENGINE=InnoDB AUTO_INCREMENT=4 DEFAULT CHARSET=latin1;

INSERT INTO `gender` (`id`, `gender_name`) VALUES ('1', 'Male');
INSERT INTO `gender` (`id`, `gender_name`) VALUES ('2', 'Female');
INSERT INTO `gender` (`id`, `gender_name`) VALUES ('3', 'Other');


#
# TABLE STRUCTURE FOR: general_policy
#


CREATE TABLE `general_policy` (
  `id` int(11) NOT NULL AUTO_INCREMENT,
  `date` date NOT NULL,
  `category` varchar(100) NOT NULL,
  `text` text NOT NULL,
  `created_on` int(11) DEFAULT NULL,
  `created_by` int(11) DEFAULT NULL,
  PRIMARY KEY (`id`)
) ENGINE=InnoDB AUTO_INCREMENT=8 DEFAULT CHARSET=latin1;

INSERT INTO `general_policy` (`id`, `date`, `category`, `text`, `created_on`, `created_by`) VALUES ('5', '2020-12-17', 'Personal Grooming & Hygiene', '<p>&nbsp;General Policies Enterprises</p>\r\n\r\n<p>should take fully into account established policies in the countries in which they operate, and consider the views of other stakeholders. In this regard: A. Enterprises should:</p>\r\n\r\n<p>1. Contribute to economic, environmental and social progress with a view to achieving sustainable development. 2. Respect the internationally recognised human rights of those affected by their activities. 3. Encourage local capacity building through close co-operation with the local community, including business interests, as well as developing the enterprise&rsquo;s activities in domestic and foreign markets, consistent with the need for sound commercial practice. 4. Encourage human capital formation, in particular by creating employment opportunities and facilitating training opportunities for employees. 5. Refrain from seeking or accepting exemptions not contemplated in the statutory or regulatory framework related to human rights, environmental, health, safety, labour, taxation, financial incentives, or other issues. 6. Support and uphold good corporate governance principles and develop and apply good corporate governance practices, including throughout enterprise groups. 7. Develop and apply effective self-regulatory practices and management systems that foster a relationship of confidence and mutual trust between enterprises and the societies in which they operate. 8. Promote awareness of and compliance by workers employed by multinational enterprises with respect to company policies through appropriate dissemination of these policies, including through training programmes. I. OECD GUIDELINES FOR MULTINATIONAL ENTERPRISES 20 OECD GUIDELINES FOR MULTINATIONAL ENTERPRISES 2011 EDITION &copy; OECD 2011 9. Refrain from discriminatory or disciplinary action against work</p>\r\n\r\n<p>&nbsp;</p>\r\n', '2020', '1');
INSERT INTO `general_policy` (`id`, `date`, `category`, `text`, `created_on`, `created_by`) VALUES ('7', '2021-03-01', 'Working Hours', '<p>kjsdh kajsh dkjash dkjas hdkjash dkja hsdjkh&nbsp;</p>\r\n', '2021', '1');


#
# TABLE STRUCTURE FOR: grand_loan
#


CREATE TABLE `grand_loan` (
  `loan_id` int(11) NOT NULL AUTO_INCREMENT,
  `employee_id` varchar(50) CHARACTER SET latin1 NOT NULL,
  `permission_by` varchar(30) CHARACTER SET latin1 NOT NULL,
  `loan_details` varchar(30) CHARACTER SET latin1 NOT NULL,
  `amount` varchar(30) CHARACTER SET latin1 NOT NULL,
  `interest_rate` varchar(30) CHARACTER SET latin1 NOT NULL,
  `installment` varchar(30) CHARACTER SET latin1 NOT NULL,
  `installment_period` varchar(30) CHARACTER SET latin1 NOT NULL,
  `repayment_amount` varchar(30) CHARACTER SET latin1 NOT NULL,
  `date_of_approve` varchar(30) CHARACTER SET latin1 NOT NULL,
  `repayment_start_date` varchar(30) CHARACTER SET latin1 NOT NULL,
  `created_by` varchar(30) CHARACTER SET latin1 NOT NULL,
  `updated_by` varchar(30) CHARACTER SET latin1 NOT NULL,
  `loan_status` varchar(30) CHARACTER SET latin1 NOT NULL,
  `loan_payment_status` varchar(100) DEFAULT NULL,
  PRIMARY KEY (`loan_id`)
) ENGINE=InnoDB AUTO_INCREMENT=8 DEFAULT CHARSET=utf8;

INSERT INTO `grand_loan` (`loan_id`, `employee_id`, `permission_by`, `loan_details`, `amount`, `interest_rate`, `installment`, `installment_period`, `repayment_amount`, `date_of_approve`, `repayment_start_date`, `created_by`, `updated_by`, `loan_status`, `loan_payment_status`) VALUES ('1', '13', '1', 'Load DEtails', '1000', '1', '337', '3', '1010', '2020-09-03', '2020-09-30', '', '', '1', NULL);
INSERT INTO `grand_loan` (`loan_id`, `employee_id`, `permission_by`, `loan_details`, `amount`, `interest_rate`, `installment`, `installment_period`, `repayment_amount`, `date_of_approve`, `repayment_start_date`, `created_by`, `updated_by`, `loan_status`, `loan_payment_status`) VALUES ('2', '1', '4', 'Loan for testing', '1000', '1', '1010', '1', '1010', '2020-09-04', '2020-09-04', '', '', '1', NULL);
INSERT INTO `grand_loan` (`loan_id`, `employee_id`, `permission_by`, `loan_details`, `amount`, `interest_rate`, `installment`, `installment_period`, `repayment_amount`, `date_of_approve`, `repayment_start_date`, `created_by`, `updated_by`, `loan_status`, `loan_payment_status`) VALUES ('3', '1', '4', 'FIrst Loan', '10000', '10', '917', '12', '11000', '2020-09-08', '2020-09-08', '', '', '1', 'Paid');
INSERT INTO `grand_loan` (`loan_id`, `employee_id`, `permission_by`, `loan_details`, `amount`, `interest_rate`, `installment`, `installment_period`, `repayment_amount`, `date_of_approve`, `repayment_start_date`, `created_by`, `updated_by`, `loan_status`, `loan_payment_status`) VALUES ('4', '3', '5', 'abc loan', '1000', '1', '505', '2', '1010', '2020-09-15', '2020-09-15', '', '', '1', NULL);
INSERT INTO `grand_loan` (`loan_id`, `employee_id`, `permission_by`, `loan_details`, `amount`, `interest_rate`, `installment`, `installment_period`, `repayment_amount`, `date_of_approve`, `repayment_start_date`, `created_by`, `updated_by`, `loan_status`, `loan_payment_status`) VALUES ('5', '9', '12', 'FIrst Loan', '1000', '1', '202', '5', '1010', '2020-09-15', '2020-09-15', '', '', '1', 'Paid');
INSERT INTO `grand_loan` (`loan_id`, `employee_id`, `permission_by`, `loan_details`, `amount`, `interest_rate`, `installment`, `installment_period`, `repayment_amount`, `date_of_approve`, `repayment_start_date`, `created_by`, `updated_by`, `loan_status`, `loan_payment_status`) VALUES ('6', '9', '5', 'Fahad second loan', '1000', '1', '202', '5', '1010', '2020-09-15', '2020-09-15', '', '', '1', NULL);
INSERT INTO `grand_loan` (`loan_id`, `employee_id`, `permission_by`, `loan_details`, `amount`, `interest_rate`, `installment`, `installment_period`, `repayment_amount`, `date_of_approve`, `repayment_start_date`, `created_by`, `updated_by`, `loan_status`, `loan_payment_status`) VALUES ('7', '2', '1', 'Loan Details', '2500', '2', '1275', '2', '2550', '2020-09-15', '2020-09-15', '', '', '1', NULL);


#
# TABLE STRUCTURE FOR: incident_type
#


CREATE TABLE `incident_type` (
  `id` int(11) NOT NULL AUTO_INCREMENT,
  `type` varchar(150) NOT NULL,
  PRIMARY KEY (`id`)
) ENGINE=InnoDB AUTO_INCREMENT=6 DEFAULT CHARSET=latin1;

INSERT INTO `incident_type` (`id`, `type`) VALUES ('4', 'Types');
INSERT INTO `incident_type` (`id`, `type`) VALUES ('5', 'Accidently');


#
# TABLE STRUCTURE FOR: incidents
#


CREATE TABLE `incidents` (
  `id` int(11) NOT NULL AUTO_INCREMENT,
  `date` date NOT NULL,
  `type_id` int(11) NOT NULL,
  `employee_id` int(11) NOT NULL,
  `text` text NOT NULL,
  `created_at` date NOT NULL,
  `updated_on` date DEFAULT NULL,
  PRIMARY KEY (`id`)
) ENGINE=InnoDB AUTO_INCREMENT=5 DEFAULT CHARSET=latin1;

INSERT INTO `incidents` (`id`, `date`, `type_id`, `employee_id`, `text`, `created_at`, `updated_on`) VALUES ('2', '2020-12-12', '4', '2', '<p>Descriptions</p>\r\n', '2020-12-12', NULL);
INSERT INTO `incidents` (`id`, `date`, `type_id`, `employee_id`, `text`, `created_at`, `updated_on`) VALUES ('3', '2020-12-12', '4', '2', '<p>Hasnain Khan</p>\r\n\r\n<p>&nbsp;</p>\r\n', '2020-12-12', '2020-12-12');
INSERT INTO `incidents` (`id`, `date`, `type_id`, `employee_id`, `text`, `created_at`, `updated_on`) VALUES ('4', '2021-03-08', '5', '5', '<p>Incident Letter</p>\r\n', '2021-03-08', NULL);


#
# TABLE STRUCTURE FOR: income_area
#


CREATE TABLE `income_area` (
  `id` int(11) NOT NULL AUTO_INCREMENT,
  `income_field` varchar(200) NOT NULL,
  `is_deleted` tinyint(1) DEFAULT '0',
  PRIMARY KEY (`id`)
) ENGINE=InnoDB AUTO_INCREMENT=2 DEFAULT CHARSET=latin1;

INSERT INTO `income_area` (`id`, `income_field`, `is_deleted`) VALUES ('1', 'Office Income', '0');


#
# TABLE STRUCTURE FOR: income_details
#


CREATE TABLE `income_details` (
  `id` int(11) NOT NULL AUTO_INCREMENT,
  `date` date DEFAULT NULL,
  `income_id` int(11) DEFAULT NULL,
  `voucher_no` varchar(100) DEFAULT NULL,
  `amount` varchar(100) DEFAULT NULL,
  `internal_account` int(11) DEFAULT NULL,
  `description` text,
  PRIMARY KEY (`id`)
) ENGINE=InnoDB AUTO_INCREMENT=4 DEFAULT CHARSET=latin1;

INSERT INTO `income_details` (`id`, `date`, `income_id`, `voucher_no`, `amount`, `internal_account`, `description`) VALUES ('3', '2020-10-02', '1', '123', '1000', '2', 'desc');


#
# TABLE STRUCTURE FOR: internal_account
#


CREATE TABLE `internal_account` (
  `id` int(11) NOT NULL AUTO_INCREMENT,
  `name` varchar(150) DEFAULT NULL,
  `type` varchar(150) DEFAULT NULL,
  `initial_balance` varchar(100) DEFAULT NULL,
  `current_balance` varchar(100) DEFAULT NULL,
  `created_at` date DEFAULT NULL,
  `is_deleted` tinyint(1) DEFAULT '0',
  `code` varchar(50) DEFAULT NULL,
  `description` text,
  PRIMARY KEY (`id`)
) ENGINE=InnoDB AUTO_INCREMENT=11 DEFAULT CHARSET=latin1;

INSERT INTO `internal_account` (`id`, `name`, `type`, `initial_balance`, `current_balance`, `created_at`, `is_deleted`, `code`, `description`) VALUES ('1', 'Salary Account', 'income', '0', '-100', '2020-09-21', '0', '6ab15', 'Salary of company workers and employees account');
INSERT INTO `internal_account` (`id`, `name`, `type`, `initial_balance`, `current_balance`, `created_at`, `is_deleted`, `code`, `description`) VALUES ('2', 'Assets Account', 'assets', '0', '1000', '2020-09-21', '0', '6ab14', 'Company Assets Account ');
INSERT INTO `internal_account` (`id`, `name`, `type`, `initial_balance`, `current_balance`, `created_at`, `is_deleted`, `code`, `description`) VALUES ('3', 'Internal Account', 'expenses', '0', '0', '2020-09-21', '0', '6ab13', 'Company Internal Extra Expenses Account');
INSERT INTO `internal_account` (`id`, `name`, `type`, `initial_balance`, `current_balance`, `created_at`, `is_deleted`, `code`, `description`) VALUES ('4', 'Income Account', 'income', '0', '0', '2020-09-21', '0', '6ab12', 'Income from Clients and Customers and Provided Services');
INSERT INTO `internal_account` (`id`, `name`, `type`, `initial_balance`, `current_balance`, `created_at`, `is_deleted`, `code`, `description`) VALUES ('7', 'Expenses Account', 'expenses', '0', '0', '2020-09-24', '0', '6ab11', 'Office Employees and worker expenses account');
INSERT INTO `internal_account` (`id`, `name`, `type`, `initial_balance`, `current_balance`, `created_at`, `is_deleted`, `code`, `description`) VALUES ('10', 'Employes Account', 'capital', '0', '0', '2020-10-02', '0', '6ab16', 'Employees Accounts Details');


#
# TABLE STRUCTURE FOR: job_advertisement
#


CREATE TABLE `job_advertisement` (
  `job_adv_id` int(10) unsigned NOT NULL,
  `pos_id` varchar(30) CHARACTER SET latin1 NOT NULL,
  `adv_circular_date` varchar(30) CHARACTER SET latin1 NOT NULL,
  `circular_dadeline` varchar(30) CHARACTER SET latin1 NOT NULL,
  `adv_file` tinytext CHARACTER SET latin1 NOT NULL,
  `adv_details` varchar(255) CHARACTER SET latin1 NOT NULL
) ENGINE=InnoDB DEFAULT CHARSET=utf8;

#
# TABLE STRUCTURE FOR: job_posting
#


CREATE TABLE `job_posting` (
  `jp_id` int(11) NOT NULL AUTO_INCREMENT,
  `pos_id` int(11) NOT NULL,
  `jp_title_description` longtext NOT NULL,
  `jp_career_level` varchar(100) NOT NULL,
  `jp_career_position` varchar(100) NOT NULL,
  `jp_qualification_level` varchar(100) NOT NULL,
  `jp_qualification_must` varchar(100) NOT NULL,
  `jp_experience_min` varchar(100) NOT NULL,
  `jp_experience_max` varchar(100) NOT NULL,
  `jp_salary_min` varchar(100) NOT NULL,
  `jp_salary_max` varchar(100) NOT NULL,
  `jp_preference` varchar(100) NOT NULL,
  `jp_employment_type` varchar(255) NOT NULL,
  `jp_short_url` varchar(255) DEFAULT NULL,
  `jp_status` int(11) NOT NULL COMMENT '0=Draft,1=Publishable,2=Inactive',
  `jp_linkedin_publish` int(11) DEFAULT NULL,
  `jp_rozee_publish` int(11) DEFAULT NULL,
  `jp_appedology_publish` int(11) DEFAULT NULL,
  `jp_posted_on` timestamp NOT NULL DEFAULT CURRENT_TIMESTAMP,
  `jp_updated_on` datetime DEFAULT NULL,
  PRIMARY KEY (`jp_id`)
) ENGINE=MyISAM AUTO_INCREMENT=13 DEFAULT CHARSET=latin1;

INSERT INTO `job_posting` (`jp_id`, `pos_id`, `jp_title_description`, `jp_career_level`, `jp_career_position`, `jp_qualification_level`, `jp_qualification_must`, `jp_experience_min`, `jp_experience_max`, `jp_salary_min`, `jp_salary_max`, `jp_preference`, `jp_employment_type`, `jp_short_url`, `jp_status`, `jp_linkedin_publish`, `jp_rozee_publish`, `jp_appedology_publish`, `jp_posted_on`, `jp_updated_on`) VALUES ('2', '2', '<p>Looking for a Senior Resources</p>\r\n', 'Entry Level', '1', 'Intermediate/A-Level', 'or higher', '4 Years', '4 Years', '90000', '100000', 'No Preference', '', '9xnljw', '1', '1', '0', '0', '2020-06-01 20:51:11', '2020-06-03 08:37:12');
INSERT INTO `job_posting` (`jp_id`, `pos_id`, `jp_title_description`, `jp_career_level`, `jp_career_position`, `jp_qualification_level`, `jp_qualification_must`, `jp_experience_min`, `jp_experience_max`, `jp_salary_min`, `jp_salary_max`, `jp_preference`, `jp_employment_type`, `jp_short_url`, `jp_status`, `jp_linkedin_publish`, `jp_rozee_publish`, `jp_appedology_publish`, `jp_posted_on`, `jp_updated_on`) VALUES ('3', '1', '<ul>\r\n <li>We are looking for to fill the vacant positions of PHP developer, an ideal candidate should be a graduate having following :</li>\r\n <li>Experience in PHP web development from scratch using MVC (fuel/core/Codeigniter0</li>\r\n <li>Familiar with cloud base infrastructure (Git / SVN)</li>\r\n <li>Strong knowledge/working on Javascript / Ajax development</li>\r\n <li>Knowledge of different Code security techniques</li>\r\n <li>Must have experience with different APIs (Rest, Soap).</li>\r\n <li>Strong command on Oracle Database Query</li>\r\n <li>Strong OOP concepts and their implementation.</li>\r\n</ul>\r\n', 'Experienced Professional', '4', 'Matriculation/O-Level', 'or higher', '1 Year', '1 Year', '70000', '80000', 'No Preference', '', NULL, '1', NULL, '0', NULL, '2020-06-02 19:47:02', '2020-06-03 09:07:31');
INSERT INTO `job_posting` (`jp_id`, `pos_id`, `jp_title_description`, `jp_career_level`, `jp_career_position`, `jp_qualification_level`, `jp_qualification_must`, `jp_experience_min`, `jp_experience_max`, `jp_salary_min`, `jp_salary_max`, `jp_preference`, `jp_employment_type`, `jp_short_url`, `jp_status`, `jp_linkedin_publish`, `jp_rozee_publish`, `jp_appedology_publish`, `jp_posted_on`, `jp_updated_on`) VALUES ('4', '3', '<p>Looking</p>\r\n', 'Experienced Professional', '1', 'Bachelor', 'or higher', '2 Years', '2 Years', '10000', '10000', 'No Preference', '', NULL, '1', '0', NULL, NULL, '2020-06-02 21:09:59', '2020-06-03 09:10:33');
INSERT INTO `job_posting` (`jp_id`, `pos_id`, `jp_title_description`, `jp_career_level`, `jp_career_position`, `jp_qualification_level`, `jp_qualification_must`, `jp_experience_min`, `jp_experience_max`, `jp_salary_min`, `jp_salary_max`, `jp_preference`, `jp_employment_type`, `jp_short_url`, `jp_status`, `jp_linkedin_publish`, `jp_rozee_publish`, `jp_appedology_publish`, `jp_posted_on`, `jp_updated_on`) VALUES ('5', '6', '<p>Looking for a Android developer</p>\r\n', 'Department Head', '4', 'Bachelor', 'or higher', '2 Years', '3 Years', '80000', '10000', 'No Preference', '', NULL, '1', '0', NULL, NULL, '2020-06-03 03:39:19', '2020-06-03 03:40:22');
INSERT INTO `job_posting` (`jp_id`, `pos_id`, `jp_title_description`, `jp_career_level`, `jp_career_position`, `jp_qualification_level`, `jp_qualification_must`, `jp_experience_min`, `jp_experience_max`, `jp_salary_min`, `jp_salary_max`, `jp_preference`, `jp_employment_type`, `jp_short_url`, `jp_status`, `jp_linkedin_publish`, `jp_rozee_publish`, `jp_appedology_publish`, `jp_posted_on`, `jp_updated_on`) VALUES ('6', '3', '<p>Looking for Android Developer</p>\r\n', 'Entry Level', '1', 'Intermediate/A-Level', 'or higher', '3 Years', '4 Years', '50000', '80000', 'Male', 'Contract', NULL, '1', NULL, NULL, NULL, '2020-06-04 23:38:35', '2020-06-05 11:43:02');
INSERT INTO `job_posting` (`jp_id`, `pos_id`, `jp_title_description`, `jp_career_level`, `jp_career_position`, `jp_qualification_level`, `jp_qualification_must`, `jp_experience_min`, `jp_experience_max`, `jp_salary_min`, `jp_salary_max`, `jp_preference`, `jp_employment_type`, `jp_short_url`, `jp_status`, `jp_linkedin_publish`, `jp_rozee_publish`, `jp_appedology_publish`, `jp_posted_on`, `jp_updated_on`) VALUES ('7', '1', '<p>h kjh kjh kjh </p>\r\n', 'Intern/Student', '1', 'Non-Matriculation', 'or higher', 'Fresh', 'Less than 1 Year', '6000', '6000', 'Male', 'Part-time', NULL, '1', NULL, NULL, NULL, '2020-06-09 17:25:50', '2020-06-10 05:26:28');
INSERT INTO `job_posting` (`jp_id`, `pos_id`, `jp_title_description`, `jp_career_level`, `jp_career_position`, `jp_qualification_level`, `jp_qualification_must`, `jp_experience_min`, `jp_experience_max`, `jp_salary_min`, `jp_salary_max`, `jp_preference`, `jp_employment_type`, `jp_short_url`, `jp_status`, `jp_linkedin_publish`, `jp_rozee_publish`, `jp_appedology_publish`, `jp_posted_on`, `jp_updated_on`) VALUES ('8', '1', '<p>asdasdasd</p>\r\n', 'Department Head', '3', 'Intermediate/A-Level', 'exactly', '1 Year', '2 Years', '8000', '9000', 'Male', 'Temporary', NULL, '0', NULL, NULL, NULL, '2020-06-10 02:54:17', NULL);
INSERT INTO `job_posting` (`jp_id`, `pos_id`, `jp_title_description`, `jp_career_level`, `jp_career_position`, `jp_qualification_level`, `jp_qualification_must`, `jp_experience_min`, `jp_experience_max`, `jp_salary_min`, `jp_salary_max`, `jp_preference`, `jp_employment_type`, `jp_short_url`, `jp_status`, `jp_linkedin_publish`, `jp_rozee_publish`, `jp_appedology_publish`, `jp_posted_on`, `jp_updated_on`) VALUES ('1', '1', '<ul>\r\n <li>We are looking for to fill the vacant positions of PHP developer, an ideal candidate should be a graduate having following :</li>\r\n <li>Experience in PHP web development from scratch using MVC (fuel/core/Codeigniter0</li>\r\n <li>Familiar with cloud base infrastructure (Git / SVN)</li>\r\n <li>Strong knowledge/working on Javascript / Ajax development</li>\r\n <li>Knowledge of different Code security techniques</li>\r\n <li>Must have experience with different APIs (Rest, Soap).</li>\r\n <li>Strong command on Oracle Database Query</li>\r\n <li>Strong OOP concepts and their implementation.</li>\r\n</ul>\r\n', 'Department Head', '3', 'Intermediate/A-Level', 'exactly', '1 Year', '2 Years', '8000', '9000', 'No Preference', 'Full-time', NULL, '1', NULL, NULL, '0', '2020-06-10 02:54:17', '2021-03-11 02:44:47');
INSERT INTO `job_posting` (`jp_id`, `pos_id`, `jp_title_description`, `jp_career_level`, `jp_career_position`, `jp_qualification_level`, `jp_qualification_must`, `jp_experience_min`, `jp_experience_max`, `jp_salary_min`, `jp_salary_max`, `jp_preference`, `jp_employment_type`, `jp_short_url`, `jp_status`, `jp_linkedin_publish`, `jp_rozee_publish`, `jp_appedology_publish`, `jp_posted_on`, `jp_updated_on`) VALUES ('9', '4', '<p>Primary duties include identifying <strong>business</strong> opportunities, building and maintaining successful relationships with prospects and existing clients, collaborating with executives on <strong>business</strong> strategy to determine objectives, evaluating current <strong>business</strong> performance and maximizing <strong>business</strong> reach and potential.</p>\r\n', 'Experienced Professional', '1', 'Bachelor', 'or higher', '4 Years', '4 Years', '9000', '9000', 'Male', 'Temporary', 'ymv0m3g', '0', NULL, NULL, NULL, '2020-06-26 00:57:27', NULL);
INSERT INTO `job_posting` (`jp_id`, `pos_id`, `jp_title_description`, `jp_career_level`, `jp_career_position`, `jp_qualification_level`, `jp_qualification_must`, `jp_experience_min`, `jp_experience_max`, `jp_salary_min`, `jp_salary_max`, `jp_preference`, `jp_employment_type`, `jp_short_url`, `jp_status`, `jp_linkedin_publish`, `jp_rozee_publish`, `jp_appedology_publish`, `jp_posted_on`, `jp_updated_on`) VALUES ('10', '4', '<p>Primary duties include identifying <strong>business</strong> opportunities, building and maintaining successful relationships with prospects and existing clients, collaborating with executives on <strong>business</strong> strategy to determine objectives, evaluating current <strong>business</strong> performance and maximizing <strong>business</strong> reach and potential.</p>\r\n', 'Entry Level', '1', 'Intermediate/A-Level', 'or higher', 'Less than 1 Year', '1 Year', '7000', '7000', 'Male', 'Volunteer', 'a1bv2ib', '1', NULL, NULL, NULL, '2020-06-26 01:00:17', NULL);
INSERT INTO `job_posting` (`jp_id`, `pos_id`, `jp_title_description`, `jp_career_level`, `jp_career_position`, `jp_qualification_level`, `jp_qualification_must`, `jp_experience_min`, `jp_experience_max`, `jp_salary_min`, `jp_salary_max`, `jp_preference`, `jp_employment_type`, `jp_short_url`, `jp_status`, `jp_linkedin_publish`, `jp_rozee_publish`, `jp_appedology_publish`, `jp_posted_on`, `jp_updated_on`) VALUES ('11', '1', '<p>asdsad</p>\r\n', 'Experienced Professional', '1', 'Non-Matriculation', 'or higher', 'Less than 1 Year', 'Less than 1 Year', '8000', '7000', 'Male', 'Contract', '0zbsh2b', '0', NULL, NULL, NULL, '2020-07-05 20:26:35', NULL);
INSERT INTO `job_posting` (`jp_id`, `pos_id`, `jp_title_description`, `jp_career_level`, `jp_career_position`, `jp_qualification_level`, `jp_qualification_must`, `jp_experience_min`, `jp_experience_max`, `jp_salary_min`, `jp_salary_max`, `jp_preference`, `jp_employment_type`, `jp_short_url`, `jp_status`, `jp_linkedin_publish`, `jp_rozee_publish`, `jp_appedology_publish`, `jp_posted_on`, `jp_updated_on`) VALUES ('12', '11', '<p>required sqa engineer for testing software</p>\r\n', 'Entry Level', '2', 'Bachelor', 'exactly', '2 Years', '4 Years', '20000', '25000', 'No Preference', 'Full-time', 'kqh3lwp', '0', NULL, NULL, NULL, '2021-03-09 11:56:10', '2021-03-09 12:05:08');


#
# TABLE STRUCTURE FOR: job_posting_locations
#


CREATE TABLE `job_posting_locations` (
  `jpl_id` int(11) NOT NULL AUTO_INCREMENT,
  `jpl_city_id` int(11) NOT NULL,
  `jp_id` int(11) NOT NULL,
  PRIMARY KEY (`jpl_id`),
  KEY `jp_id` (`jp_id`),
  KEY `jpl_city_id` (`jpl_city_id`)
) ENGINE=MyISAM AUTO_INCREMENT=46 DEFAULT CHARSET=latin1;

INSERT INTO `job_posting_locations` (`jpl_id`, `jpl_city_id`, `jp_id`) VALUES ('41', '2831', '1');
INSERT INTO `job_posting_locations` (`jpl_id`, `jpl_city_id`, `jp_id`) VALUES ('40', '2823', '1');
INSERT INTO `job_posting_locations` (`jpl_id`, `jpl_city_id`, `jp_id`) VALUES ('10', '2823', '2');
INSERT INTO `job_posting_locations` (`jpl_id`, `jpl_city_id`, `jp_id`) VALUES ('9', '2822', '2');
INSERT INTO `job_posting_locations` (`jpl_id`, `jpl_city_id`, `jp_id`) VALUES ('39', '2822', '1');
INSERT INTO `job_posting_locations` (`jpl_id`, `jpl_city_id`, `jp_id`) VALUES ('17', '2822', '3');
INSERT INTO `job_posting_locations` (`jpl_id`, `jpl_city_id`, `jp_id`) VALUES ('18', '2823', '3');
INSERT INTO `job_posting_locations` (`jpl_id`, `jpl_city_id`, `jp_id`) VALUES ('19', '2822', '4');
INSERT INTO `job_posting_locations` (`jpl_id`, `jpl_city_id`, `jp_id`) VALUES ('20', '2822', '5');
INSERT INTO `job_posting_locations` (`jpl_id`, `jpl_city_id`, `jp_id`) VALUES ('21', '2823', '5');
INSERT INTO `job_posting_locations` (`jpl_id`, `jpl_city_id`, `jp_id`) VALUES ('25', '2823', '6');
INSERT INTO `job_posting_locations` (`jpl_id`, `jpl_city_id`, `jp_id`) VALUES ('24', '2822', '6');
INSERT INTO `job_posting_locations` (`jpl_id`, `jpl_city_id`, `jp_id`) VALUES ('26', '2823', '7');
INSERT INTO `job_posting_locations` (`jpl_id`, `jpl_city_id`, `jp_id`) VALUES ('27', '2822', '8');
INSERT INTO `job_posting_locations` (`jpl_id`, `jpl_city_id`, `jp_id`) VALUES ('28', '2823', '8');
INSERT INTO `job_posting_locations` (`jpl_id`, `jpl_city_id`, `jp_id`) VALUES ('32', '2823', '9');
INSERT INTO `job_posting_locations` (`jpl_id`, `jpl_city_id`, `jp_id`) VALUES ('33', '2824', '9');
INSERT INTO `job_posting_locations` (`jpl_id`, `jpl_city_id`, `jp_id`) VALUES ('34', '2823', '10');
INSERT INTO `job_posting_locations` (`jpl_id`, `jpl_city_id`, `jp_id`) VALUES ('35', '2822', '11');
INSERT INTO `job_posting_locations` (`jpl_id`, `jpl_city_id`, `jp_id`) VALUES ('45', '2822', '12');


#
# TABLE STRUCTURE FOR: job_posting_skills
#


CREATE TABLE `job_posting_skills` (
  `jps_id` int(11) NOT NULL AUTO_INCREMENT,
  `jps_name` varchar(100) NOT NULL,
  `jps_must_or_nice` varchar(100) NOT NULL,
  `jp_id` int(11) NOT NULL,
  PRIMARY KEY (`jps_id`),
  KEY `jp_id` (`jp_id`)
) ENGINE=MyISAM AUTO_INCREMENT=60 DEFAULT CHARSET=latin1;

INSERT INTO `job_posting_skills` (`jps_id`, `jps_name`, `jps_must_or_nice`, `jp_id`) VALUES ('31', 'Javascript', 'nice', '3');
INSERT INTO `job_posting_skills` (`jps_id`, `jps_name`, `jps_must_or_nice`, `jp_id`) VALUES ('32', 'Bidder', 'must', '4');
INSERT INTO `job_posting_skills` (`jps_id`, `jps_name`, `jps_must_or_nice`, `jp_id`) VALUES ('53', 'PHP', 'must', '1');
INSERT INTO `job_posting_skills` (`jps_id`, `jps_name`, `jps_must_or_nice`, `jp_id`) VALUES ('21', 'Mysql', 'must', '2');
INSERT INTO `job_posting_skills` (`jps_id`, `jps_name`, `jps_must_or_nice`, `jp_id`) VALUES ('20', 'Javascript', 'must', '2');
INSERT INTO `job_posting_skills` (`jps_id`, `jps_name`, `jps_must_or_nice`, `jp_id`) VALUES ('19', 'PHP', 'must', '2');
INSERT INTO `job_posting_skills` (`jps_id`, `jps_name`, `jps_must_or_nice`, `jp_id`) VALUES ('33', 'JAVA', 'must', '5');
INSERT INTO `job_posting_skills` (`jps_id`, `jps_name`, `jps_must_or_nice`, `jp_id`) VALUES ('30', 'PHP', 'must', '3');
INSERT INTO `job_posting_skills` (`jps_id`, `jps_name`, `jps_must_or_nice`, `jp_id`) VALUES ('52', 'Javascript', 'must', '1');
INSERT INTO `job_posting_skills` (`jps_id`, `jps_name`, `jps_must_or_nice`, `jp_id`) VALUES ('51', 'CSS', 'nice', '1');
INSERT INTO `job_posting_skills` (`jps_id`, `jps_name`, `jps_must_or_nice`, `jp_id`) VALUES ('37', 'Spring', 'nice', '6');
INSERT INTO `job_posting_skills` (`jps_id`, `jps_name`, `jps_must_or_nice`, `jp_id`) VALUES ('36', 'Java', 'must', '6');
INSERT INTO `job_posting_skills` (`jps_id`, `jps_name`, `jps_must_or_nice`, `jp_id`) VALUES ('38', 'php', 'must', '7');
INSERT INTO `job_posting_skills` (`jps_id`, `jps_name`, `jps_must_or_nice`, `jp_id`) VALUES ('39', 'PHP', 'must', '8');
INSERT INTO `job_posting_skills` (`jps_id`, `jps_name`, `jps_must_or_nice`, `jp_id`) VALUES ('40', 'Javascript', 'nice', '8');
INSERT INTO `job_posting_skills` (`jps_id`, `jps_name`, `jps_must_or_nice`, `jp_id`) VALUES ('44', 'PHP', 'nice', '9');
INSERT INTO `job_posting_skills` (`jps_id`, `jps_name`, `jps_must_or_nice`, `jp_id`) VALUES ('45', 'PHP', 'must', '10');
INSERT INTO `job_posting_skills` (`jps_id`, `jps_name`, `jps_must_or_nice`, `jp_id`) VALUES ('46', 'Python', 'nice', '10');
INSERT INTO `job_posting_skills` (`jps_id`, `jps_name`, `jps_must_or_nice`, `jp_id`) VALUES ('47', 'PHP', 'must', '11');
INSERT INTO `job_posting_skills` (`jps_id`, `jps_name`, `jps_must_or_nice`, `jp_id`) VALUES ('59', 'java', 'nice', '12');
INSERT INTO `job_posting_skills` (`jps_id`, `jps_name`, `jps_must_or_nice`, `jp_id`) VALUES ('58', 'php', 'must', '12');


#
# TABLE STRUCTURE FOR: job_sites
#


CREATE TABLE `job_sites` (
  `id` int(20) NOT NULL AUTO_INCREMENT,
  `site_name` varchar(100) NOT NULL,
  `site_username` varchar(100) NOT NULL,
  `site_password` varchar(100) NOT NULL,
  PRIMARY KEY (`id`)
) ENGINE=MyISAM AUTO_INCREMENT=4 DEFAULT CHARSET=latin1;

INSERT INTO `job_sites` (`id`, `site_name`, `site_username`, `site_password`) VALUES ('1', 'Linkedin', 'linkedin@gmail.com', '321321');
INSERT INTO `job_sites` (`id`, `site_name`, `site_username`, `site_password`) VALUES ('2', 'Rozee', 'rozee@gmail.com', '123213');
INSERT INTO `job_sites` (`id`, `site_name`, `site_username`, `site_password`) VALUES ('3', 'Appedology', 'appedology@gmail.com', '321321');


#
# TABLE STRUCTURE FOR: language
#


CREATE TABLE `language` (
  `id` int(11) NOT NULL AUTO_INCREMENT,
  `phrase` varchar(100) NOT NULL,
  `english` varchar(255) NOT NULL,
  `urdu` text,
  PRIMARY KEY (`id`)
) ENGINE=InnoDB AUTO_INCREMENT=880 DEFAULT CHARSET=utf8;

INSERT INTO `language` (`id`, `phrase`, `english`, `urdu`) VALUES ('2', 'login', 'Login', NULL);
INSERT INTO `language` (`id`, `phrase`, `english`, `urdu`) VALUES ('3', 'email', 'Email Address', NULL);
INSERT INTO `language` (`id`, `phrase`, `english`, `urdu`) VALUES ('4', 'password', 'Password', NULL);
INSERT INTO `language` (`id`, `phrase`, `english`, `urdu`) VALUES ('5', 'reset', 'Reset', NULL);
INSERT INTO `language` (`id`, `phrase`, `english`, `urdu`) VALUES ('6', 'dashboard', 'Dashboard', NULL);
INSERT INTO `language` (`id`, `phrase`, `english`, `urdu`) VALUES ('7', 'home', 'Home', NULL);
INSERT INTO `language` (`id`, `phrase`, `english`, `urdu`) VALUES ('8', 'profile', 'Profile', NULL);
INSERT INTO `language` (`id`, `phrase`, `english`, `urdu`) VALUES ('9', 'profile_setting', 'Profile Setting', NULL);
INSERT INTO `language` (`id`, `phrase`, `english`, `urdu`) VALUES ('10', 'firstname', 'First Name', NULL);
INSERT INTO `language` (`id`, `phrase`, `english`, `urdu`) VALUES ('11', 'lastname', 'Last Name', NULL);
INSERT INTO `language` (`id`, `phrase`, `english`, `urdu`) VALUES ('12', 'about', 'About', NULL);
INSERT INTO `language` (`id`, `phrase`, `english`, `urdu`) VALUES ('13', 'preview', 'Preview', NULL);
INSERT INTO `language` (`id`, `phrase`, `english`, `urdu`) VALUES ('14', 'image', 'Image', NULL);
INSERT INTO `language` (`id`, `phrase`, `english`, `urdu`) VALUES ('15', 'save', 'Save', NULL);
INSERT INTO `language` (`id`, `phrase`, `english`, `urdu`) VALUES ('16', 'upload_successfully', 'Upload Successfully!', NULL);
INSERT INTO `language` (`id`, `phrase`, `english`, `urdu`) VALUES ('17', 'user_added_successfully', 'User Added Successfully!', NULL);
INSERT INTO `language` (`id`, `phrase`, `english`, `urdu`) VALUES ('18', 'please_try_again', 'Please Try Again...', NULL);
INSERT INTO `language` (`id`, `phrase`, `english`, `urdu`) VALUES ('19', 'inbox_message', 'Inbox Messages', NULL);
INSERT INTO `language` (`id`, `phrase`, `english`, `urdu`) VALUES ('20', 'sent_message', 'Sent Message', NULL);
INSERT INTO `language` (`id`, `phrase`, `english`, `urdu`) VALUES ('21', 'message_details', 'Message Details', NULL);
INSERT INTO `language` (`id`, `phrase`, `english`, `urdu`) VALUES ('22', 'new_message', 'New Message', NULL);
INSERT INTO `language` (`id`, `phrase`, `english`, `urdu`) VALUES ('23', 'receiver_name', 'Receiver Name', NULL);
INSERT INTO `language` (`id`, `phrase`, `english`, `urdu`) VALUES ('24', 'sender_name', 'Sender Name', NULL);
INSERT INTO `language` (`id`, `phrase`, `english`, `urdu`) VALUES ('25', 'subject', 'Subject', NULL);
INSERT INTO `language` (`id`, `phrase`, `english`, `urdu`) VALUES ('26', 'message', 'Message', NULL);
INSERT INTO `language` (`id`, `phrase`, `english`, `urdu`) VALUES ('27', 'message_sent', 'Message Sent!', NULL);
INSERT INTO `language` (`id`, `phrase`, `english`, `urdu`) VALUES ('28', 'ip_address', 'IP Address', NULL);
INSERT INTO `language` (`id`, `phrase`, `english`, `urdu`) VALUES ('29', 'last_login', 'Last Login', NULL);
INSERT INTO `language` (`id`, `phrase`, `english`, `urdu`) VALUES ('30', 'last_logout', 'Last Logout', NULL);
INSERT INTO `language` (`id`, `phrase`, `english`, `urdu`) VALUES ('31', 'status', 'Status', NULL);
INSERT INTO `language` (`id`, `phrase`, `english`, `urdu`) VALUES ('32', 'delete_successfully', 'Delete Successfully!', NULL);
INSERT INTO `language` (`id`, `phrase`, `english`, `urdu`) VALUES ('33', 'send', 'Send', NULL);
INSERT INTO `language` (`id`, `phrase`, `english`, `urdu`) VALUES ('34', 'date', 'Date', NULL);
INSERT INTO `language` (`id`, `phrase`, `english`, `urdu`) VALUES ('35', 'action', 'Action', NULL);
INSERT INTO `language` (`id`, `phrase`, `english`, `urdu`) VALUES ('36', 'sl_no', 'SL No.', NULL);
INSERT INTO `language` (`id`, `phrase`, `english`, `urdu`) VALUES ('37', 'are_you_sure', 'Are You Sure ? ', NULL);
INSERT INTO `language` (`id`, `phrase`, `english`, `urdu`) VALUES ('38', 'application_setting', 'Application Setting', NULL);
INSERT INTO `language` (`id`, `phrase`, `english`, `urdu`) VALUES ('39', 'application_title', 'Application Title', NULL);
INSERT INTO `language` (`id`, `phrase`, `english`, `urdu`) VALUES ('40', 'address', 'Address', NULL);
INSERT INTO `language` (`id`, `phrase`, `english`, `urdu`) VALUES ('41', 'phone', 'Phone', NULL);
INSERT INTO `language` (`id`, `phrase`, `english`, `urdu`) VALUES ('42', 'favicon', 'Favicon', NULL);
INSERT INTO `language` (`id`, `phrase`, `english`, `urdu`) VALUES ('43', 'logo', 'Logo', NULL);
INSERT INTO `language` (`id`, `phrase`, `english`, `urdu`) VALUES ('44', 'language', 'Language', NULL);
INSERT INTO `language` (`id`, `phrase`, `english`, `urdu`) VALUES ('45', 'left_to_right', 'Left To Right', NULL);
INSERT INTO `language` (`id`, `phrase`, `english`, `urdu`) VALUES ('46', 'right_to_left', 'Right To Left', NULL);
INSERT INTO `language` (`id`, `phrase`, `english`, `urdu`) VALUES ('47', 'footer_text', 'Footer Text', NULL);
INSERT INTO `language` (`id`, `phrase`, `english`, `urdu`) VALUES ('48', 'site_align', 'Application Alignment', NULL);
INSERT INTO `language` (`id`, `phrase`, `english`, `urdu`) VALUES ('49', 'welcome_back', 'Welcome Back!', NULL);
INSERT INTO `language` (`id`, `phrase`, `english`, `urdu`) VALUES ('50', 'please_contact_with_admin', 'Please Contact With Admin', NULL);
INSERT INTO `language` (`id`, `phrase`, `english`, `urdu`) VALUES ('51', 'incorrect_email_or_password', 'Incorrect Email/Password', NULL);
INSERT INTO `language` (`id`, `phrase`, `english`, `urdu`) VALUES ('52', 'select_option', 'Select Option', NULL);
INSERT INTO `language` (`id`, `phrase`, `english`, `urdu`) VALUES ('53', 'ftp_setting', 'Data Synchronize [FTP Setting]', NULL);
INSERT INTO `language` (`id`, `phrase`, `english`, `urdu`) VALUES ('54', 'hostname', 'Host Name', NULL);
INSERT INTO `language` (`id`, `phrase`, `english`, `urdu`) VALUES ('55', 'username', 'User Name', NULL);
INSERT INTO `language` (`id`, `phrase`, `english`, `urdu`) VALUES ('56', 'ftp_port', 'FTP Port', NULL);
INSERT INTO `language` (`id`, `phrase`, `english`, `urdu`) VALUES ('57', 'ftp_debug', 'FTP Debug', NULL);
INSERT INTO `language` (`id`, `phrase`, `english`, `urdu`) VALUES ('58', 'project_root', 'Project Root', NULL);
INSERT INTO `language` (`id`, `phrase`, `english`, `urdu`) VALUES ('59', 'update_successfully', 'Update Successfully', NULL);
INSERT INTO `language` (`id`, `phrase`, `english`, `urdu`) VALUES ('60', 'save_successfully', 'Save Successfully!', NULL);
INSERT INTO `language` (`id`, `phrase`, `english`, `urdu`) VALUES ('61', 'delete_successfully', 'Delete Successfully!', NULL);
INSERT INTO `language` (`id`, `phrase`, `english`, `urdu`) VALUES ('62', 'internet_connection', 'Internet Connection', NULL);
INSERT INTO `language` (`id`, `phrase`, `english`, `urdu`) VALUES ('63', 'ok', 'Ok', NULL);
INSERT INTO `language` (`id`, `phrase`, `english`, `urdu`) VALUES ('64', 'not_available', 'Not Available', NULL);
INSERT INTO `language` (`id`, `phrase`, `english`, `urdu`) VALUES ('65', 'available', 'Available', NULL);
INSERT INTO `language` (`id`, `phrase`, `english`, `urdu`) VALUES ('66', 'outgoing_file', 'Outgoing File', NULL);
INSERT INTO `language` (`id`, `phrase`, `english`, `urdu`) VALUES ('67', 'incoming_file', 'Incoming File', NULL);
INSERT INTO `language` (`id`, `phrase`, `english`, `urdu`) VALUES ('68', 'data_synchronize', 'Data Synchronize', NULL);
INSERT INTO `language` (`id`, `phrase`, `english`, `urdu`) VALUES ('69', 'unable_to_upload_file_please_check_configuration', 'Unable to upload file! please check configuration', NULL);
INSERT INTO `language` (`id`, `phrase`, `english`, `urdu`) VALUES ('70', 'please_configure_synchronizer_settings', 'Please configure synchronizer settings', NULL);
INSERT INTO `language` (`id`, `phrase`, `english`, `urdu`) VALUES ('71', 'download_successfully', 'Download Successfully', NULL);
INSERT INTO `language` (`id`, `phrase`, `english`, `urdu`) VALUES ('72', 'unable_to_download_file_please_check_configuration', 'Unable to download file! please check configuration', NULL);
INSERT INTO `language` (`id`, `phrase`, `english`, `urdu`) VALUES ('73', 'data_import_first', 'Data Import First', NULL);
INSERT INTO `language` (`id`, `phrase`, `english`, `urdu`) VALUES ('74', 'data_import_successfully', 'Data Import Successfully!', NULL);
INSERT INTO `language` (`id`, `phrase`, `english`, `urdu`) VALUES ('75', 'unable_to_import_data_please_check_config_or_sql_file', 'Unable to import data! please check configuration / SQL file.', NULL);
INSERT INTO `language` (`id`, `phrase`, `english`, `urdu`) VALUES ('76', 'download_data_from_server', 'Download Data from Server', NULL);
INSERT INTO `language` (`id`, `phrase`, `english`, `urdu`) VALUES ('77', 'data_import_to_database', 'Data Import To Database', NULL);
INSERT INTO `language` (`id`, `phrase`, `english`, `urdu`) VALUES ('79', 'data_upload_to_server', 'Data Upload to Server', NULL);
INSERT INTO `language` (`id`, `phrase`, `english`, `urdu`) VALUES ('80', 'please_wait', 'Please Wait...', NULL);
INSERT INTO `language` (`id`, `phrase`, `english`, `urdu`) VALUES ('81', 'ooops_something_went_wrong', ' Ooops something went wrong...', NULL);
INSERT INTO `language` (`id`, `phrase`, `english`, `urdu`) VALUES ('82', 'module_permission_list', 'Module Permission List', NULL);
INSERT INTO `language` (`id`, `phrase`, `english`, `urdu`) VALUES ('83', 'user_permission', 'User Permission', NULL);
INSERT INTO `language` (`id`, `phrase`, `english`, `urdu`) VALUES ('84', 'add_module_permission', 'Add Module Permission', NULL);
INSERT INTO `language` (`id`, `phrase`, `english`, `urdu`) VALUES ('85', 'module_permission_added_successfully', 'Module Permission Added Successfully!', NULL);
INSERT INTO `language` (`id`, `phrase`, `english`, `urdu`) VALUES ('86', 'update_module_permission', 'Update Module Permission', NULL);
INSERT INTO `language` (`id`, `phrase`, `english`, `urdu`) VALUES ('87', 'download', 'Download', NULL);
INSERT INTO `language` (`id`, `phrase`, `english`, `urdu`) VALUES ('88', 'module_name', 'Module Name', NULL);
INSERT INTO `language` (`id`, `phrase`, `english`, `urdu`) VALUES ('89', 'create', 'Create', NULL);
INSERT INTO `language` (`id`, `phrase`, `english`, `urdu`) VALUES ('90', 'read', 'Read', NULL);
INSERT INTO `language` (`id`, `phrase`, `english`, `urdu`) VALUES ('91', 'update', 'Update', NULL);
INSERT INTO `language` (`id`, `phrase`, `english`, `urdu`) VALUES ('92', 'delete', 'Delete', NULL);
INSERT INTO `language` (`id`, `phrase`, `english`, `urdu`) VALUES ('93', 'module_list', 'Module List', NULL);
INSERT INTO `language` (`id`, `phrase`, `english`, `urdu`) VALUES ('94', 'add_module', 'Add Module', NULL);
INSERT INTO `language` (`id`, `phrase`, `english`, `urdu`) VALUES ('95', 'directory', 'Module Direcotory', NULL);
INSERT INTO `language` (`id`, `phrase`, `english`, `urdu`) VALUES ('96', 'description', 'Description', NULL);
INSERT INTO `language` (`id`, `phrase`, `english`, `urdu`) VALUES ('97', 'image_upload_successfully', 'Image Upload Successfully!', NULL);
INSERT INTO `language` (`id`, `phrase`, `english`, `urdu`) VALUES ('98', 'module_added_successfully', 'Module Added Successfully', NULL);
INSERT INTO `language` (`id`, `phrase`, `english`, `urdu`) VALUES ('99', 'inactive', 'Inactive', NULL);
INSERT INTO `language` (`id`, `phrase`, `english`, `urdu`) VALUES ('100', 'active', 'Active', NULL);
INSERT INTO `language` (`id`, `phrase`, `english`, `urdu`) VALUES ('101', 'user_list', 'User List', NULL);
INSERT INTO `language` (`id`, `phrase`, `english`, `urdu`) VALUES ('102', 'see_all_message', 'See All Messages', NULL);
INSERT INTO `language` (`id`, `phrase`, `english`, `urdu`) VALUES ('103', 'setting', 'Setting', NULL);
INSERT INTO `language` (`id`, `phrase`, `english`, `urdu`) VALUES ('104', 'logout', 'Logout', NULL);
INSERT INTO `language` (`id`, `phrase`, `english`, `urdu`) VALUES ('105', 'admin', 'Admin', NULL);
INSERT INTO `language` (`id`, `phrase`, `english`, `urdu`) VALUES ('106', 'add_user', 'Add User', NULL);
INSERT INTO `language` (`id`, `phrase`, `english`, `urdu`) VALUES ('107', 'user', 'User', NULL);
INSERT INTO `language` (`id`, `phrase`, `english`, `urdu`) VALUES ('108', 'module', 'Module', NULL);
INSERT INTO `language` (`id`, `phrase`, `english`, `urdu`) VALUES ('109', 'new', 'New', NULL);
INSERT INTO `language` (`id`, `phrase`, `english`, `urdu`) VALUES ('110', 'inbox', 'Inbox', NULL);
INSERT INTO `language` (`id`, `phrase`, `english`, `urdu`) VALUES ('111', 'sent', 'Sent', NULL);
INSERT INTO `language` (`id`, `phrase`, `english`, `urdu`) VALUES ('112', 'synchronize', 'Synchronize', NULL);
INSERT INTO `language` (`id`, `phrase`, `english`, `urdu`) VALUES ('113', 'data_synchronizer', 'Data Synchronizer', NULL);
INSERT INTO `language` (`id`, `phrase`, `english`, `urdu`) VALUES ('114', 'module_permission', 'Module Permission', NULL);
INSERT INTO `language` (`id`, `phrase`, `english`, `urdu`) VALUES ('115', 'backup_now', 'Backup Now!', NULL);
INSERT INTO `language` (`id`, `phrase`, `english`, `urdu`) VALUES ('116', 'restore_now', 'Restore Now!', NULL);
INSERT INTO `language` (`id`, `phrase`, `english`, `urdu`) VALUES ('117', 'backup_and_restore', 'Backup and Download', NULL);
INSERT INTO `language` (`id`, `phrase`, `english`, `urdu`) VALUES ('118', 'captcha', 'Captcha Word', NULL);
INSERT INTO `language` (`id`, `phrase`, `english`, `urdu`) VALUES ('119', 'database_backup', 'Database Backup', NULL);
INSERT INTO `language` (`id`, `phrase`, `english`, `urdu`) VALUES ('120', 'restore_successfully', 'Restore Successfully', NULL);
INSERT INTO `language` (`id`, `phrase`, `english`, `urdu`) VALUES ('121', 'backup_successfully', 'Backup Successfully', NULL);
INSERT INTO `language` (`id`, `phrase`, `english`, `urdu`) VALUES ('122', 'filename', 'File Name', NULL);
INSERT INTO `language` (`id`, `phrase`, `english`, `urdu`) VALUES ('123', 'file_information', 'File Information', NULL);
INSERT INTO `language` (`id`, `phrase`, `english`, `urdu`) VALUES ('124', 'size', 'size', NULL);
INSERT INTO `language` (`id`, `phrase`, `english`, `urdu`) VALUES ('125', 'backup_date', 'Backup Date', NULL);
INSERT INTO `language` (`id`, `phrase`, `english`, `urdu`) VALUES ('126', 'overwrite', 'Overwrite', NULL);
INSERT INTO `language` (`id`, `phrase`, `english`, `urdu`) VALUES ('127', 'invalid_file', 'Invalid File!', NULL);
INSERT INTO `language` (`id`, `phrase`, `english`, `urdu`) VALUES ('128', 'invalid_module', 'Invalid Module', NULL);
INSERT INTO `language` (`id`, `phrase`, `english`, `urdu`) VALUES ('129', 'remove_successfully', 'Remove Successfully!', NULL);
INSERT INTO `language` (`id`, `phrase`, `english`, `urdu`) VALUES ('130', 'install', 'Install', NULL);
INSERT INTO `language` (`id`, `phrase`, `english`, `urdu`) VALUES ('131', 'uninstall', 'Uninstall', NULL);
INSERT INTO `language` (`id`, `phrase`, `english`, `urdu`) VALUES ('132', 'tables_are_not_available_in_database', 'Tables are not available in database.sql', NULL);
INSERT INTO `language` (`id`, `phrase`, `english`, `urdu`) VALUES ('133', 'no_tables_are_registered_in_config', 'No tables are registerd in config.php', NULL);
INSERT INTO `language` (`id`, `phrase`, `english`, `urdu`) VALUES ('134', 'enquiry', 'Enquiry', NULL);
INSERT INTO `language` (`id`, `phrase`, `english`, `urdu`) VALUES ('135', 'read_unread', 'Read/Unread', NULL);
INSERT INTO `language` (`id`, `phrase`, `english`, `urdu`) VALUES ('136', 'enquiry_information', 'Enquiry Information', NULL);
INSERT INTO `language` (`id`, `phrase`, `english`, `urdu`) VALUES ('137', 'user_agent', 'User Agent', NULL);
INSERT INTO `language` (`id`, `phrase`, `english`, `urdu`) VALUES ('138', 'checked_by', 'Checked By', NULL);
INSERT INTO `language` (`id`, `phrase`, `english`, `urdu`) VALUES ('139', 'new_enquiry', 'New Enquiry', NULL);
INSERT INTO `language` (`id`, `phrase`, `english`, `urdu`) VALUES ('140', 'crud', 'Crud', NULL);
INSERT INTO `language` (`id`, `phrase`, `english`, `urdu`) VALUES ('141', 'view', 'View', NULL);
INSERT INTO `language` (`id`, `phrase`, `english`, `urdu`) VALUES ('142', 'name', 'Name', NULL);
INSERT INTO `language` (`id`, `phrase`, `english`, `urdu`) VALUES ('143', 'add', 'Address', NULL);
INSERT INTO `language` (`id`, `phrase`, `english`, `urdu`) VALUES ('144', 'ph', 'Phone', NULL);
INSERT INTO `language` (`id`, `phrase`, `english`, `urdu`) VALUES ('145', 'cid', 'SL No', NULL);
INSERT INTO `language` (`id`, `phrase`, `english`, `urdu`) VALUES ('146', 'view_atn', 'AttendanceView', NULL);
INSERT INTO `language` (`id`, `phrase`, `english`, `urdu`) VALUES ('147', 'mang', 'Employemanagement', NULL);
INSERT INTO `language` (`id`, `phrase`, `english`, `urdu`) VALUES ('148', 'designation', 'Position', NULL);
INSERT INTO `language` (`id`, `phrase`, `english`, `urdu`) VALUES ('149', 'test', 'Test', NULL);
INSERT INTO `language` (`id`, `phrase`, `english`, `urdu`) VALUES ('150', 'sl', 'SL', NULL);
INSERT INTO `language` (`id`, `phrase`, `english`, `urdu`) VALUES ('151', 'bdtask', 'BDTASK', NULL);
INSERT INTO `language` (`id`, `phrase`, `english`, `urdu`) VALUES ('152', 'practice', 'Practice', NULL);
INSERT INTO `language` (`id`, `phrase`, `english`, `urdu`) VALUES ('153', 'branch_name', 'Branch Name', NULL);
INSERT INTO `language` (`id`, `phrase`, `english`, `urdu`) VALUES ('154', 'chairman_name', 'Chairman', NULL);
INSERT INTO `language` (`id`, `phrase`, `english`, `urdu`) VALUES ('155', 'b_photo', 'Photo', NULL);
INSERT INTO `language` (`id`, `phrase`, `english`, `urdu`) VALUES ('156', 'b_address', 'Address', NULL);
INSERT INTO `language` (`id`, `phrase`, `english`, `urdu`) VALUES ('157', 'position', 'Position', NULL);
INSERT INTO `language` (`id`, `phrase`, `english`, `urdu`) VALUES ('158', 'advertisement', 'Advertisement', NULL);
INSERT INTO `language` (`id`, `phrase`, `english`, `urdu`) VALUES ('159', 'position_name', 'Position', NULL);
INSERT INTO `language` (`id`, `phrase`, `english`, `urdu`) VALUES ('160', 'position_details', 'Details', NULL);
INSERT INTO `language` (`id`, `phrase`, `english`, `urdu`) VALUES ('161', 'circularprocess', 'Recruitment', NULL);
INSERT INTO `language` (`id`, `phrase`, `english`, `urdu`) VALUES ('162', 'pos_id', 'Position', NULL);
INSERT INTO `language` (`id`, `phrase`, `english`, `urdu`) VALUES ('163', 'adv_circular_date', 'Publish Date', NULL);
INSERT INTO `language` (`id`, `phrase`, `english`, `urdu`) VALUES ('164', 'circular_dadeline', 'Dadeline', NULL);
INSERT INTO `language` (`id`, `phrase`, `english`, `urdu`) VALUES ('165', 'adv_file', 'Documents', NULL);
INSERT INTO `language` (`id`, `phrase`, `english`, `urdu`) VALUES ('166', 'adv_details', 'Details', NULL);
INSERT INTO `language` (`id`, `phrase`, `english`, `urdu`) VALUES ('167', 'attendance', 'Attendance', NULL);
INSERT INTO `language` (`id`, `phrase`, `english`, `urdu`) VALUES ('168', 'employee', 'Employee', NULL);
INSERT INTO `language` (`id`, `phrase`, `english`, `urdu`) VALUES ('169', 'emp_id', 'Employee Name', NULL);
INSERT INTO `language` (`id`, `phrase`, `english`, `urdu`) VALUES ('170', 'sign_in', 'Sign In', NULL);
INSERT INTO `language` (`id`, `phrase`, `english`, `urdu`) VALUES ('171', 'sign_out', 'Sign Out', NULL);
INSERT INTO `language` (`id`, `phrase`, `english`, `urdu`) VALUES ('172', 'staytime', 'Stay Time', NULL);
INSERT INTO `language` (`id`, `phrase`, `english`, `urdu`) VALUES ('173', 'abc', '1', NULL);
INSERT INTO `language` (`id`, `phrase`, `english`, `urdu`) VALUES ('174', 'first_name', 'First Name', NULL);
INSERT INTO `language` (`id`, `phrase`, `english`, `urdu`) VALUES ('175', 'last_name', 'Last Name', NULL);
INSERT INTO `language` (`id`, `phrase`, `english`, `urdu`) VALUES ('176', 'alter_phone', 'Alternative Phone', NULL);
INSERT INTO `language` (`id`, `phrase`, `english`, `urdu`) VALUES ('177', 'present_address', 'Present Address', NULL);
INSERT INTO `language` (`id`, `phrase`, `english`, `urdu`) VALUES ('178', 'parmanent_address', 'Permanent Address', NULL);
INSERT INTO `language` (`id`, `phrase`, `english`, `urdu`) VALUES ('179', 'candidateinfo', 'Candidate Info', NULL);
INSERT INTO `language` (`id`, `phrase`, `english`, `urdu`) VALUES ('180', 'add_advertisement', 'Add Advertisement', NULL);
INSERT INTO `language` (`id`, `phrase`, `english`, `urdu`) VALUES ('181', 'advertisement_list', 'Manage Advertisement ', NULL);
INSERT INTO `language` (`id`, `phrase`, `english`, `urdu`) VALUES ('182', 'candidate_basic_info', 'Job Application', NULL);
INSERT INTO `language` (`id`, `phrase`, `english`, `urdu`) VALUES ('183', 'can_basicinfo_list', 'Manage Application', NULL);
INSERT INTO `language` (`id`, `phrase`, `english`, `urdu`) VALUES ('184', 'add_canbasic_info', 'Add New Candidate', NULL);
INSERT INTO `language` (`id`, `phrase`, `english`, `urdu`) VALUES ('185', 'candidate_education_info', 'Candidate Educational Info', NULL);
INSERT INTO `language` (`id`, `phrase`, `english`, `urdu`) VALUES ('186', 'can_educationinfo_list', 'Candidate Edu Info list', NULL);
INSERT INTO `language` (`id`, `phrase`, `english`, `urdu`) VALUES ('187', 'add_edu_info', 'Add Educational Info', NULL);
INSERT INTO `language` (`id`, `phrase`, `english`, `urdu`) VALUES ('188', 'can_id', 'Candidate Id', NULL);
INSERT INTO `language` (`id`, `phrase`, `english`, `urdu`) VALUES ('189', 'degree_name', 'Obtained Degree', NULL);
INSERT INTO `language` (`id`, `phrase`, `english`, `urdu`) VALUES ('190', 'university_name', 'University', NULL);
INSERT INTO `language` (`id`, `phrase`, `english`, `urdu`) VALUES ('191', 'cgp', 'CGPA', NULL);
INSERT INTO `language` (`id`, `phrase`, `english`, `urdu`) VALUES ('192', 'comments', 'Comments', NULL);
INSERT INTO `language` (`id`, `phrase`, `english`, `urdu`) VALUES ('193', 'signature', 'Signature', NULL);
INSERT INTO `language` (`id`, `phrase`, `english`, `urdu`) VALUES ('194', 'candidate_workexperience', 'Candidate Work Experience', NULL);
INSERT INTO `language` (`id`, `phrase`, `english`, `urdu`) VALUES ('195', 'can_workexperience_list', 'Work Experience list', NULL);
INSERT INTO `language` (`id`, `phrase`, `english`, `urdu`) VALUES ('196', 'add_can_experience', 'Add Work Experience', NULL);
INSERT INTO `language` (`id`, `phrase`, `english`, `urdu`) VALUES ('197', 'company_name', 'Company Name', NULL);
INSERT INTO `language` (`id`, `phrase`, `english`, `urdu`) VALUES ('198', 'working_period', 'Working Period', NULL);
INSERT INTO `language` (`id`, `phrase`, `english`, `urdu`) VALUES ('199', 'duties', 'Duties', NULL);
INSERT INTO `language` (`id`, `phrase`, `english`, `urdu`) VALUES ('200', 'supervisor', 'Supervisor', NULL);
INSERT INTO `language` (`id`, `phrase`, `english`, `urdu`) VALUES ('201', 'candidate_workexpe', 'Candidate Work Experience', NULL);
INSERT INTO `language` (`id`, `phrase`, `english`, `urdu`) VALUES ('202', 'candidate_shortlist', 'Resume Shortlist', NULL);
INSERT INTO `language` (`id`, `phrase`, `english`, `urdu`) VALUES ('203', 'shortlist_view', 'Manage Interview', NULL);
INSERT INTO `language` (`id`, `phrase`, `english`, `urdu`) VALUES ('204', 'add_shortlist', 'Add Interview', NULL);
INSERT INTO `language` (`id`, `phrase`, `english`, `urdu`) VALUES ('205', 'date_of_shortlist', 'Shortlist Date', NULL);
INSERT INTO `language` (`id`, `phrase`, `english`, `urdu`) VALUES ('206', 'interview_date', 'Interview Date', NULL);
INSERT INTO `language` (`id`, `phrase`, `english`, `urdu`) VALUES ('207', 'submit', 'Submit', NULL);
INSERT INTO `language` (`id`, `phrase`, `english`, `urdu`) VALUES ('208', 'candidate_id', 'Your ID', NULL);
INSERT INTO `language` (`id`, `phrase`, `english`, `urdu`) VALUES ('209', 'job_adv_id', 'Job Position', NULL);
INSERT INTO `language` (`id`, `phrase`, `english`, `urdu`) VALUES ('210', 'sequence', 'Sequence', NULL);
INSERT INTO `language` (`id`, `phrase`, `english`, `urdu`) VALUES ('211', 'candidate_interview', 'Interview', NULL);
INSERT INTO `language` (`id`, `phrase`, `english`, `urdu`) VALUES ('212', 'interview_list', 'Interview list', NULL);
INSERT INTO `language` (`id`, `phrase`, `english`, `urdu`) VALUES ('213', 'add_interview', 'Add Interview Result', NULL);
INSERT INTO `language` (`id`, `phrase`, `english`, `urdu`) VALUES ('214', 'interviewer_id', 'Interviewer', NULL);
INSERT INTO `language` (`id`, `phrase`, `english`, `urdu`) VALUES ('215', 'interview_marks', 'Viva Marks', NULL);
INSERT INTO `language` (`id`, `phrase`, `english`, `urdu`) VALUES ('216', 'written_total_marks', 'Written Total Marks', NULL);
INSERT INTO `language` (`id`, `phrase`, `english`, `urdu`) VALUES ('217', 'mcq_total_marks', 'MCQ Total Marks', NULL);
INSERT INTO `language` (`id`, `phrase`, `english`, `urdu`) VALUES ('218', 'recommandation', 'Recommandation', NULL);
INSERT INTO `language` (`id`, `phrase`, `english`, `urdu`) VALUES ('219', 'selection', 'Selection', NULL);
INSERT INTO `language` (`id`, `phrase`, `english`, `urdu`) VALUES ('220', 'details', 'Details', NULL);
INSERT INTO `language` (`id`, `phrase`, `english`, `urdu`) VALUES ('221', 'candidate_selection', 'Candidate Selection', NULL);
INSERT INTO `language` (`id`, `phrase`, `english`, `urdu`) VALUES ('222', 'selection_list', 'Selection List', NULL);
INSERT INTO `language` (`id`, `phrase`, `english`, `urdu`) VALUES ('223', 'add_selection', 'Add Selection', NULL);
INSERT INTO `language` (`id`, `phrase`, `english`, `urdu`) VALUES ('224', 'employee_id', 'Employee Id', NULL);
INSERT INTO `language` (`id`, `phrase`, `english`, `urdu`) VALUES ('225', 'position_id', '1', NULL);
INSERT INTO `language` (`id`, `phrase`, `english`, `urdu`) VALUES ('226', 'selection_terms', 'Selection Terms', NULL);
INSERT INTO `language` (`id`, `phrase`, `english`, `urdu`) VALUES ('227', 'total_marks', 'Total Marks', NULL);
INSERT INTO `language` (`id`, `phrase`, `english`, `urdu`) VALUES ('228', 'photo', 'Picture', NULL);
INSERT INTO `language` (`id`, `phrase`, `english`, `urdu`) VALUES ('229', 'your_id', 'Your ID', NULL);
INSERT INTO `language` (`id`, `phrase`, `english`, `urdu`) VALUES ('230', 'change_image', 'Change Photo', NULL);
INSERT INTO `language` (`id`, `phrase`, `english`, `urdu`) VALUES ('231', 'picture', 'Photograph', NULL);
INSERT INTO `language` (`id`, `phrase`, `english`, `urdu`) VALUES ('232', 'ad', 'Add', NULL);
INSERT INTO `language` (`id`, `phrase`, `english`, `urdu`) VALUES ('233', 'write_y_p_info', 'Write Your Persoanal Information', NULL);
INSERT INTO `language` (`id`, `phrase`, `english`, `urdu`) VALUES ('234', 'emp_position', 'Employee Position', NULL);
INSERT INTO `language` (`id`, `phrase`, `english`, `urdu`) VALUES ('235', 'add_pos', 'Add Position', NULL);
INSERT INTO `language` (`id`, `phrase`, `english`, `urdu`) VALUES ('236', 'list_pos', 'List of Position', NULL);
INSERT INTO `language` (`id`, `phrase`, `english`, `urdu`) VALUES ('237', 'emp_salary_stup', 'Employee Salary SetUp', NULL);
INSERT INTO `language` (`id`, `phrase`, `english`, `urdu`) VALUES ('238', 'add_salary_stup', 'Add Salary Setup', NULL);
INSERT INTO `language` (`id`, `phrase`, `english`, `urdu`) VALUES ('239', 'list_salarystup', 'List of Salary Setup', NULL);
INSERT INTO `language` (`id`, `phrase`, `english`, `urdu`) VALUES ('240', 'emp_sal_name', 'Salary Name', NULL);
INSERT INTO `language` (`id`, `phrase`, `english`, `urdu`) VALUES ('241', 'emp_sal_type', 'Salary Type', NULL);
INSERT INTO `language` (`id`, `phrase`, `english`, `urdu`) VALUES ('242', 'emp_performance', 'Employee Performance', NULL);
INSERT INTO `language` (`id`, `phrase`, `english`, `urdu`) VALUES ('243', 'add_performance', 'Add Performance', NULL);
INSERT INTO `language` (`id`, `phrase`, `english`, `urdu`) VALUES ('244', 'list_performance', 'List of Performance', NULL);
INSERT INTO `language` (`id`, `phrase`, `english`, `urdu`) VALUES ('245', 'note', 'Note', NULL);
INSERT INTO `language` (`id`, `phrase`, `english`, `urdu`) VALUES ('246', 'note_by', 'Note By', NULL);
INSERT INTO `language` (`id`, `phrase`, `english`, `urdu`) VALUES ('247', 'number_of_star', 'Number of Star', NULL);
INSERT INTO `language` (`id`, `phrase`, `english`, `urdu`) VALUES ('248', 'updated_by', 'Updated By', NULL);
INSERT INTO `language` (`id`, `phrase`, `english`, `urdu`) VALUES ('249', 'emp_sal_payment', 'Manage Employee Salary', NULL);
INSERT INTO `language` (`id`, `phrase`, `english`, `urdu`) VALUES ('250', 'add_payment', 'Add Payment', NULL);
INSERT INTO `language` (`id`, `phrase`, `english`, `urdu`) VALUES ('251', 'list_payment', 'List of payment', NULL);
INSERT INTO `language` (`id`, `phrase`, `english`, `urdu`) VALUES ('252', 'total_salary', 'Total Salary', NULL);
INSERT INTO `language` (`id`, `phrase`, `english`, `urdu`) VALUES ('253', 'total_working_minutes', 'Working Hour', NULL);
INSERT INTO `language` (`id`, `phrase`, `english`, `urdu`) VALUES ('254', 'payment_due', 'Payment Type', NULL);
INSERT INTO `language` (`id`, `phrase`, `english`, `urdu`) VALUES ('255', 'payment_date', 'Date', NULL);
INSERT INTO `language` (`id`, `phrase`, `english`, `urdu`) VALUES ('256', 'paid_by', 'Paid By', NULL);
INSERT INTO `language` (`id`, `phrase`, `english`, `urdu`) VALUES ('257', 'view_employee_payment', 'Employee Payment List', NULL);
INSERT INTO `language` (`id`, `phrase`, `english`, `urdu`) VALUES ('258', 'sal_payment_type', 'Salary Payment Type', NULL);
INSERT INTO `language` (`id`, `phrase`, `english`, `urdu`) VALUES ('259', 'add_payment_type', 'Add Payment Type', NULL);
INSERT INTO `language` (`id`, `phrase`, `english`, `urdu`) VALUES ('260', 'list_payment_type', 'List of Payment Type', NULL);
INSERT INTO `language` (`id`, `phrase`, `english`, `urdu`) VALUES ('261', 'payment_period', 'Payment Period', NULL);
INSERT INTO `language` (`id`, `phrase`, `english`, `urdu`) VALUES ('262', 'payment_type', 'Payment Type', NULL);
INSERT INTO `language` (`id`, `phrase`, `english`, `urdu`) VALUES ('263', 'time', 'Punch Time', NULL);
INSERT INTO `language` (`id`, `phrase`, `english`, `urdu`) VALUES ('264', 'shift', 'Shift', NULL);
INSERT INTO `language` (`id`, `phrase`, `english`, `urdu`) VALUES ('265', 'location', 'Location', NULL);
INSERT INTO `language` (`id`, `phrase`, `english`, `urdu`) VALUES ('266', 'logtype', 'Log Type', NULL);
INSERT INTO `language` (`id`, `phrase`, `english`, `urdu`) VALUES ('267', 'branch', 'Location', NULL);
INSERT INTO `language` (`id`, `phrase`, `english`, `urdu`) VALUES ('268', 'student', 'Students', NULL);
INSERT INTO `language` (`id`, `phrase`, `english`, `urdu`) VALUES ('269', 'csv', 'CSV', NULL);
INSERT INTO `language` (`id`, `phrase`, `english`, `urdu`) VALUES ('270', 'save_successfull', 'Your Data Save Successfully', NULL);
INSERT INTO `language` (`id`, `phrase`, `english`, `urdu`) VALUES ('271', 'successfully_updated', 'Your Data Successfully Updated', NULL);
INSERT INTO `language` (`id`, `phrase`, `english`, `urdu`) VALUES ('272', 'atn_form', 'Check In/Out', NULL);
INSERT INTO `language` (`id`, `phrase`, `english`, `urdu`) VALUES ('273', 'atn_report', 'Attendance Reports', NULL);
INSERT INTO `language` (`id`, `phrase`, `english`, `urdu`) VALUES ('274', 'end_date', 'To', NULL);
INSERT INTO `language` (`id`, `phrase`, `english`, `urdu`) VALUES ('275', 'start_date', 'From', NULL);
INSERT INTO `language` (`id`, `phrase`, `english`, `urdu`) VALUES ('276', 'done', 'Done', NULL);
INSERT INTO `language` (`id`, `phrase`, `english`, `urdu`) VALUES ('277', 'employee_id_se', 'Write Employee Id or name here ', NULL);
INSERT INTO `language` (`id`, `phrase`, `english`, `urdu`) VALUES ('278', 'attendance_repor', 'Attendance Report', NULL);
INSERT INTO `language` (`id`, `phrase`, `english`, `urdu`) VALUES ('279', 'e_time', 'End Time', NULL);
INSERT INTO `language` (`id`, `phrase`, `english`, `urdu`) VALUES ('280', 's_time', 'Start Time', NULL);
INSERT INTO `language` (`id`, `phrase`, `english`, `urdu`) VALUES ('281', 'atn_datewiserer', 'Date Wise Report', NULL);
INSERT INTO `language` (`id`, `phrase`, `english`, `urdu`) VALUES ('282', 'atn_report_id', 'Date And Id base Report', NULL);
INSERT INTO `language` (`id`, `phrase`, `english`, `urdu`) VALUES ('283', 'atn_report_time', 'Date And Time report', NULL);
INSERT INTO `language` (`id`, `phrase`, `english`, `urdu`) VALUES ('284', 'payroll', 'Payroll', NULL);
INSERT INTO `language` (`id`, `phrase`, `english`, `urdu`) VALUES ('285', 'loan', 'Loan', NULL);
INSERT INTO `language` (`id`, `phrase`, `english`, `urdu`) VALUES ('286', 'loan_grand', 'Grant Loan', NULL);
INSERT INTO `language` (`id`, `phrase`, `english`, `urdu`) VALUES ('287', 'add_loan', 'Add Loan', NULL);
INSERT INTO `language` (`id`, `phrase`, `english`, `urdu`) VALUES ('288', 'loan_list', 'List of Loan', NULL);
INSERT INTO `language` (`id`, `phrase`, `english`, `urdu`) VALUES ('289', 'loan_details', 'Loan Details', NULL);
INSERT INTO `language` (`id`, `phrase`, `english`, `urdu`) VALUES ('290', 'amount', 'Amount', NULL);
INSERT INTO `language` (`id`, `phrase`, `english`, `urdu`) VALUES ('291', 'interest_rate', 'Interest Percentage', NULL);
INSERT INTO `language` (`id`, `phrase`, `english`, `urdu`) VALUES ('292', 'installment_period', 'Installment Period', NULL);
INSERT INTO `language` (`id`, `phrase`, `english`, `urdu`) VALUES ('293', 'repayment_amount', 'Repayment Total', NULL);
INSERT INTO `language` (`id`, `phrase`, `english`, `urdu`) VALUES ('294', 'date_of_approve', 'Approve Date', NULL);
INSERT INTO `language` (`id`, `phrase`, `english`, `urdu`) VALUES ('295', 'repayment_start_date', 'Repayment From', NULL);
INSERT INTO `language` (`id`, `phrase`, `english`, `urdu`) VALUES ('296', 'permission_by', 'Permitted By', NULL);
INSERT INTO `language` (`id`, `phrase`, `english`, `urdu`) VALUES ('297', 'grand', 'Grant', NULL);
INSERT INTO `language` (`id`, `phrase`, `english`, `urdu`) VALUES ('298', 'installment', 'Installment', NULL);
INSERT INTO `language` (`id`, `phrase`, `english`, `urdu`) VALUES ('299', 'loan_status', 'status', NULL);
INSERT INTO `language` (`id`, `phrase`, `english`, `urdu`) VALUES ('300', 'installment_period_m', 'Installment Period in Month', NULL);
INSERT INTO `language` (`id`, `phrase`, `english`, `urdu`) VALUES ('301', 'successfully_inserted', 'Your loan Successfully Granted', NULL);
INSERT INTO `language` (`id`, `phrase`, `english`, `urdu`) VALUES ('302', 'loan_installment', 'Loan Installment', NULL);
INSERT INTO `language` (`id`, `phrase`, `english`, `urdu`) VALUES ('303', 'add_installment', 'Add Installment', NULL);
INSERT INTO `language` (`id`, `phrase`, `english`, `urdu`) VALUES ('304', 'installment_list', 'List of Installment', NULL);
INSERT INTO `language` (`id`, `phrase`, `english`, `urdu`) VALUES ('305', 'loan_id', 'Loan No', NULL);
INSERT INTO `language` (`id`, `phrase`, `english`, `urdu`) VALUES ('306', 'installment_amount', 'Installment Amount', NULL);
INSERT INTO `language` (`id`, `phrase`, `english`, `urdu`) VALUES ('307', 'payment', 'Payment', NULL);
INSERT INTO `language` (`id`, `phrase`, `english`, `urdu`) VALUES ('308', 'received_by', 'Receiver', NULL);
INSERT INTO `language` (`id`, `phrase`, `english`, `urdu`) VALUES ('309', 'installment_no', 'Install No', NULL);
INSERT INTO `language` (`id`, `phrase`, `english`, `urdu`) VALUES ('310', 'notes', 'Notes', NULL);
INSERT INTO `language` (`id`, `phrase`, `english`, `urdu`) VALUES ('311', 'paid', 'Paid', NULL);
INSERT INTO `language` (`id`, `phrase`, `english`, `urdu`) VALUES ('312', 'loan_report', 'Loan Report', NULL);
INSERT INTO `language` (`id`, `phrase`, `english`, `urdu`) VALUES ('313', 'e_r_id', 'Enter Your Employee ID', NULL);
INSERT INTO `language` (`id`, `phrase`, `english`, `urdu`) VALUES ('314', 'leave', 'Leave', NULL);
INSERT INTO `language` (`id`, `phrase`, `english`, `urdu`) VALUES ('315', 'add_leave', 'Add Leave', NULL);
INSERT INTO `language` (`id`, `phrase`, `english`, `urdu`) VALUES ('316', 'list_leave', 'List of Leave', NULL);
INSERT INTO `language` (`id`, `phrase`, `english`, `urdu`) VALUES ('317', 'dayname', 'Weekly Leave Day', NULL);
INSERT INTO `language` (`id`, `phrase`, `english`, `urdu`) VALUES ('318', 'holiday', 'Holiday', NULL);
INSERT INTO `language` (`id`, `phrase`, `english`, `urdu`) VALUES ('319', 'list_holiday', 'List of Holidays', NULL);
INSERT INTO `language` (`id`, `phrase`, `english`, `urdu`) VALUES ('320', 'no_of_days', 'Number of Days', NULL);
INSERT INTO `language` (`id`, `phrase`, `english`, `urdu`) VALUES ('321', 'holiday_name', 'Holiday Name', NULL);
INSERT INTO `language` (`id`, `phrase`, `english`, `urdu`) VALUES ('322', 'set', 'SET', NULL);
INSERT INTO `language` (`id`, `phrase`, `english`, `urdu`) VALUES ('323', 'tax', 'Tax', NULL);
INSERT INTO `language` (`id`, `phrase`, `english`, `urdu`) VALUES ('324', 'tax_setup', 'Tax Setup', NULL);
INSERT INTO `language` (`id`, `phrase`, `english`, `urdu`) VALUES ('325', 'add_tax_setup', 'Add Tax Setup', NULL);
INSERT INTO `language` (`id`, `phrase`, `english`, `urdu`) VALUES ('326', 'list_tax_setup', 'List of Tax setup', NULL);
INSERT INTO `language` (`id`, `phrase`, `english`, `urdu`) VALUES ('327', 'tax_collection', 'Tax collection', NULL);
INSERT INTO `language` (`id`, `phrase`, `english`, `urdu`) VALUES ('328', 'start_amount', 'Start Amount', NULL);
INSERT INTO `language` (`id`, `phrase`, `english`, `urdu`) VALUES ('329', 'end_amount', 'End Amount', NULL);
INSERT INTO `language` (`id`, `phrase`, `english`, `urdu`) VALUES ('330', 'rate', 'Tax Rate', NULL);
INSERT INTO `language` (`id`, `phrase`, `english`, `urdu`) VALUES ('331', 'date_start', 'Date Start', NULL);
INSERT INTO `language` (`id`, `phrase`, `english`, `urdu`) VALUES ('332', 'amount_tax', 'Tax Amount', NULL);
INSERT INTO `language` (`id`, `phrase`, `english`, `urdu`) VALUES ('333', 'collection_by', 'Collection By', NULL);
INSERT INTO `language` (`id`, `phrase`, `english`, `urdu`) VALUES ('334', 'date_end', 'Date End', NULL);
INSERT INTO `language` (`id`, `phrase`, `english`, `urdu`) VALUES ('335', 'income_net_period', 'Income  Net period', NULL);
INSERT INTO `language` (`id`, `phrase`, `english`, `urdu`) VALUES ('336', 'default_amount', 'Default Amount', NULL);
INSERT INTO `language` (`id`, `phrase`, `english`, `urdu`) VALUES ('337', 'add_sal_type', 'Add Salary Type', NULL);
INSERT INTO `language` (`id`, `phrase`, `english`, `urdu`) VALUES ('338', 'list_sal_type', 'Salary Type List', NULL);
INSERT INTO `language` (`id`, `phrase`, `english`, `urdu`) VALUES ('339', 'salary_type_setup', 'Salary Type Setup', NULL);
INSERT INTO `language` (`id`, `phrase`, `english`, `urdu`) VALUES ('340', 'salary_setup', 'Salary SetUp', NULL);
INSERT INTO `language` (`id`, `phrase`, `english`, `urdu`) VALUES ('341', 'add_sal_setup', 'Add Salary Setup', NULL);
INSERT INTO `language` (`id`, `phrase`, `english`, `urdu`) VALUES ('342', 'list_sal_setup', 'Salary Setup List', NULL);
INSERT INTO `language` (`id`, `phrase`, `english`, `urdu`) VALUES ('343', 'salary_type_id', 'Salary Type', NULL);
INSERT INTO `language` (`id`, `phrase`, `english`, `urdu`) VALUES ('344', 'salary_generate', 'Salary Generate', NULL);
INSERT INTO `language` (`id`, `phrase`, `english`, `urdu`) VALUES ('345', 'add_sal_generate', 'Generate Now', NULL);
INSERT INTO `language` (`id`, `phrase`, `english`, `urdu`) VALUES ('346', 'list_sal_generate', 'Generated Salary List', NULL);
INSERT INTO `language` (`id`, `phrase`, `english`, `urdu`) VALUES ('347', 'gdate', 'Generate Date', NULL);
INSERT INTO `language` (`id`, `phrase`, `english`, `urdu`) VALUES ('348', 'start_dates', 'Start Date', NULL);
INSERT INTO `language` (`id`, `phrase`, `english`, `urdu`) VALUES ('349', 'generate', 'Generate ', NULL);
INSERT INTO `language` (`id`, `phrase`, `english`, `urdu`) VALUES ('350', 'successfully_saved_saletup', ' Set up Successfull', NULL);
INSERT INTO `language` (`id`, `phrase`, `english`, `urdu`) VALUES ('351', 's_date', 'Start Date', NULL);
INSERT INTO `language` (`id`, `phrase`, `english`, `urdu`) VALUES ('352', 'e_date', 'End Date', NULL);
INSERT INTO `language` (`id`, `phrase`, `english`, `urdu`) VALUES ('353', 'salary_payable', 'Payable Salary', NULL);
INSERT INTO `language` (`id`, `phrase`, `english`, `urdu`) VALUES ('354', 'tax_manager', 'Tax', NULL);
INSERT INTO `language` (`id`, `phrase`, `english`, `urdu`) VALUES ('355', 'generate_by', 'Generate By', NULL);
INSERT INTO `language` (`id`, `phrase`, `english`, `urdu`) VALUES ('356', 'successfully_paid', 'Successfully Paid', NULL);
INSERT INTO `language` (`id`, `phrase`, `english`, `urdu`) VALUES ('357', 'direct_empl', ' Employee', NULL);
INSERT INTO `language` (`id`, `phrase`, `english`, `urdu`) VALUES ('358', 'add_emp_info', 'Add New Employee', NULL);
INSERT INTO `language` (`id`, `phrase`, `english`, `urdu`) VALUES ('359', 'new_empl_pos', 'Add New Employee Position', NULL);
INSERT INTO `language` (`id`, `phrase`, `english`, `urdu`) VALUES ('360', 'manage', 'Manage Position', NULL);
INSERT INTO `language` (`id`, `phrase`, `english`, `urdu`) VALUES ('361', 'ad_advertisement', 'ADD POSITION', NULL);
INSERT INTO `language` (`id`, `phrase`, `english`, `urdu`) VALUES ('362', 'moduless', 'Modules', NULL);
INSERT INTO `language` (`id`, `phrase`, `english`, `urdu`) VALUES ('363', 'next', 'Next', NULL);
INSERT INTO `language` (`id`, `phrase`, `english`, `urdu`) VALUES ('364', 'finish', 'Finish', NULL);
INSERT INTO `language` (`id`, `phrase`, `english`, `urdu`) VALUES ('365', 'request', 'Request', NULL);
INSERT INTO `language` (`id`, `phrase`, `english`, `urdu`) VALUES ('366', 'successfully_saved', 'Your Data Successfully Saved', NULL);
INSERT INTO `language` (`id`, `phrase`, `english`, `urdu`) VALUES ('367', 'sal_type', 'Salary Type', NULL);
INSERT INTO `language` (`id`, `phrase`, `english`, `urdu`) VALUES ('368', 'sal_name', 'Salary Name', NULL);
INSERT INTO `language` (`id`, `phrase`, `english`, `urdu`) VALUES ('369', 'leave_application', 'Leave Application', NULL);
INSERT INTO `language` (`id`, `phrase`, `english`, `urdu`) VALUES ('370', 'apply_strt_date', 'Application Start Date', NULL);
INSERT INTO `language` (`id`, `phrase`, `english`, `urdu`) VALUES ('371', 'apply_end_date', 'Application End date', NULL);
INSERT INTO `language` (`id`, `phrase`, `english`, `urdu`) VALUES ('372', 'leave_aprv_strt_date', 'Approve Start Date', NULL);
INSERT INTO `language` (`id`, `phrase`, `english`, `urdu`) VALUES ('373', 'leave_aprv_end_date', 'Approved End Date', NULL);
INSERT INTO `language` (`id`, `phrase`, `english`, `urdu`) VALUES ('374', 'num_aprv_day', 'Approved Day', NULL);
INSERT INTO `language` (`id`, `phrase`, `english`, `urdu`) VALUES ('375', 'reason', 'Reason', NULL);
INSERT INTO `language` (`id`, `phrase`, `english`, `urdu`) VALUES ('376', 'approve_date', 'Approved Date', NULL);
INSERT INTO `language` (`id`, `phrase`, `english`, `urdu`) VALUES ('377', 'leave_type', 'Leave Type', NULL);
INSERT INTO `language` (`id`, `phrase`, `english`, `urdu`) VALUES ('378', 'apply_hard_copy', 'Application Hard Copy', NULL);
INSERT INTO `language` (`id`, `phrase`, `english`, `urdu`) VALUES ('379', 'approved_by', 'Approved By', NULL);
INSERT INTO `language` (`id`, `phrase`, `english`, `urdu`) VALUES ('380', 'notice', 'Notice Board', NULL);
INSERT INTO `language` (`id`, `phrase`, `english`, `urdu`) VALUES ('381', 'noticeboard', 'Notice Board', NULL);
INSERT INTO `language` (`id`, `phrase`, `english`, `urdu`) VALUES ('382', 'notice_descriptiion', 'Description', NULL);
INSERT INTO `language` (`id`, `phrase`, `english`, `urdu`) VALUES ('383', 'notice_date', 'Notice Date', NULL);
INSERT INTO `language` (`id`, `phrase`, `english`, `urdu`) VALUES ('384', 'notice_type', 'Notice Type', NULL);
INSERT INTO `language` (`id`, `phrase`, `english`, `urdu`) VALUES ('385', 'notice_by', 'Notice By', NULL);
INSERT INTO `language` (`id`, `phrase`, `english`, `urdu`) VALUES ('386', 'notice_attachment', 'Attachment', NULL);
INSERT INTO `language` (`id`, `phrase`, `english`, `urdu`) VALUES ('387', 'account_name', 'Account Name', NULL);
INSERT INTO `language` (`id`, `phrase`, `english`, `urdu`) VALUES ('388', 'account_type', 'Account Type', NULL);
INSERT INTO `language` (`id`, `phrase`, `english`, `urdu`) VALUES ('389', 'account_id', 'Account Name', NULL);
INSERT INTO `language` (`id`, `phrase`, `english`, `urdu`) VALUES ('390', 'transaction_description', 'Description', NULL);
INSERT INTO `language` (`id`, `phrase`, `english`, `urdu`) VALUES ('391', 'payment_id', 'Payment', NULL);
INSERT INTO `language` (`id`, `phrase`, `english`, `urdu`) VALUES ('392', 'create_by_id', 'Created By', NULL);
INSERT INTO `language` (`id`, `phrase`, `english`, `urdu`) VALUES ('393', 'account', 'Account', NULL);
INSERT INTO `language` (`id`, `phrase`, `english`, `urdu`) VALUES ('394', 'account_add', 'Add Account', NULL);
INSERT INTO `language` (`id`, `phrase`, `english`, `urdu`) VALUES ('395', 'account_transaction', 'Transaction', NULL);
INSERT INTO `language` (`id`, `phrase`, `english`, `urdu`) VALUES ('396', 'award', 'Award', NULL);
INSERT INTO `language` (`id`, `phrase`, `english`, `urdu`) VALUES ('397', 'new_award', 'New Award', NULL);
INSERT INTO `language` (`id`, `phrase`, `english`, `urdu`) VALUES ('398', 'award_name', 'Award Name', NULL);
INSERT INTO `language` (`id`, `phrase`, `english`, `urdu`) VALUES ('399', 'aw_description', 'Award Description', NULL);
INSERT INTO `language` (`id`, `phrase`, `english`, `urdu`) VALUES ('400', 'awr_gift_item', 'Gift Item', NULL);
INSERT INTO `language` (`id`, `phrase`, `english`, `urdu`) VALUES ('401', 'awarded_by', 'Award By', NULL);
INSERT INTO `language` (`id`, `phrase`, `english`, `urdu`) VALUES ('402', 'employee_name', 'Employee Name', NULL);
INSERT INTO `language` (`id`, `phrase`, `english`, `urdu`) VALUES ('403', 'employee_list', 'Atn List', NULL);
INSERT INTO `language` (`id`, `phrase`, `english`, `urdu`) VALUES ('404', 'department', 'Department', NULL);
INSERT INTO `language` (`id`, `phrase`, `english`, `urdu`) VALUES ('405', 'department_name', 'Department Name ', NULL);
INSERT INTO `language` (`id`, `phrase`, `english`, `urdu`) VALUES ('406', 'clockout', 'ClockOut', NULL);
INSERT INTO `language` (`id`, `phrase`, `english`, `urdu`) VALUES ('407', 'se_account_id', 'Select Account Name', NULL);
INSERT INTO `language` (`id`, `phrase`, `english`, `urdu`) VALUES ('408', 'division', 'Division', NULL);
INSERT INTO `language` (`id`, `phrase`, `english`, `urdu`) VALUES ('409', 'add_division', 'Add Division', NULL);
INSERT INTO `language` (`id`, `phrase`, `english`, `urdu`) VALUES ('410', 'update_division', 'Update Division', NULL);
INSERT INTO `language` (`id`, `phrase`, `english`, `urdu`) VALUES ('411', 'division_name', 'Division Name', NULL);
INSERT INTO `language` (`id`, `phrase`, `english`, `urdu`) VALUES ('412', 'division_list', 'Manage Division ', NULL);
INSERT INTO `language` (`id`, `phrase`, `english`, `urdu`) VALUES ('413', 'designation_list', 'Position List', NULL);
INSERT INTO `language` (`id`, `phrase`, `english`, `urdu`) VALUES ('414', 'manage_designation', 'Manage Position', NULL);
INSERT INTO `language` (`id`, `phrase`, `english`, `urdu`) VALUES ('415', 'add_designation', 'Add Positionn', NULL);
INSERT INTO `language` (`id`, `phrase`, `english`, `urdu`) VALUES ('416', 'select_division', 'Select Division', NULL);
INSERT INTO `language` (`id`, `phrase`, `english`, `urdu`) VALUES ('417', 'select_designation', 'Select Position', NULL);
INSERT INTO `language` (`id`, `phrase`, `english`, `urdu`) VALUES ('418', 'asset', 'Asset', NULL);
INSERT INTO `language` (`id`, `phrase`, `english`, `urdu`) VALUES ('419', 'asset_type', 'Asset Type', NULL);
INSERT INTO `language` (`id`, `phrase`, `english`, `urdu`) VALUES ('420', 'add_type', 'Add Type', NULL);
INSERT INTO `language` (`id`, `phrase`, `english`, `urdu`) VALUES ('421', 'type_list', 'Type List', NULL);
INSERT INTO `language` (`id`, `phrase`, `english`, `urdu`) VALUES ('422', 'type_name', 'Type Name', NULL);
INSERT INTO `language` (`id`, `phrase`, `english`, `urdu`) VALUES ('423', 'select_type', 'Select Type', NULL);
INSERT INTO `language` (`id`, `phrase`, `english`, `urdu`) VALUES ('424', 'equipment_name', 'Equipment Name', NULL);
INSERT INTO `language` (`id`, `phrase`, `english`, `urdu`) VALUES ('425', 'model', 'Model', NULL);
INSERT INTO `language` (`id`, `phrase`, `english`, `urdu`) VALUES ('426', 'serial_no', 'Serial No', NULL);
INSERT INTO `language` (`id`, `phrase`, `english`, `urdu`) VALUES ('427', 'equipment', 'Equipment', NULL);
INSERT INTO `language` (`id`, `phrase`, `english`, `urdu`) VALUES ('428', 'add_equipment', 'Add Equipment', NULL);
INSERT INTO `language` (`id`, `phrase`, `english`, `urdu`) VALUES ('429', 'equipment_list', 'Equipment List', NULL);
INSERT INTO `language` (`id`, `phrase`, `english`, `urdu`) VALUES ('430', 'type', 'Type', NULL);
INSERT INTO `language` (`id`, `phrase`, `english`, `urdu`) VALUES ('431', 'equipment_maping', 'Equipment Mapping', NULL);
INSERT INTO `language` (`id`, `phrase`, `english`, `urdu`) VALUES ('432', 'add_maping', 'Add Mapping', NULL);
INSERT INTO `language` (`id`, `phrase`, `english`, `urdu`) VALUES ('433', 'maping_list', 'Mapping List', NULL);
INSERT INTO `language` (`id`, `phrase`, `english`, `urdu`) VALUES ('434', 'update_equipment', 'Update Equipment', NULL);
INSERT INTO `language` (`id`, `phrase`, `english`, `urdu`) VALUES ('435', 'select_employee', 'Select Employee', NULL);
INSERT INTO `language` (`id`, `phrase`, `english`, `urdu`) VALUES ('436', 'select_equipment', 'Select Equipment', NULL);
INSERT INTO `language` (`id`, `phrase`, `english`, `urdu`) VALUES ('437', 'basic_info', 'Basic Info', NULL);
INSERT INTO `language` (`id`, `phrase`, `english`, `urdu`) VALUES ('438', 'middle_name', 'Middle Name', NULL);
INSERT INTO `language` (`id`, `phrase`, `english`, `urdu`) VALUES ('439', 'state', 'Country', NULL);
INSERT INTO `language` (`id`, `phrase`, `english`, `urdu`) VALUES ('440', 'city', 'City', NULL);
INSERT INTO `language` (`id`, `phrase`, `english`, `urdu`) VALUES ('441', 'zip_code', 'Zip Code', NULL);
INSERT INTO `language` (`id`, `phrase`, `english`, `urdu`) VALUES ('442', 'maiden_name', 'Maiden Name', NULL);
INSERT INTO `language` (`id`, `phrase`, `english`, `urdu`) VALUES ('443', 'add_employee', 'Add Employee', NULL);
INSERT INTO `language` (`id`, `phrase`, `english`, `urdu`) VALUES ('444', 'manage_employee', 'Manage Employee', NULL);
INSERT INTO `language` (`id`, `phrase`, `english`, `urdu`) VALUES ('445', 'employee_update_form', 'Employee Update Form', NULL);
INSERT INTO `language` (`id`, `phrase`, `english`, `urdu`) VALUES ('446', 'what_you_search', 'What You Search', NULL);
INSERT INTO `language` (`id`, `phrase`, `english`, `urdu`) VALUES ('447', 'search', 'Search', NULL);
INSERT INTO `language` (`id`, `phrase`, `english`, `urdu`) VALUES ('448', 'duty_type', 'Duty Type', NULL);
INSERT INTO `language` (`id`, `phrase`, `english`, `urdu`) VALUES ('449', 'hire_date', 'Hire Date', NULL);
INSERT INTO `language` (`id`, `phrase`, `english`, `urdu`) VALUES ('450', 'original_h_date', 'Original Hire Date', NULL);
INSERT INTO `language` (`id`, `phrase`, `english`, `urdu`) VALUES ('451', 'voluntary_termination', 'Voluntary Termination', NULL);
INSERT INTO `language` (`id`, `phrase`, `english`, `urdu`) VALUES ('452', 'termination_reason', 'Termination Reason', NULL);
INSERT INTO `language` (`id`, `phrase`, `english`, `urdu`) VALUES ('453', 'termination_date', 'Termination Date', NULL);
INSERT INTO `language` (`id`, `phrase`, `english`, `urdu`) VALUES ('454', 're_hire_date', 'Re Hire Date', NULL);
INSERT INTO `language` (`id`, `phrase`, `english`, `urdu`) VALUES ('455', 'rate_type', 'Salary Type', NULL);
INSERT INTO `language` (`id`, `phrase`, `english`, `urdu`) VALUES ('456', 'pay_frequency', 'Pay Frequency', NULL);
INSERT INTO `language` (`id`, `phrase`, `english`, `urdu`) VALUES ('457', 'pay_frequency_txt', 'Pay Frequency Text', NULL);
INSERT INTO `language` (`id`, `phrase`, `english`, `urdu`) VALUES ('458', 'hourly_rate2', 'Hourly rate2', NULL);
INSERT INTO `language` (`id`, `phrase`, `english`, `urdu`) VALUES ('459', 'hourly_rate3', 'Hourly Rate3', NULL);
INSERT INTO `language` (`id`, `phrase`, `english`, `urdu`) VALUES ('460', 'home_department', 'Home Department', NULL);
INSERT INTO `language` (`id`, `phrase`, `english`, `urdu`) VALUES ('461', 'department_text', 'Department Text', NULL);
INSERT INTO `language` (`id`, `phrase`, `english`, `urdu`) VALUES ('462', 'benifit_class_code', 'Benefit Class code', NULL);
INSERT INTO `language` (`id`, `phrase`, `english`, `urdu`) VALUES ('463', 'benifit_desc', 'Benefit Description', NULL);
INSERT INTO `language` (`id`, `phrase`, `english`, `urdu`) VALUES ('464', 'benifit_acc_date', 'Benefit Accrual Date', NULL);
INSERT INTO `language` (`id`, `phrase`, `english`, `urdu`) VALUES ('465', 'benifit_sta', 'Benefit Status', NULL);
INSERT INTO `language` (`id`, `phrase`, `english`, `urdu`) VALUES ('466', 'super_visor_name', 'Supervisor Name', NULL);
INSERT INTO `language` (`id`, `phrase`, `english`, `urdu`) VALUES ('467', 'is_super_visor', 'Is Supervisor', NULL);
INSERT INTO `language` (`id`, `phrase`, `english`, `urdu`) VALUES ('468', 'supervisor_report', 'Supervisor Report', NULL);
INSERT INTO `language` (`id`, `phrase`, `english`, `urdu`) VALUES ('469', 'dob', 'Date of Birth', NULL);
INSERT INTO `language` (`id`, `phrase`, `english`, `urdu`) VALUES ('470', 'gender', 'Gender', NULL);
INSERT INTO `language` (`id`, `phrase`, `english`, `urdu`) VALUES ('471', 'marital_stats', 'Marital Status', NULL);
INSERT INTO `language` (`id`, `phrase`, `english`, `urdu`) VALUES ('472', 'ethnic_group', 'Ethnic Group', NULL);
INSERT INTO `language` (`id`, `phrase`, `english`, `urdu`) VALUES ('473', 'eeo_class_gp', 'EEO Class', NULL);
INSERT INTO `language` (`id`, `phrase`, `english`, `urdu`) VALUES ('474', 'ssn', 'SSN', NULL);
INSERT INTO `language` (`id`, `phrase`, `english`, `urdu`) VALUES ('475', 'work_in_state', 'Work in State', NULL);
INSERT INTO `language` (`id`, `phrase`, `english`, `urdu`) VALUES ('476', 'live_in_state', 'Live in State', NULL);
INSERT INTO `language` (`id`, `phrase`, `english`, `urdu`) VALUES ('477', 'home_email', 'Home Email', NULL);
INSERT INTO `language` (`id`, `phrase`, `english`, `urdu`) VALUES ('478', 'business_email', 'Business Email', NULL);
INSERT INTO `language` (`id`, `phrase`, `english`, `urdu`) VALUES ('479', 'home_phone', 'Home Phone', NULL);
INSERT INTO `language` (`id`, `phrase`, `english`, `urdu`) VALUES ('480', 'business_phone', 'Business Phone', NULL);
INSERT INTO `language` (`id`, `phrase`, `english`, `urdu`) VALUES ('481', 'cell_phone', 'Cell Phone', NULL);
INSERT INTO `language` (`id`, `phrase`, `english`, `urdu`) VALUES ('482', 'emerg_contct', 'Emergency Contact', NULL);
INSERT INTO `language` (`id`, `phrase`, `english`, `urdu`) VALUES ('483', 'emerg_home_phone', 'Emergency Home Phone', NULL);
INSERT INTO `language` (`id`, `phrase`, `english`, `urdu`) VALUES ('484', 'emrg_w_phone', 'Emergency Work Phone', NULL);
INSERT INTO `language` (`id`, `phrase`, `english`, `urdu`) VALUES ('485', 'emer_con_rela', 'Emergency Contact Relation', NULL);
INSERT INTO `language` (`id`, `phrase`, `english`, `urdu`) VALUES ('486', 'alt_em_contct', 'Alter Emergency Contact', NULL);
INSERT INTO `language` (`id`, `phrase`, `english`, `urdu`) VALUES ('487', 'alt_emg_h_phone', 'Alt Emergency Home Phone', NULL);
INSERT INTO `language` (`id`, `phrase`, `english`, `urdu`) VALUES ('488', 'alt_emg_w_phone', 'Alt Emergency  Work Phone', NULL);
INSERT INTO `language` (`id`, `phrase`, `english`, `urdu`) VALUES ('489', 'reports', 'Reports', NULL);
INSERT INTO `language` (`id`, `phrase`, `english`, `urdu`) VALUES ('490', 'employee_reports', 'Employee Reports', NULL);
INSERT INTO `language` (`id`, `phrase`, `english`, `urdu`) VALUES ('491', 'demographic_report', 'Demographic Report', NULL);
INSERT INTO `language` (`id`, `phrase`, `english`, `urdu`) VALUES ('492', 'posting_report', 'Positional Report', NULL);
INSERT INTO `language` (`id`, `phrase`, `english`, `urdu`) VALUES ('493', 'custom_report', 'Custom Report', NULL);
INSERT INTO `language` (`id`, `phrase`, `english`, `urdu`) VALUES ('494', 'benifit_report', 'Benefit Report', NULL);
INSERT INTO `language` (`id`, `phrase`, `english`, `urdu`) VALUES ('495', 'demographic_info', 'Demographical Information', NULL);
INSERT INTO `language` (`id`, `phrase`, `english`, `urdu`) VALUES ('496', 'positional_info', 'Positional Information', NULL);
INSERT INTO `language` (`id`, `phrase`, `english`, `urdu`) VALUES ('497', 'assets_info', 'Assets Information', NULL);
INSERT INTO `language` (`id`, `phrase`, `english`, `urdu`) VALUES ('498', 'custom_field', 'Custom Field', NULL);
INSERT INTO `language` (`id`, `phrase`, `english`, `urdu`) VALUES ('499', 'custom_value', 'Custom Data', NULL);
INSERT INTO `language` (`id`, `phrase`, `english`, `urdu`) VALUES ('500', 'adhoc_report', 'Adhoc Report', NULL);
INSERT INTO `language` (`id`, `phrase`, `english`, `urdu`) VALUES ('501', 'asset_assignment', 'Asset Assignment', NULL);
INSERT INTO `language` (`id`, `phrase`, `english`, `urdu`) VALUES ('502', 'assign_asset', 'Assign Assets', NULL);
INSERT INTO `language` (`id`, `phrase`, `english`, `urdu`) VALUES ('503', 'assign_list', 'Assign List', NULL);
INSERT INTO `language` (`id`, `phrase`, `english`, `urdu`) VALUES ('504', 'update_assign', 'Update Assign', NULL);
INSERT INTO `language` (`id`, `phrase`, `english`, `urdu`) VALUES ('505', 'citizenship', 'Citizenship', NULL);
INSERT INTO `language` (`id`, `phrase`, `english`, `urdu`) VALUES ('506', 'class_sta', 'Class status', NULL);
INSERT INTO `language` (`id`, `phrase`, `english`, `urdu`) VALUES ('507', 'class_acc_date', 'Class Accrual date', NULL);
INSERT INTO `language` (`id`, `phrase`, `english`, `urdu`) VALUES ('508', 'class_descript', 'Class Description', NULL);
INSERT INTO `language` (`id`, `phrase`, `english`, `urdu`) VALUES ('509', 'class_code', 'Class Code', NULL);
INSERT INTO `language` (`id`, `phrase`, `english`, `urdu`) VALUES ('510', 'return_asset', 'Return Assets', NULL);
INSERT INTO `language` (`id`, `phrase`, `english`, `urdu`) VALUES ('511', 'dept_id', 'Department ID', NULL);
INSERT INTO `language` (`id`, `phrase`, `english`, `urdu`) VALUES ('512', 'parent_id', 'Parent ID', NULL);
INSERT INTO `language` (`id`, `phrase`, `english`, `urdu`) VALUES ('513', 'equipment_id', 'Equipment ID', NULL);
INSERT INTO `language` (`id`, `phrase`, `english`, `urdu`) VALUES ('514', 'issue_date', 'Issue Date', NULL);
INSERT INTO `language` (`id`, `phrase`, `english`, `urdu`) VALUES ('515', 'damarage_desc', 'Damarage Description', NULL);
INSERT INTO `language` (`id`, `phrase`, `english`, `urdu`) VALUES ('516', 'return_date', 'Return Date', NULL);
INSERT INTO `language` (`id`, `phrase`, `english`, `urdu`) VALUES ('517', 'is_assign', 'Is Assign', NULL);
INSERT INTO `language` (`id`, `phrase`, `english`, `urdu`) VALUES ('518', 'emp_his_id', 'Employee History ID', NULL);
INSERT INTO `language` (`id`, `phrase`, `english`, `urdu`) VALUES ('519', 'damarage_descript', 'Damage Description', NULL);
INSERT INTO `language` (`id`, `phrase`, `english`, `urdu`) VALUES ('520', 'return', 'Return', NULL);
INSERT INTO `language` (`id`, `phrase`, `english`, `urdu`) VALUES ('521', 'return_successfull', 'Return Successfull', NULL);
INSERT INTO `language` (`id`, `phrase`, `english`, `urdu`) VALUES ('522', 'return_list', 'Return List', NULL);
INSERT INTO `language` (`id`, `phrase`, `english`, `urdu`) VALUES ('523', 'custom_data', 'Custom Data', NULL);
INSERT INTO `language` (`id`, `phrase`, `english`, `urdu`) VALUES ('524', 'passing_year', 'Passing Year', NULL);
INSERT INTO `language` (`id`, `phrase`, `english`, `urdu`) VALUES ('525', 'is_admin', 'Is Admin', NULL);
INSERT INTO `language` (`id`, `phrase`, `english`, `urdu`) VALUES ('526', 'zip', 'Zip Code', NULL);
INSERT INTO `language` (`id`, `phrase`, `english`, `urdu`) VALUES ('527', 'original_hire_date', 'Original Hire Date', NULL);
INSERT INTO `language` (`id`, `phrase`, `english`, `urdu`) VALUES ('528', 'rehire_date', 'Rehire Date', NULL);
INSERT INTO `language` (`id`, `phrase`, `english`, `urdu`) VALUES ('529', 'class_code_desc', 'Class Code Description', NULL);
INSERT INTO `language` (`id`, `phrase`, `english`, `urdu`) VALUES ('530', 'class_status', 'Class Status', NULL);
INSERT INTO `language` (`id`, `phrase`, `english`, `urdu`) VALUES ('531', 'super_visor_id', 'Supervisor ID', NULL);
INSERT INTO `language` (`id`, `phrase`, `english`, `urdu`) VALUES ('532', 'marital_status', 'Marital Status', NULL);
INSERT INTO `language` (`id`, `phrase`, `english`, `urdu`) VALUES ('533', 'emrg_h_phone', 'Emergency Home Phone', NULL);
INSERT INTO `language` (`id`, `phrase`, `english`, `urdu`) VALUES ('534', 'emgr_contct_relation', 'Emergency Contact Relation', NULL);
INSERT INTO `language` (`id`, `phrase`, `english`, `urdu`) VALUES ('535', 'id', 'ID', NULL);
INSERT INTO `language` (`id`, `phrase`, `english`, `urdu`) VALUES ('536', 'type_id', 'Equipment Type', NULL);
INSERT INTO `language` (`id`, `phrase`, `english`, `urdu`) VALUES ('537', 'custom_id', 'Custom ID', NULL);
INSERT INTO `language` (`id`, `phrase`, `english`, `urdu`) VALUES ('538', 'custom_data_type', 'Custom Data Type', NULL);
INSERT INTO `language` (`id`, `phrase`, `english`, `urdu`) VALUES ('539', 'role_permission', 'Role Permission', NULL);
INSERT INTO `language` (`id`, `phrase`, `english`, `urdu`) VALUES ('540', 'permission_setup', 'Permission Setup', NULL);
INSERT INTO `language` (`id`, `phrase`, `english`, `urdu`) VALUES ('541', 'add_role', 'Add Role', NULL);
INSERT INTO `language` (`id`, `phrase`, `english`, `urdu`) VALUES ('542', 'role_list', 'Role permissions', NULL);
INSERT INTO `language` (`id`, `phrase`, `english`, `urdu`) VALUES ('543', 'user_access_role', 'User Roles', NULL);
INSERT INTO `language` (`id`, `phrase`, `english`, `urdu`) VALUES ('544', 'menu_item_list', 'Menu Item List', NULL);
INSERT INTO `language` (`id`, `phrase`, `english`, `urdu`) VALUES ('545', 'ins_menu_for_application', 'Ins Menu  For Application', NULL);
INSERT INTO `language` (`id`, `phrase`, `english`, `urdu`) VALUES ('546', 'menu_title', 'Menu Title', NULL);
INSERT INTO `language` (`id`, `phrase`, `english`, `urdu`) VALUES ('547', 'page_url', 'Page Url', NULL);
INSERT INTO `language` (`id`, `phrase`, `english`, `urdu`) VALUES ('548', 'parent_menu', 'Parent Menu', NULL);
INSERT INTO `language` (`id`, `phrase`, `english`, `urdu`) VALUES ('549', 'role', 'Role', NULL);
INSERT INTO `language` (`id`, `phrase`, `english`, `urdu`) VALUES ('550', 'role_name', 'Role Name', NULL);
INSERT INTO `language` (`id`, `phrase`, `english`, `urdu`) VALUES ('551', 'single_checkin', 'Single Check In', NULL);
INSERT INTO `language` (`id`, `phrase`, `english`, `urdu`) VALUES ('552', 'bulk_checkin', 'Bulk Check In', NULL);
INSERT INTO `language` (`id`, `phrase`, `english`, `urdu`) VALUES ('553', 'manage_attendance', 'Manage Attendance', NULL);
INSERT INTO `language` (`id`, `phrase`, `english`, `urdu`) VALUES ('554', 'attendance_list', 'Attendance List', NULL);
INSERT INTO `language` (`id`, `phrase`, `english`, `urdu`) VALUES ('555', 'checkin', 'Check In', NULL);
INSERT INTO `language` (`id`, `phrase`, `english`, `urdu`) VALUES ('556', 'checkout', 'Check Out', NULL);
INSERT INTO `language` (`id`, `phrase`, `english`, `urdu`) VALUES ('557', 'stay', 'Stay', NULL);
INSERT INTO `language` (`id`, `phrase`, `english`, `urdu`) VALUES ('558', 'attendance_report', 'Attendance Report', NULL);
INSERT INTO `language` (`id`, `phrase`, `english`, `urdu`) VALUES ('559', 'work_hour', 'Work Hour', NULL);
INSERT INTO `language` (`id`, `phrase`, `english`, `urdu`) VALUES ('560', 'cancel', 'Cancel', NULL);
INSERT INTO `language` (`id`, `phrase`, `english`, `urdu`) VALUES ('561', 'confirm_clock', 'Confirm Checkout', NULL);
INSERT INTO `language` (`id`, `phrase`, `english`, `urdu`) VALUES ('562', 'add_attendance', 'Add Attendance', NULL);
INSERT INTO `language` (`id`, `phrase`, `english`, `urdu`) VALUES ('563', 'upload_csv', 'Upload CSV', NULL);
INSERT INTO `language` (`id`, `phrase`, `english`, `urdu`) VALUES ('564', 'import_attendance', 'Import Attendance', NULL);
INSERT INTO `language` (`id`, `phrase`, `english`, `urdu`) VALUES ('565', 'manage_account', 'Manage Account', NULL);
INSERT INTO `language` (`id`, `phrase`, `english`, `urdu`) VALUES ('566', 'add_account', 'Add Account', NULL);
INSERT INTO `language` (`id`, `phrase`, `english`, `urdu`) VALUES ('567', 'add_new_account', 'Add New Account', NULL);
INSERT INTO `language` (`id`, `phrase`, `english`, `urdu`) VALUES ('568', 'account_details', 'Account Details', NULL);
INSERT INTO `language` (`id`, `phrase`, `english`, `urdu`) VALUES ('569', 'manage_transaction', 'Manage Transaction', NULL);
INSERT INTO `language` (`id`, `phrase`, `english`, `urdu`) VALUES ('570', 'add_expence', 'Add Experience', NULL);
INSERT INTO `language` (`id`, `phrase`, `english`, `urdu`) VALUES ('571', 'add_income', 'Add Income', NULL);
INSERT INTO `language` (`id`, `phrase`, `english`, `urdu`) VALUES ('572', 'return_now', 'Return Now !!', NULL);
INSERT INTO `language` (`id`, `phrase`, `english`, `urdu`) VALUES ('573', 'manage_award', 'Manage Award', NULL);
INSERT INTO `language` (`id`, `phrase`, `english`, `urdu`) VALUES ('574', 'add_new_award', 'Add New Award', NULL);
INSERT INTO `language` (`id`, `phrase`, `english`, `urdu`) VALUES ('575', 'personal_information', 'Personal Information', NULL);
INSERT INTO `language` (`id`, `phrase`, `english`, `urdu`) VALUES ('576', 'educational_information', 'Educational Information', NULL);
INSERT INTO `language` (`id`, `phrase`, `english`, `urdu`) VALUES ('577', 'past_experience', 'Past Experience', NULL);
INSERT INTO `language` (`id`, `phrase`, `english`, `urdu`) VALUES ('578', 'basic_information', 'Basic Information', NULL);
INSERT INTO `language` (`id`, `phrase`, `english`, `urdu`) VALUES ('579', 'result', 'Result', NULL);
INSERT INTO `language` (`id`, `phrase`, `english`, `urdu`) VALUES ('580', 'institute_name', 'Institute Name', NULL);
INSERT INTO `language` (`id`, `phrase`, `english`, `urdu`) VALUES ('581', 'education', 'Education', NULL);
INSERT INTO `language` (`id`, `phrase`, `english`, `urdu`) VALUES ('582', 'manage_shortlist', 'Manage Short List', NULL);
INSERT INTO `language` (`id`, `phrase`, `english`, `urdu`) VALUES ('583', 'manage_interview', 'Manage Interview', NULL);
INSERT INTO `language` (`id`, `phrase`, `english`, `urdu`) VALUES ('584', 'manage_selection', 'Manage Selection', NULL);
INSERT INTO `language` (`id`, `phrase`, `english`, `urdu`) VALUES ('585', 'add_new_dept', 'Add New Department', NULL);
INSERT INTO `language` (`id`, `phrase`, `english`, `urdu`) VALUES ('586', 'manage_dept', 'Manage Department', NULL);
INSERT INTO `language` (`id`, `phrase`, `english`, `urdu`) VALUES ('587', 'successfully_checkout', 'Checkout Successful !', NULL);
INSERT INTO `language` (`id`, `phrase`, `english`, `urdu`) VALUES ('588', 'grant_loan', 'Grant Loan', NULL);
INSERT INTO `language` (`id`, `phrase`, `english`, `urdu`) VALUES ('589', 'successfully_installed', 'Successfully Installed', NULL);
INSERT INTO `language` (`id`, `phrase`, `english`, `urdu`) VALUES ('590', 'total_loan', 'Total Loan', NULL);
INSERT INTO `language` (`id`, `phrase`, `english`, `urdu`) VALUES ('591', 'total_amount', 'Total Amount', NULL);
INSERT INTO `language` (`id`, `phrase`, `english`, `urdu`) VALUES ('592', 'filter', 'Filter', NULL);
INSERT INTO `language` (`id`, `phrase`, `english`, `urdu`) VALUES ('593', 'weekly_holiday', 'Weekly Holiday', NULL);
INSERT INTO `language` (`id`, `phrase`, `english`, `urdu`) VALUES ('594', 'manage_application', 'Manage Application', NULL);
INSERT INTO `language` (`id`, `phrase`, `english`, `urdu`) VALUES ('595', 'add_application', 'Add Application', NULL);
INSERT INTO `language` (`id`, `phrase`, `english`, `urdu`) VALUES ('596', 'manage_holiday', 'Manage Holiday', NULL);
INSERT INTO `language` (`id`, `phrase`, `english`, `urdu`) VALUES ('597', 'add_more_holiday', 'Add More Holiday', NULL);
INSERT INTO `language` (`id`, `phrase`, `english`, `urdu`) VALUES ('598', 'manage_weekly_holiday', 'Manage Weekly Holiday', NULL);
INSERT INTO `language` (`id`, `phrase`, `english`, `urdu`) VALUES ('599', 'add_weekly_holiday', 'Add Weekly Holiday', NULL);
INSERT INTO `language` (`id`, `phrase`, `english`, `urdu`) VALUES ('600', 'manage_granted_loan', 'Manage Granted Loan', NULL);
INSERT INTO `language` (`id`, `phrase`, `english`, `urdu`) VALUES ('601', 'manage_installment', 'Manage Installment', NULL);
INSERT INTO `language` (`id`, `phrase`, `english`, `urdu`) VALUES ('602', 'add_new_notice', 'Add New Notice', NULL);
INSERT INTO `language` (`id`, `phrase`, `english`, `urdu`) VALUES ('603', 'manage_notice', 'Manage Notice', NULL);
INSERT INTO `language` (`id`, `phrase`, `english`, `urdu`) VALUES ('604', 'salary_type', 'Salary Benefits', NULL);
INSERT INTO `language` (`id`, `phrase`, `english`, `urdu`) VALUES ('605', 'manage_salary_generate', 'Manage Salary Generate', NULL);
INSERT INTO `language` (`id`, `phrase`, `english`, `urdu`) VALUES ('606', 'generate_now', 'Generate Now', NULL);
INSERT INTO `language` (`id`, `phrase`, `english`, `urdu`) VALUES ('607', 'add_salary_setup', 'Add Salary Setup', NULL);
INSERT INTO `language` (`id`, `phrase`, `english`, `urdu`) VALUES ('608', 'manage_salary_setup', 'Manage Salary Setup', NULL);
INSERT INTO `language` (`id`, `phrase`, `english`, `urdu`) VALUES ('609', 'add_salary_type', 'Add Salary Benefits', NULL);
INSERT INTO `language` (`id`, `phrase`, `english`, `urdu`) VALUES ('610', 'manage_salary_type', 'Manage Salary Benefits', NULL);
INSERT INTO `language` (`id`, `phrase`, `english`, `urdu`) VALUES ('611', 'manage_tax_setup', 'Manage Tax Setup', NULL);
INSERT INTO `language` (`id`, `phrase`, `english`, `urdu`) VALUES ('612', 'setup_tax', 'Setup Tax', NULL);
INSERT INTO `language` (`id`, `phrase`, `english`, `urdu`) VALUES ('613', 'add_more', 'Add More', NULL);
INSERT INTO `language` (`id`, `phrase`, `english`, `urdu`) VALUES ('614', 'tax_rate', 'Tax Rate', NULL);
INSERT INTO `language` (`id`, `phrase`, `english`, `urdu`) VALUES ('615', 'no', 'No', NULL);
INSERT INTO `language` (`id`, `phrase`, `english`, `urdu`) VALUES ('616', 'setup', 'Setup', NULL);
INSERT INTO `language` (`id`, `phrase`, `english`, `urdu`) VALUES ('617', 'biographicalinfo', 'Bio-Graphical Information', NULL);
INSERT INTO `language` (`id`, `phrase`, `english`, `urdu`) VALUES ('618', 'positional_information', 'Positional Information', NULL);
INSERT INTO `language` (`id`, `phrase`, `english`, `urdu`) VALUES ('620', 'benifits', 'Benefits', NULL);
INSERT INTO `language` (`id`, `phrase`, `english`, `urdu`) VALUES ('621', 's_rate', 'Salary', NULL);
INSERT INTO `language` (`id`, `phrase`, `english`, `urdu`) VALUES ('622', 'others_leave_application', 'Leave Application', NULL);
INSERT INTO `language` (`id`, `phrase`, `english`, `urdu`) VALUES ('623', 'add_leave_type', 'Add Leave Type', NULL);
INSERT INTO `language` (`id`, `phrase`, `english`, `urdu`) VALUES ('624', 'others_leave', 'Others Leave', NULL);
INSERT INTO `language` (`id`, `phrase`, `english`, `urdu`) VALUES ('625', 'number_of_leave_days', 'Number of Leave Days', NULL);
INSERT INTO `language` (`id`, `phrase`, `english`, `urdu`) VALUES ('626', 'app_date', 'Application Date', NULL);
INSERT INTO `language` (`id`, `phrase`, `english`, `urdu`) VALUES ('627', 'apply_day', 'Apply Day', NULL);
INSERT INTO `language` (`id`, `phrase`, `english`, `urdu`) VALUES ('628', 'time_zone', 'Time Zone ', NULL);
INSERT INTO `language` (`id`, `phrase`, `english`, `urdu`) VALUES ('629', 'accounts', 'Accounts', NULL);
INSERT INTO `language` (`id`, `phrase`, `english`, `urdu`) VALUES ('630', 'c_o_a', 'Chart of Account', NULL);
INSERT INTO `language` (`id`, `phrase`, `english`, `urdu`) VALUES ('631', 'debit_voucher', 'Debit Voucher', NULL);
INSERT INTO `language` (`id`, `phrase`, `english`, `urdu`) VALUES ('632', 'credit_voucher', 'Credit Voucher', NULL);
INSERT INTO `language` (`id`, `phrase`, `english`, `urdu`) VALUES ('633', 'contra_voucher', 'Contra Voucher', NULL);
INSERT INTO `language` (`id`, `phrase`, `english`, `urdu`) VALUES ('634', 'journal_voucher', 'Journal Voucher', NULL);
INSERT INTO `language` (`id`, `phrase`, `english`, `urdu`) VALUES ('635', 'voucher_approval', 'Voucher Approval', NULL);
INSERT INTO `language` (`id`, `phrase`, `english`, `urdu`) VALUES ('636', 'account_report', 'Account Report', NULL);
INSERT INTO `language` (`id`, `phrase`, `english`, `urdu`) VALUES ('637', 'voucher_report', 'Voucher Report', NULL);
INSERT INTO `language` (`id`, `phrase`, `english`, `urdu`) VALUES ('638', 'cash_book', 'Cash Book', NULL);
INSERT INTO `language` (`id`, `phrase`, `english`, `urdu`) VALUES ('639', 'bank_book', 'Bank Book', NULL);
INSERT INTO `language` (`id`, `phrase`, `english`, `urdu`) VALUES ('640', 'general_ledger', 'General Ledger', NULL);
INSERT INTO `language` (`id`, `phrase`, `english`, `urdu`) VALUES ('641', 'trial_balance', 'Trial Balance', NULL);
INSERT INTO `language` (`id`, `phrase`, `english`, `urdu`) VALUES ('642', 'profit_loss', 'Profit Loss', NULL);
INSERT INTO `language` (`id`, `phrase`, `english`, `urdu`) VALUES ('643', 'cash_flow', 'Cash Flow', NULL);
INSERT INTO `language` (`id`, `phrase`, `english`, `urdu`) VALUES ('644', 'coa_print', 'Coa Print', NULL);
INSERT INTO `language` (`id`, `phrase`, `english`, `urdu`) VALUES ('645', 'grant', 'Grant', NULL);
INSERT INTO `language` (`id`, `phrase`, `english`, `urdu`) VALUES ('646', 'confirm', 'Confirm', NULL);
INSERT INTO `language` (`id`, `phrase`, `english`, `urdu`) VALUES ('647', 'pay_now', 'Pay Now ??', NULL);
INSERT INTO `language` (`id`, `phrase`, `english`, `urdu`) VALUES ('648', 'find', 'Find', NULL);
INSERT INTO `language` (`id`, `phrase`, `english`, `urdu`) VALUES ('649', 'gl_head', 'GL Head', NULL);
INSERT INTO `language` (`id`, `phrase`, `english`, `urdu`) VALUES ('650', 'acc_code', 'Account Code', NULL);
INSERT INTO `language` (`id`, `phrase`, `english`, `urdu`) VALUES ('651', 'from_date', 'From Date', NULL);
INSERT INTO `language` (`id`, `phrase`, `english`, `urdu`) VALUES ('652', 'to_date', 'To Date', NULL);
INSERT INTO `language` (`id`, `phrase`, `english`, `urdu`) VALUES ('653', 'bank_book_voucher', 'Bank Book Voucher', NULL);
INSERT INTO `language` (`id`, `phrase`, `english`, `urdu`) VALUES ('654', 'bank_book_report_of', 'Bank Book Report Of', NULL);
INSERT INTO `language` (`id`, `phrase`, `english`, `urdu`) VALUES ('655', 'on', 'On', NULL);
INSERT INTO `language` (`id`, `phrase`, `english`, `urdu`) VALUES ('656', 'to', 'To', NULL);
INSERT INTO `language` (`id`, `phrase`, `english`, `urdu`) VALUES ('657', 'opening_balance', 'Opening Balance', NULL);
INSERT INTO `language` (`id`, `phrase`, `english`, `urdu`) VALUES ('658', 'balance', 'Balance', NULL);
INSERT INTO `language` (`id`, `phrase`, `english`, `urdu`) VALUES ('659', 'credit', 'Credit', NULL);
INSERT INTO `language` (`id`, `phrase`, `english`, `urdu`) VALUES ('660', 'debit', 'Debit', NULL);
INSERT INTO `language` (`id`, `phrase`, `english`, `urdu`) VALUES ('661', 'head_of_account', 'Head Of Account', NULL);
INSERT INTO `language` (`id`, `phrase`, `english`, `urdu`) VALUES ('662', 'voucher_type', 'Voucher Type', NULL);
INSERT INTO `language` (`id`, `phrase`, `english`, `urdu`) VALUES ('663', 'voucher_no', 'Voucher No', NULL);
INSERT INTO `language` (`id`, `phrase`, `english`, `urdu`) VALUES ('664', 'transaction_date', 'Transaction Date', NULL);
INSERT INTO `language` (`id`, `phrase`, `english`, `urdu`) VALUES ('665', 'cash_book_voucher', 'Cash Book Voucher', NULL);
INSERT INTO `language` (`id`, `phrase`, `english`, `urdu`) VALUES ('666', 'cash_book_report_on', 'Cash Book Report On', NULL);
INSERT INTO `language` (`id`, `phrase`, `english`, `urdu`) VALUES ('667', 'particulars', 'Particulars', NULL);
INSERT INTO `language` (`id`, `phrase`, `english`, `urdu`) VALUES ('668', 'amount_in_dollar', 'Amount In Dollar', NULL);
INSERT INTO `language` (`id`, `phrase`, `english`, `urdu`) VALUES ('669', 'opening_cash_and_equivalent', 'Opening Cash && Equivalent', NULL);
INSERT INTO `language` (`id`, `phrase`, `english`, `urdu`) VALUES ('670', 'cash_flow_statement', 'Cash Flow Statement', NULL);
INSERT INTO `language` (`id`, `phrase`, `english`, `urdu`) VALUES ('671', 'code', 'Code', NULL);
INSERT INTO `language` (`id`, `phrase`, `english`, `urdu`) VALUES ('672', 'remark', 'Remark', NULL);
INSERT INTO `language` (`id`, `phrase`, `english`, `urdu`) VALUES ('673', 'debit_account_head', 'Debit Account Head', NULL);
INSERT INTO `language` (`id`, `phrase`, `english`, `urdu`) VALUES ('674', 'cash_in_hand', 'Cash In Hand', NULL);
INSERT INTO `language` (`id`, `phrase`, `english`, `urdu`) VALUES ('675', 'credit_account_head', 'Credit Account Head', NULL);
INSERT INTO `language` (`id`, `phrase`, `english`, `urdu`) VALUES ('676', 'transaction_head', 'Transaction Head', NULL);
INSERT INTO `language` (`id`, `phrase`, `english`, `urdu`) VALUES ('677', 'with_details', 'With Details', NULL);
INSERT INTO `language` (`id`, `phrase`, `english`, `urdu`) VALUES ('678', 'no_report', 'No Of Report', NULL);
INSERT INTO `language` (`id`, `phrase`, `english`, `urdu`) VALUES ('679', 'total', 'Total', NULL);
INSERT INTO `language` (`id`, `phrase`, `english`, `urdu`) VALUES ('680', 'current_balance', 'Current Balance', NULL);
INSERT INTO `language` (`id`, `phrase`, `english`, `urdu`) VALUES ('681', 'pre_balance', 'Pre Balance', NULL);
INSERT INTO `language` (`id`, `phrase`, `english`, `urdu`) VALUES ('682', 'trial_balance_with_opening_as_on', 'Trial Balance With Opening ', NULL);
INSERT INTO `language` (`id`, `phrase`, `english`, `urdu`) VALUES ('683', 'as_on', 'As On', NULL);
INSERT INTO `language` (`id`, `phrase`, `english`, `urdu`) VALUES ('684', 'chairman', 'Chairman', NULL);
INSERT INTO `language` (`id`, `phrase`, `english`, `urdu`) VALUES ('685', 'prepared_by', 'Prepared By', NULL);
INSERT INTO `language` (`id`, `phrase`, `english`, `urdu`) VALUES ('686', 'statement_of_comprehensive_income', 'Statement Of Comprehensive Income', NULL);
INSERT INTO `language` (`id`, `phrase`, `english`, `urdu`) VALUES ('687', 'from', 'From', NULL);
INSERT INTO `language` (`id`, `phrase`, `english`, `urdu`) VALUES ('688', 'total_expenses', 'Total Expenses', NULL);
INSERT INTO `language` (`id`, `phrase`, `english`, `urdu`) VALUES ('689', 'total_income', 'Total Income', NULL);
INSERT INTO `language` (`id`, `phrase`, `english`, `urdu`) VALUES ('690', 'authorized_signature', 'Authorize Signature', NULL);
INSERT INTO `language` (`id`, `phrase`, `english`, `urdu`) VALUES ('691', 'account_official', 'Account Official', NULL);
INSERT INTO `language` (`id`, `phrase`, `english`, `urdu`) VALUES ('692', 'approved', 'Approved', NULL);
INSERT INTO `language` (`id`, `phrase`, `english`, `urdu`) VALUES ('693', 'update_credit_voucher', 'Update Credit Voucher', NULL);
INSERT INTO `language` (`id`, `phrase`, `english`, `urdu`) VALUES ('694', 'benefits', 'Benefit', NULL);
INSERT INTO `language` (`id`, `phrase`, `english`, `urdu`) VALUES ('695', 'class', 'Class', NULL);
INSERT INTO `language` (`id`, `phrase`, `english`, `urdu`) VALUES ('696', 'biographical_info', 'Biographical Info', NULL);
INSERT INTO `language` (`id`, `phrase`, `english`, `urdu`) VALUES ('697', 'additional_address', 'Additional Address', NULL);
INSERT INTO `language` (`id`, `phrase`, `english`, `urdu`) VALUES ('698', 'custom', 'Custom', NULL);
INSERT INTO `language` (`id`, `phrase`, `english`, `urdu`) VALUES ('699', 'can_name', 'Candidate Name', NULL);
INSERT INTO `language` (`id`, `phrase`, `english`, `urdu`) VALUES ('700', 'select', 'Select', NULL);
INSERT INTO `language` (`id`, `phrase`, `english`, `urdu`) VALUES ('701', 'benefit_type', 'Benefit Type', NULL);
INSERT INTO `language` (`id`, `phrase`, `english`, `urdu`) VALUES ('702', 'salary_benefits_type', 'Benefits Type', NULL);
INSERT INTO `language` (`id`, `phrase`, `english`, `urdu`) VALUES ('703', 'addition', 'Addition', NULL);
INSERT INTO `language` (`id`, `phrase`, `english`, `urdu`) VALUES ('704', 'basic', 'Basic', NULL);
INSERT INTO `language` (`id`, `phrase`, `english`, `urdu`) VALUES ('705', 'deduction', 'Deduction', NULL);
INSERT INTO `language` (`id`, `phrase`, `english`, `urdu`) VALUES ('706', 'gross_salary', 'Gross Salary', NULL);
INSERT INTO `language` (`id`, `phrase`, `english`, `urdu`) VALUES ('707', 'total_loan_amount', 'Total Loan Amount', NULL);
INSERT INTO `language` (`id`, `phrase`, `english`, `urdu`) VALUES ('708', 'loan_no', 'Loan No', NULL);
INSERT INTO `language` (`id`, `phrase`, `english`, `urdu`) VALUES ('709', 'loan_issue_id', 'Loan Issue Id', NULL);
INSERT INTO `language` (`id`, `phrase`, `english`, `urdu`) VALUES ('710', 'repayment', 'Repayment', NULL);
INSERT INTO `language` (`id`, `phrase`, `english`, `urdu`) VALUES ('711', 'candidate_name', 'Candidate name', NULL);
INSERT INTO `language` (`id`, `phrase`, `english`, `urdu`) VALUES ('712', 'employee_performance', 'Employee Performance', NULL);
INSERT INTO `language` (`id`, `phrase`, `english`, `urdu`) VALUES ('713', 'check_in', 'Check In', NULL);
INSERT INTO `language` (`id`, `phrase`, `english`, `urdu`) VALUES ('714', 'check_out', 'Check Out', NULL);
INSERT INTO `language` (`id`, `phrase`, `english`, `urdu`) VALUES ('715', 'datewise_report', 'Date Wise Report', NULL);
INSERT INTO `language` (`id`, `phrase`, `english`, `urdu`) VALUES ('716', 'employee_wise_report', 'Employee Wise Report', NULL);
INSERT INTO `language` (`id`, `phrase`, `english`, `urdu`) VALUES ('717', 'date_in_time_report', 'Date & In Time Report', NULL);
INSERT INTO `language` (`id`, `phrase`, `english`, `urdu`) VALUES ('718', 'report_view', 'Report View', NULL);
INSERT INTO `language` (`id`, `phrase`, `english`, `urdu`) VALUES ('719', 'notice_form', 'Notice Form', NULL);
INSERT INTO `language` (`id`, `phrase`, `english`, `urdu`) VALUES ('720', 'atn_log', 'Load Device Data', NULL);
INSERT INTO `language` (`id`, `phrase`, `english`, `urdu`) VALUES ('721', 'atn_log_datewise', 'Attendance Log', NULL);
INSERT INTO `language` (`id`, `phrase`, `english`, `urdu`) VALUES ('722', 'device_connection', 'Device Connection', NULL);
INSERT INTO `language` (`id`, `phrase`, `english`, `urdu`) VALUES ('723', 'user_name', 'User Name', NULL);
INSERT INTO `language` (`id`, `phrase`, `english`, `urdu`) VALUES ('724', 'in_time', 'In Time', NULL);
INSERT INTO `language` (`id`, `phrase`, `english`, `urdu`) VALUES ('725', 'out_time', 'Out Time', NULL);
INSERT INTO `language` (`id`, `phrase`, `english`, `urdu`) VALUES ('726', 'worked_hours', 'Worked Hours', NULL);
INSERT INTO `language` (`id`, `phrase`, `english`, `urdu`) VALUES ('727', 'wasteg_hour', 'Wastage Hours', NULL);
INSERT INTO `language` (`id`, `phrase`, `english`, `urdu`) VALUES ('728', 'net_hour', 'Net Hours', NULL);
INSERT INTO `language` (`id`, `phrase`, `english`, `urdu`) VALUES ('729', 'device_information', 'Device Information', NULL);
INSERT INTO `language` (`id`, `phrase`, `english`, `urdu`) VALUES ('730', 'plz_generate_an_ip', 'Please Generate an Ip', NULL);
INSERT INTO `language` (`id`, `phrase`, `english`, `urdu`) VALUES ('731', 'device_name', 'Device Name', NULL);
INSERT INTO `language` (`id`, `phrase`, `english`, `urdu`) VALUES ('732', 'device_ip', 'Device Ip', NULL);
INSERT INTO `language` (`id`, `phrase`, `english`, `urdu`) VALUES ('733', 'device_user', 'Device User', NULL);
INSERT INTO `language` (`id`, `phrase`, `english`, `urdu`) VALUES ('734', 'n_b_spendtime', 'N.B : You Spent', NULL);
INSERT INTO `language` (`id`, `phrase`, `english`, `urdu`) VALUES ('735', 'hours_out_of_workinghour', 'Hours out of Working hours', NULL);
INSERT INTO `language` (`id`, `phrase`, `english`, `urdu`) VALUES ('736', 'total_employee', 'Total Employee', NULL);
INSERT INTO `language` (`id`, `phrase`, `english`, `urdu`) VALUES ('737', 'present_employee', 'Present Employee', NULL);
INSERT INTO `language` (`id`, `phrase`, `english`, `urdu`) VALUES ('738', 'today_worked_hour', 'Today\'s Worked Hours', NULL);
INSERT INTO `language` (`id`, `phrase`, `english`, `urdu`) VALUES ('739', 'todays_transaction', 'Today\'s Transaction', NULL);
INSERT INTO `language` (`id`, `phrase`, `english`, `urdu`) VALUES ('740', 'device_model', 'Device Model', NULL);
INSERT INTO `language` (`id`, `phrase`, `english`, `urdu`) VALUES ('741', 'download_sample_file', 'Download Sample File', NULL);
INSERT INTO `language` (`id`, `phrase`, `english`, `urdu`) VALUES ('742', 'salar_month', 'Salary Month', NULL);
INSERT INTO `language` (`id`, `phrase`, `english`, `urdu`) VALUES ('743', 'bank', 'Bank', NULL);
INSERT INTO `language` (`id`, `phrase`, `english`, `urdu`) VALUES ('744', 'add_bank', 'Add Bank', NULL);
INSERT INTO `language` (`id`, `phrase`, `english`, `urdu`) VALUES ('745', 'bank_list', 'Bank List', NULL);
INSERT INTO `language` (`id`, `phrase`, `english`, `urdu`) VALUES ('746', 'update_bank', 'Update Bank', NULL);
INSERT INTO `language` (`id`, `phrase`, `english`, `urdu`) VALUES ('747', 'bank_name', 'Bank Name', NULL);
INSERT INTO `language` (`id`, `phrase`, `english`, `urdu`) VALUES ('748', 'account_number', 'Account Number', NULL);
INSERT INTO `language` (`id`, `phrase`, `english`, `urdu`) VALUES ('749', 'cash_adjustment', 'Cash Adjustment', NULL);
INSERT INTO `language` (`id`, `phrase`, `english`, `urdu`) VALUES ('750', 'adjustment_type', 'Adjustment Type', NULL);
INSERT INTO `language` (`id`, `phrase`, `english`, `urdu`) VALUES ('751', 'bank_adjustment', 'Bank Adjustment', NULL);
INSERT INTO `language` (`id`, `phrase`, `english`, `urdu`) VALUES ('752', 'expense', 'Expense', NULL);
INSERT INTO `language` (`id`, `phrase`, `english`, `urdu`) VALUES ('753', 'expense_item', 'Expense Item', NULL);
INSERT INTO `language` (`id`, `phrase`, `english`, `urdu`) VALUES ('754', 'expense_statement', 'Expense Statement', NULL);
INSERT INTO `language` (`id`, `phrase`, `english`, `urdu`) VALUES ('755', 'expense_name', 'Expense Name', NULL);
INSERT INTO `language` (`id`, `phrase`, `english`, `urdu`) VALUES ('756', 'add_expense', 'Add Expense', NULL);
INSERT INTO `language` (`id`, `phrase`, `english`, `urdu`) VALUES ('757', 'print', 'Print', NULL);
INSERT INTO `language` (`id`, `phrase`, `english`, `urdu`) VALUES ('758', 'income', 'Income', NULL);
INSERT INTO `language` (`id`, `phrase`, `english`, `urdu`) VALUES ('759', 'income_field', 'Income Field', NULL);
INSERT INTO `language` (`id`, `phrase`, `english`, `urdu`) VALUES ('760', 'update_income', 'Update Income', NULL);
INSERT INTO `language` (`id`, `phrase`, `english`, `urdu`) VALUES ('761', 'income_statement', 'Income Statement', NULL);
INSERT INTO `language` (`id`, `phrase`, `english`, `urdu`) VALUES ('762', 'attendence', 'Attendance', NULL);
INSERT INTO `language` (`id`, `phrase`, `english`, `urdu`) VALUES ('763', 'working_day', 'Working Day', NULL);
INSERT INTO `language` (`id`, `phrase`, `english`, `urdu`) VALUES ('764', 'salary_month', 'Salary Month', NULL);
INSERT INTO `language` (`id`, `phrase`, `english`, `urdu`) VALUES ('765', 'salary_slip', 'Salary Slip', NULL);
INSERT INTO `language` (`id`, `phrase`, `english`, `urdu`) VALUES ('766', 'head_code', 'Head Code', NULL);
INSERT INTO `language` (`id`, `phrase`, `english`, `urdu`) VALUES ('767', 'particular', 'Particulars', NULL);
INSERT INTO `language` (`id`, `phrase`, `english`, `urdu`) VALUES ('768', 'parent_type', 'Parent Type', NULL);
INSERT INTO `language` (`id`, `phrase`, `english`, `urdu`) VALUES ('769', 'expense_sheet', 'Expense Sheet', NULL);
INSERT INTO `language` (`id`, `phrase`, `english`, `urdu`) VALUES ('770', 'head_name', 'Head Name', NULL);
INSERT INTO `language` (`id`, `phrase`, `english`, `urdu`) VALUES ('771', 'income_sheet', 'Income Sheet', NULL);
INSERT INTO `language` (`id`, `phrase`, `english`, `urdu`) VALUES ('772', 'recruitment', ' Recruitment', NULL);
INSERT INTO `language` (`id`, `phrase`, `english`, `urdu`) VALUES ('773', 'ref_number', 'Reference Number', NULL);
INSERT INTO `language` (`id`, `phrase`, `english`, `urdu`) VALUES ('774', 'employee_signature', 'Employee Signature', NULL);
INSERT INTO `language` (`id`, `phrase`, `english`, `urdu`) VALUES ('775', 'name_of_bank', 'Name Of Bank', NULL);
INSERT INTO `language` (`id`, `phrase`, `english`, `urdu`) VALUES ('776', 'net_salary', 'Net Salary', NULL);
INSERT INTO `language` (`id`, `phrase`, `english`, `urdu`) VALUES ('777', 'in_word', 'In Word', NULL);
INSERT INTO `language` (`id`, `phrase`, `english`, `urdu`) VALUES ('778', 'total_deduction', 'Total Deduction', NULL);
INSERT INTO `language` (`id`, `phrase`, `english`, `urdu`) VALUES ('779', 'total_addition', 'Total Addition', NULL);
INSERT INTO `language` (`id`, `phrase`, `english`, `urdu`) VALUES ('780', 'basic_salary', 'Basic Salary', NULL);
INSERT INTO `language` (`id`, `phrase`, `english`, `urdu`) VALUES ('781', 'earnings', 'Earnings', NULL);
INSERT INTO `language` (`id`, `phrase`, `english`, `urdu`) VALUES ('782', 'salary_date', 'Salary Date', NULL);
INSERT INTO `language` (`id`, `phrase`, `english`, `urdu`) VALUES ('783', 'money_receipt', 'Money Receipt', NULL);
INSERT INTO `language` (`id`, `phrase`, `english`, `urdu`) VALUES ('784', 'balance_adjustment', 'Balance Adjustment', NULL);
INSERT INTO `language` (`id`, `phrase`, `english`, `urdu`) VALUES ('785', 'parent_head', 'Parent Head', NULL);
INSERT INTO `language` (`id`, `phrase`, `english`, `urdu`) VALUES ('786', 'child_head', 'Child Head', NULL);
INSERT INTO `language` (`id`, `phrase`, `english`, `urdu`) VALUES ('787', 'due_amount', 'Due Amount', NULL);
INSERT INTO `language` (`id`, `phrase`, `english`, `urdu`) VALUES ('788', 'loan_payment', 'Loan Payment', NULL);
INSERT INTO `language` (`id`, `phrase`, `english`, `urdu`) VALUES ('789', 'todays_notice', 'Today\'s Notice', NULL);
INSERT INTO `language` (`id`, `phrase`, `english`, `urdu`) VALUES ('790', 'attend_employee', 'Attend Employee', NULL);
INSERT INTO `language` (`id`, `phrase`, `english`, `urdu`) VALUES ('791', 'department_wise', 'Department Wise', NULL);
INSERT INTO `language` (`id`, `phrase`, `english`, `urdu`) VALUES ('792', 'income_expense', 'Income Expense', NULL);
INSERT INTO `language` (`id`, `phrase`, `english`, `urdu`) VALUES ('793', 'todays_leave', 'Today\'s Leave', NULL);
INSERT INTO `language` (`id`, `phrase`, `english`, `urdu`) VALUES ('794', 'leave_day', 'Leave Day', NULL);
INSERT INTO `language` (`id`, `phrase`, `english`, `urdu`) VALUES ('795', 'leave_finish', 'Leave Finish', NULL);
INSERT INTO `language` (`id`, `phrase`, `english`, `urdu`) VALUES ('796', 'loan_amount', 'Loan Amount', NULL);
INSERT INTO `language` (`id`, `phrase`, `english`, `urdu`) VALUES ('797', 'leave_employee', 'Leave Employee', NULL);
INSERT INTO `language` (`id`, `phrase`, `english`, `urdu`) VALUES ('798', 'absent_employee', 'Absent Employee', NULL);
INSERT INTO `language` (`id`, `phrase`, `english`, `urdu`) VALUES ('799', 'job_posting', 'Job Posting', NULL);
INSERT INTO `language` (`id`, `phrase`, `english`, `urdu`) VALUES ('800', 'post_job', 'Post Job', NULL);
INSERT INTO `language` (`id`, `phrase`, `english`, `urdu`) VALUES ('801', 'manage_job_posting', 'Manage Job Posting', NULL);
INSERT INTO `language` (`id`, `phrase`, `english`, `urdu`) VALUES ('802', 'job_id', 'Job ID', NULL);
INSERT INTO `language` (`id`, `phrase`, `english`, `urdu`) VALUES ('803', 'job_title', 'Job Title', NULL);
INSERT INTO `language` (`id`, `phrase`, `english`, `urdu`) VALUES ('804', 'job_location', 'Job Location', NULL);
INSERT INTO `language` (`id`, `phrase`, `english`, `urdu`) VALUES ('805', 'job_posting_on', 'Job Posting On', NULL);
INSERT INTO `language` (`id`, `phrase`, `english`, `urdu`) VALUES ('806', 'job_status', 'Job Status', NULL);
INSERT INTO `language` (`id`, `phrase`, `english`, `urdu`) VALUES ('807', 'job_description', 'Job Description', NULL);
INSERT INTO `language` (`id`, `phrase`, `english`, `urdu`) VALUES ('808', 'job_skill', 'Job Skills', NULL);
INSERT INTO `language` (`id`, `phrase`, `english`, `urdu`) VALUES ('809', 'career_level', 'Career Level', NULL);
INSERT INTO `language` (`id`, `phrase`, `english`, `urdu`) VALUES ('810', 'no_of_position', 'No of Position', NULL);
INSERT INTO `language` (`id`, `phrase`, `english`, `urdu`) VALUES ('811', 'higher_exactly', 'Higher/Exactly', NULL);
INSERT INTO `language` (`id`, `phrase`, `english`, `urdu`) VALUES ('812', 'qualification', 'Qualification', NULL);
INSERT INTO `language` (`id`, `phrase`, `english`, `urdu`) VALUES ('813', 'min_experience', 'Min Experience', NULL);
INSERT INTO `language` (`id`, `phrase`, `english`, `urdu`) VALUES ('814', 'max_experience', 'Max Experience', NULL);
INSERT INTO `language` (`id`, `phrase`, `english`, `urdu`) VALUES ('815', 'from_salary', 'From Salary', NULL);
INSERT INTO `language` (`id`, `phrase`, `english`, `urdu`) VALUES ('816', 'to_salary', 'To Salary', NULL);
INSERT INTO `language` (`id`, `phrase`, `english`, `urdu`) VALUES ('817', 'gender_preference', 'Gender Preference', NULL);
INSERT INTO `language` (`id`, `phrase`, `english`, `urdu`) VALUES ('818', 'job_locations', 'Job Locations', NULL);
INSERT INTO `language` (`id`, `phrase`, `english`, `urdu`) VALUES ('819', 'published', 'Published', NULL);
INSERT INTO `language` (`id`, `phrase`, `english`, `urdu`) VALUES ('820', 'edit', 'Edit', NULL);
INSERT INTO `language` (`id`, `phrase`, `english`, `urdu`) VALUES ('821', 'linkedin', 'Linkedin', NULL);
INSERT INTO `language` (`id`, `phrase`, `english`, `urdu`) VALUES ('822', 'rozee', 'Rozee', NULL);
INSERT INTO `language` (`id`, `phrase`, `english`, `urdu`) VALUES ('823', 'appedology', 'Appedology', NULL);
INSERT INTO `language` (`id`, `phrase`, `english`, `urdu`) VALUES ('824', 'publish', 'Publish', NULL);
INSERT INTO `language` (`id`, `phrase`, `english`, `urdu`) VALUES ('825', 'publishing_on_linkedin', 'Now Publishing on Linkedin', NULL);
INSERT INTO `language` (`id`, `phrase`, `english`, `urdu`) VALUES ('826', 'publishing_on_rozee', 'Now Publishing on Rozee.pk', NULL);
INSERT INTO `language` (`id`, `phrase`, `english`, `urdu`) VALUES ('827', 'publishing_on_appedology', 'Now Publishing on Appedology', NULL);
INSERT INTO `language` (`id`, `phrase`, `english`, `urdu`) VALUES ('828', 'bulk_upload_candidates', 'Bulk Upload Candidates', NULL);
INSERT INTO `language` (`id`, `phrase`, `english`, `urdu`) VALUES ('829', 'employment_type', 'Employment Type', NULL);
INSERT INTO `language` (`id`, `phrase`, `english`, `urdu`) VALUES ('830', 'resume_uploads', 'Resume Uploads', NULL);
INSERT INTO `language` (`id`, `phrase`, `english`, `urdu`) VALUES ('831', 'excel_file', 'Excel File', NULL);
INSERT INTO `language` (`id`, `phrase`, `english`, `urdu`) VALUES ('832', 'last_employer', 'Last Employer', NULL);
INSERT INTO `language` (`id`, `phrase`, `english`, `urdu`) VALUES ('833', 'total_years_of_experience', 'Total Years Of Experience', NULL);
INSERT INTO `language` (`id`, `phrase`, `english`, `urdu`) VALUES ('834', 'job_data_not_found', 'Job data Not Found', NULL);
INSERT INTO `language` (`id`, `phrase`, `english`, `urdu`) VALUES ('835', 'file_not_found', 'File Not Found', NULL);
INSERT INTO `language` (`id`, `phrase`, `english`, `urdu`) VALUES ('836', 'resume', 'Resume', NULL);
INSERT INTO `language` (`id`, `phrase`, `english`, `urdu`) VALUES ('837', 'candidate_data_not_found', 'Candidate data Not Found', NULL);
INSERT INTO `language` (`id`, `phrase`, `english`, `urdu`) VALUES ('838', 'edit_candidate', 'Edit Candidate', NULL);
INSERT INTO `language` (`id`, `phrase`, `english`, `urdu`) VALUES ('839', 'old_resume', 'Old Resume', NULL);
INSERT INTO `language` (`id`, `phrase`, `english`, `urdu`) VALUES ('840', 'select_excel_and_candidate_resume', 'Please Select Excel File With Candidate Resumes', NULL);
INSERT INTO `language` (`id`, `phrase`, `english`, `urdu`) VALUES ('841', 'below_list_candidate_data_not_uploaded_due_to_error', 'Below List Candidates data not uploaded may be error of job id not exist or resume file name already exist or email,phone,alternate phone already exist on candidates list', NULL);
INSERT INTO `language` (`id`, `phrase`, `english`, `urdu`) VALUES ('842', 'successfully_uploaded', 'Successfully Uploaded', NULL);
INSERT INTO `language` (`id`, `phrase`, `english`, `urdu`) VALUES ('843', 'career', 'Career', NULL);
INSERT INTO `language` (`id`, `phrase`, `english`, `urdu`) VALUES ('844', 'job_details', 'Job Details', NULL);
INSERT INTO `language` (`id`, `phrase`, `english`, `urdu`) VALUES ('845', 'candidate_data_not_uploaded_due_to_error', 'Candidate data not uploaded may be error of job id not exist or email,phone,alternate phone already exist', NULL);
INSERT INTO `language` (`id`, `phrase`, `english`, `urdu`) VALUES ('846', 'you_already_applied_for_this_job', 'You already applied for this jobs', NULL);
INSERT INTO `language` (`id`, `phrase`, `english`, `urdu`) VALUES ('847', 'Successfully_applied', 'Successfully Applied', NULL);
INSERT INTO `language` (`id`, `phrase`, `english`, `urdu`) VALUES ('848', 'add_background_check', 'Add Background Check', NULL);
INSERT INTO `language` (`id`, `phrase`, `english`, `urdu`) VALUES ('849', 'candidate_background_check', 'Candidate Background Check', NULL);
INSERT INTO `language` (`id`, `phrase`, `english`, `urdu`) VALUES ('850', 'last_employer_name', 'Last Employer Name', NULL);
INSERT INTO `language` (`id`, `phrase`, `english`, `urdu`) VALUES ('851', 'contact_no', 'Contact No', NULL);
INSERT INTO `language` (`id`, `phrase`, `english`, `urdu`) VALUES ('852', 'behavior', 'Behavior', NULL);
INSERT INTO `language` (`id`, `phrase`, `english`, `urdu`) VALUES ('853', 'punctuality', 'Punctuality', NULL);
INSERT INTO `language` (`id`, `phrase`, `english`, `urdu`) VALUES ('854', 'performance', 'Performance', NULL);
INSERT INTO `language` (`id`, `phrase`, `english`, `urdu`) VALUES ('855', 'remarks', 'Remarks', NULL);
INSERT INTO `language` (`id`, `phrase`, `english`, `urdu`) VALUES ('856', 'background_status', 'Background Status', NULL);
INSERT INTO `language` (`id`, `phrase`, `english`, `urdu`) VALUES ('857', 'background_check', 'Background Check', NULL);
INSERT INTO `language` (`id`, `phrase`, `english`, `urdu`) VALUES ('858', 'sent_job_letter', 'Sent Job Offer', NULL);
INSERT INTO `language` (`id`, `phrase`, `english`, `urdu`) VALUES ('859', 'notification', 'Notification', NULL);
INSERT INTO `language` (`id`, `phrase`, `english`, `urdu`) VALUES ('860', 'employee_warning', 'Employee Warning', NULL);
INSERT INTO `language` (`id`, `phrase`, `english`, `urdu`) VALUES ('861', 'employee_terminate', 'Employee Termination', NULL);
INSERT INTO `language` (`id`, `phrase`, `english`, `urdu`) VALUES ('862', 'employee_resignation', 'Employee Resignation', NULL);
INSERT INTO `language` (`id`, `phrase`, `english`, `urdu`) VALUES ('863', 'adhoc_addition_deduction', 'Adhoc Addition/Deduction', NULL);
INSERT INTO `language` (`id`, `phrase`, `english`, `urdu`) VALUES ('864', 'internal_accounts', 'Internal Accounts', NULL);
INSERT INTO `language` (`id`, `phrase`, `english`, `urdu`) VALUES ('865', 'transactions', 'Transactions', NULL);
INSERT INTO `language` (`id`, `phrase`, `english`, `urdu`) VALUES ('866', 'ledger_report', 'Ledger Report', NULL);
INSERT INTO `language` (`id`, `phrase`, `english`, `urdu`) VALUES ('867', 'bank_deposit', 'Bank Deposit', NULL);
INSERT INTO `language` (`id`, `phrase`, `english`, `urdu`) VALUES ('868', 'bank_transfer', 'Bank Transfer', NULL);
INSERT INTO `language` (`id`, `phrase`, `english`, `urdu`) VALUES ('869', 'hr_policy', 'HR Policy', NULL);
INSERT INTO `language` (`id`, `phrase`, `english`, `urdu`) VALUES ('870', 'general_policy', 'General Policy', NULL);
INSERT INTO `language` (`id`, `phrase`, `english`, `urdu`) VALUES ('871', 'social_media_policy', 'Social Media Policy', NULL);
INSERT INTO `language` (`id`, `phrase`, `english`, `urdu`) VALUES ('872', 'compensation_benefits', 'Compensation & Benefits', NULL);
INSERT INTO `language` (`id`, `phrase`, `english`, `urdu`) VALUES ('873', 'general_categories', 'Categories', NULL);
INSERT INTO `language` (`id`, `phrase`, `english`, `urdu`) VALUES ('874', 'direct_empl_incident', ' Employee Incident', NULL);
INSERT INTO `language` (`id`, `phrase`, `english`, `urdu`) VALUES ('875', 'incident_type', 'Incident Type', NULL);
INSERT INTO `language` (`id`, `phrase`, `english`, `urdu`) VALUES ('876', 'employee_incident', 'Incident', NULL);
INSERT INTO `language` (`id`, `phrase`, `english`, `urdu`) VALUES ('877', 'shift_management', 'Shift Management', NULL);
INSERT INTO `language` (`id`, `phrase`, `english`, `urdu`) VALUES ('878', 'emp_reviews', 'Employee 360 Reviews', NULL);
INSERT INTO `language` (`id`, `phrase`, `english`, `urdu`) VALUES ('879', 'please_checkin_first_before_checkout', 'Please Checkin first before checkout', NULL);


#
# TABLE STRUCTURE FOR: leave_apply
#


CREATE TABLE `leave_apply` (
  `leave_appl_id` int(11) NOT NULL AUTO_INCREMENT,
  `employee_id` varchar(20) NOT NULL,
  `leave_type_id` int(2) NOT NULL,
  `apply_strt_date` varchar(20) NOT NULL,
  `apply_end_date` varchar(20) NOT NULL,
  `apply_day` int(11) NOT NULL,
  `leave_aprv_strt_date` varchar(20) NOT NULL,
  `leave_aprv_end_date` varchar(20) NOT NULL,
  `num_aprv_day` varchar(15) NOT NULL,
  `reason` varchar(100) NOT NULL,
  `apply_hard_copy` text,
  `apply_date` varchar(20) NOT NULL,
  `approve_date` varchar(20) NOT NULL,
  `approved_by` varchar(30) NOT NULL,
  `leave_type` varchar(50) NOT NULL,
  PRIMARY KEY (`leave_appl_id`)
) ENGINE=InnoDB AUTO_INCREMENT=12 DEFAULT CHARSET=latin1;

INSERT INTO `leave_apply` (`leave_appl_id`, `employee_id`, `leave_type_id`, `apply_strt_date`, `apply_end_date`, `apply_day`, `leave_aprv_strt_date`, `leave_aprv_end_date`, `num_aprv_day`, `reason`, `apply_hard_copy`, `apply_date`, `approve_date`, `approved_by`, `leave_type`) VALUES ('1', '13', '1', '2020-09-17', '2020-09-17', '1', '2020-09-17', '2020-09-17', '1', 'Not WEll Today', '', '2020-09-16', '2020-09-16', '13', '');
INSERT INTO `leave_apply` (`leave_appl_id`, `employee_id`, `leave_type_id`, `apply_strt_date`, `apply_end_date`, `apply_day`, `leave_aprv_strt_date`, `leave_aprv_end_date`, `num_aprv_day`, `reason`, `apply_hard_copy`, `apply_date`, `approve_date`, `approved_by`, `leave_type`) VALUES ('2', '16', '1', '2020-10-05', '2020-10-05', '1', '0000-00-00', '0000-00-00', '0', 'lkj lkj lkj lkj ', '', '2020-10-04', '2020-10-04', '', '');
INSERT INTO `leave_apply` (`leave_appl_id`, `employee_id`, `leave_type_id`, `apply_strt_date`, `apply_end_date`, `apply_day`, `leave_aprv_strt_date`, `leave_aprv_end_date`, `num_aprv_day`, `reason`, `apply_hard_copy`, `apply_date`, `approve_date`, `approved_by`, `leave_type`) VALUES ('3', '16', '2', '2020-10-05', '2020-10-05', '1', '0000-00-00', '0000-00-00', '0', 'not feeling good', NULL, '2020-10-06', '2020-10-06', '0', '');
INSERT INTO `leave_apply` (`leave_appl_id`, `employee_id`, `leave_type_id`, `apply_strt_date`, `apply_end_date`, `apply_day`, `leave_aprv_strt_date`, `leave_aprv_end_date`, `num_aprv_day`, `reason`, `apply_hard_copy`, `apply_date`, `approve_date`, `approved_by`, `leave_type`) VALUES ('4', '2', '4', '2020-12-07', '2020-12-08', '2', '0000-00-00', '0000-00-00', '0', 'wedding', NULL, '2020-12-04', '2020-12-04', '0', '');
INSERT INTO `leave_apply` (`leave_appl_id`, `employee_id`, `leave_type_id`, `apply_strt_date`, `apply_end_date`, `apply_day`, `leave_aprv_strt_date`, `leave_aprv_end_date`, `num_aprv_day`, `reason`, `apply_hard_copy`, `apply_date`, `approve_date`, `approved_by`, `leave_type`) VALUES ('5', '18', '1', '2021-03-10', '2021-03-11', '1', '2021-03-10', '0000-00-00', 'NaN', 'Due to some reason', NULL, '2021-03-09', '2021-03-09', '17', '');
INSERT INTO `leave_apply` (`leave_appl_id`, `employee_id`, `leave_type_id`, `apply_strt_date`, `apply_end_date`, `apply_day`, `leave_aprv_strt_date`, `leave_aprv_end_date`, `num_aprv_day`, `reason`, `apply_hard_copy`, `apply_date`, `approve_date`, `approved_by`, `leave_type`) VALUES ('6', '9', '1', '2021-03-10', '2021-03-11', '2', '2021-03-10', '2021-03-11', '2', 'test', '', '2021-03-11', '2021-03-11', '1', '');
INSERT INTO `leave_apply` (`leave_appl_id`, `employee_id`, `leave_type_id`, `apply_strt_date`, `apply_end_date`, `apply_day`, `leave_aprv_strt_date`, `leave_aprv_end_date`, `num_aprv_day`, `reason`, `apply_hard_copy`, `apply_date`, `approve_date`, `approved_by`, `leave_type`) VALUES ('7', '17', '1', '2021-03-11', '2021-03-15', '3', '2021-03-11', '2021-03-11', '1', 'Leave apply for 3 days excluding holidays Fri,Sat', NULL, '2021-03-12', '2021-03-12', '5', '');
INSERT INTO `leave_apply` (`leave_appl_id`, `employee_id`, `leave_type_id`, `apply_strt_date`, `apply_end_date`, `apply_day`, `leave_aprv_strt_date`, `leave_aprv_end_date`, `num_aprv_day`, `reason`, `apply_hard_copy`, `apply_date`, `approve_date`, `approved_by`, `leave_type`) VALUES ('8', '9', '1', '2021-03-15', '2021-03-15', '1', '2021-03-15', '2021-03-16', '2', 'd', NULL, '2021-03-12', '2021-03-12', '0', '');
INSERT INTO `leave_apply` (`leave_appl_id`, `employee_id`, `leave_type_id`, `apply_strt_date`, `apply_end_date`, `apply_day`, `leave_aprv_strt_date`, `leave_aprv_end_date`, `num_aprv_day`, `reason`, `apply_hard_copy`, `apply_date`, `approve_date`, `approved_by`, `leave_type`) VALUES ('9', '21', '1', '2021-03-15', '2021-03-15', '1', '0000-00-00', '0000-00-00', '0', 'leave 1 day', NULL, '2021-03-12', '2021-03-12', '0', '');
INSERT INTO `leave_apply` (`leave_appl_id`, `employee_id`, `leave_type_id`, `apply_strt_date`, `apply_end_date`, `apply_day`, `leave_aprv_strt_date`, `leave_aprv_end_date`, `num_aprv_day`, `reason`, `apply_hard_copy`, `apply_date`, `approve_date`, `approved_by`, `leave_type`) VALUES ('10', '21', '1', '2021-03-15', '2021-03-16', '2', '2021-03-15', '2021-03-16', '2', 'leave 1 day', '', '2021-03-12', '2021-03-12', '17', '');
INSERT INTO `leave_apply` (`leave_appl_id`, `employee_id`, `leave_type_id`, `apply_strt_date`, `apply_end_date`, `apply_day`, `leave_aprv_strt_date`, `leave_aprv_end_date`, `num_aprv_day`, `reason`, `apply_hard_copy`, `apply_date`, `approve_date`, `approved_by`, `leave_type`) VALUES ('11', '21', '1', '2021-03-17', '2021-03-18', '2', '0000-00-00', '0000-00-00', '0', 'leave 2 days', NULL, '2021-03-12', '2021-03-12', '0', '');


#
# TABLE STRUCTURE FOR: leave_type
#


CREATE TABLE `leave_type` (
  `leave_type_id` int(2) NOT NULL AUTO_INCREMENT,
  `leave_type` varchar(50) NOT NULL,
  `leave_days` int(2) DEFAULT NULL,
  PRIMARY KEY (`leave_type_id`)
) ENGINE=InnoDB AUTO_INCREMENT=7 DEFAULT CHARSET=latin1;

INSERT INTO `leave_type` (`leave_type_id`, `leave_type`, `leave_days`) VALUES ('1', 'Sick', '10');
INSERT INTO `leave_type` (`leave_type_id`, `leave_type`, `leave_days`) VALUES ('2', 'Formal', '15');
INSERT INTO `leave_type` (`leave_type_id`, `leave_type`, `leave_days`) VALUES ('3', 'Special', '5');
INSERT INTO `leave_type` (`leave_type_id`, `leave_type`, `leave_days`) VALUES ('4', 'Casual', NULL);
INSERT INTO `leave_type` (`leave_type_id`, `leave_type`, `leave_days`) VALUES ('5', '2', NULL);


#
# TABLE STRUCTURE FOR: loan_installment
#


CREATE TABLE `loan_installment` (
  `loan_inst_id` int(11) NOT NULL AUTO_INCREMENT,
  `employee_id` varchar(21) CHARACTER SET latin1 NOT NULL,
  `loan_id` varchar(21) CHARACTER SET latin1 NOT NULL,
  `installment_amount` varchar(20) CHARACTER SET latin1 NOT NULL,
  `payment` varchar(20) CHARACTER SET latin1 NOT NULL,
  `date` varchar(20) CHARACTER SET latin1 NOT NULL,
  `received_by` varchar(20) CHARACTER SET latin1 NOT NULL,
  `installment_no` varchar(20) CHARACTER SET latin1 NOT NULL DEFAULT '1',
  `notes` varchar(80) CHARACTER SET latin1 NOT NULL,
  PRIMARY KEY (`loan_inst_id`)
) ENGINE=InnoDB AUTO_INCREMENT=7 DEFAULT CHARSET=utf8;

INSERT INTO `loan_installment` (`loan_inst_id`, `employee_id`, `loan_id`, `installment_amount`, `payment`, `date`, `received_by`, `installment_no`, `notes`) VALUES ('1', '13', '1', '337', '1010', '2020-09-03', '12', '1', 'full paid');
INSERT INTO `loan_installment` (`loan_inst_id`, `employee_id`, `loan_id`, `installment_amount`, `payment`, `date`, `received_by`, `installment_no`, `notes`) VALUES ('2', '1', '3', '917', '1000', '2020-09-08', '4', '1', 'Half Payment');
INSERT INTO `loan_installment` (`loan_inst_id`, `employee_id`, `loan_id`, `installment_amount`, `payment`, `date`, `received_by`, `installment_no`, `notes`) VALUES ('3', '1', '3', '917', '100', '2020-09-08', '1', '2', 'adds');
INSERT INTO `loan_installment` (`loan_inst_id`, `employee_id`, `loan_id`, `installment_amount`, `payment`, `date`, `received_by`, `installment_no`, `notes`) VALUES ('4', '1', '3', '917', '50', '2020-09-08', '4', '3', 'sdfasdfsadf');
INSERT INTO `loan_installment` (`loan_inst_id`, `employee_id`, `loan_id`, `installment_amount`, `payment`, `date`, `received_by`, `installment_no`, `notes`) VALUES ('5', '1', '3', '917', '9850', '2020-09-15', '4', '4', 'Note add payment');
INSERT INTO `loan_installment` (`loan_inst_id`, `employee_id`, `loan_id`, `installment_amount`, `payment`, `date`, `received_by`, `installment_no`, `notes`) VALUES ('6', '9', '5', '202', '1010', '2020-09-15', '5', '1', 'Fahad first payment');


#
# TABLE STRUCTURE FOR: marital_info
#


CREATE TABLE `marital_info` (
  `id` int(11) NOT NULL AUTO_INCREMENT,
  `marital_sta` varchar(30) NOT NULL,
  PRIMARY KEY (`id`)
) ENGINE=InnoDB AUTO_INCREMENT=6 DEFAULT CHARSET=latin1;

INSERT INTO `marital_info` (`id`, `marital_sta`) VALUES ('1', 'Single');
INSERT INTO `marital_info` (`id`, `marital_sta`) VALUES ('2', 'Married');
INSERT INTO `marital_info` (`id`, `marital_sta`) VALUES ('3', 'Divorced');
INSERT INTO `marital_info` (`id`, `marital_sta`) VALUES ('4', 'Widowed');
INSERT INTO `marital_info` (`id`, `marital_sta`) VALUES ('5', 'Other');


#
# TABLE STRUCTURE FOR: message
#


CREATE TABLE `message` (
  `id` int(11) NOT NULL AUTO_INCREMENT,
  `sender_id` int(11) NOT NULL,
  `receiver_id` int(11) NOT NULL,
  `subject` varchar(255) NOT NULL,
  `message` text NOT NULL,
  `datetime` datetime NOT NULL,
  `sender_status` tinyint(1) NOT NULL DEFAULT '0' COMMENT '0=unseen, 1=seen, 2=delete',
  `receiver_status` tinyint(1) NOT NULL DEFAULT '0' COMMENT '0=unseen, 1=seen, 2=delete',
  PRIMARY KEY (`id`)
) ENGINE=InnoDB AUTO_INCREMENT=5 DEFAULT CHARSET=utf8;

INSERT INTO `message` (`id`, `sender_id`, `receiver_id`, `subject`, `message`, `datetime`, `sender_status`, `receiver_status`) VALUES ('1', '1', '2', 'hi', 'kjh kjh khjh khj ', '2020-06-11 06:09:49', '1', '0');
INSERT INTO `message` (`id`, `sender_id`, `receiver_id`, `subject`, `message`, `datetime`, `sender_status`, `receiver_status`) VALUES ('2', '1', '6', 'Test Subject ', 'Test Message', '2020-09-03 12:31:07', '1', '1');
INSERT INTO `message` (`id`, `sender_id`, `receiver_id`, `subject`, `message`, `datetime`, `sender_status`, `receiver_status`) VALUES ('3', '1', '18', 'sdas', 'dasdasd', '2021-03-17 03:44:34', '1', '0');
INSERT INTO `message` (`id`, `sender_id`, `receiver_id`, `subject`, `message`, `datetime`, `sender_status`, `receiver_status`) VALUES ('4', '1', '11', 'asd', 'asdasd', '2021-03-17 03:44:42', '1', '0');


#
# TABLE STRUCTURE FOR: module
#


CREATE TABLE `module` (
  `id` int(11) NOT NULL AUTO_INCREMENT,
  `name` varchar(50) NOT NULL,
  `description` text,
  `image` varchar(255) NOT NULL,
  `directory` varchar(100) NOT NULL,
  `status` tinyint(1) NOT NULL DEFAULT '1',
  PRIMARY KEY (`id`)
) ENGINE=InnoDB AUTO_INCREMENT=54 DEFAULT CHARSET=utf8;

INSERT INTO `module` (`id`, `name`, `description`, `image`, `directory`, `status`) VALUES ('39', 'attendance Details ', 'Simple attendance processing System', 'application/modules/attendance/assets/images/thumbnail.jpg', 'attendance', '1');
INSERT INTO `module` (`id`, `name`, `description`, `image`, `directory`, `status`) VALUES ('40', 'Employee circulation processing System', 'Simple circulation processing System', 'application/modules/circularprocess/assets/images/thumbnail.jpg', 'circularprocess', '1');
INSERT INTO `module` (`id`, `name`, `description`, `image`, `directory`, `status`) VALUES ('41', 'Employee Details ', 'Simple hrm processing System', 'application/modules/employee/assets/images/thumbnail.jpg', 'employee', '1');
INSERT INTO `module` (`id`, `name`, `description`, `image`, `directory`, `status`) VALUES ('42', 'Leave Details ', 'Simple leave processing System', 'application/modules/leave/assets/images/thumbnail.jpg', 'leave', '1');
INSERT INTO `module` (`id`, `name`, `description`, `image`, `directory`, `status`) VALUES ('43', 'Loan Details ', 'Simple loan processing System', 'application/modules/loan/assets/images/thumbnail.jpg', 'loan', '1');
INSERT INTO `module` (`id`, `name`, `description`, `image`, `directory`, `status`) VALUES ('44', 'TAX Details ', 'Simple tax processing System', 'application/modules/tax/assets/images/thumbnail.jpg', 'tax', '1');
INSERT INTO `module` (`id`, `name`, `description`, `image`, `directory`, `status`) VALUES ('46', 'Payroll Details ', 'Simple payroll processing System', 'application/modules/payroll/assets/images/thumbnail.jpg', 'payroll', '1');
INSERT INTO `module` (`id`, `name`, `description`, `image`, `directory`, `status`) VALUES ('48', 'Account', 'Account information', 'application/modules/account/assets/images/thumbnail.jpg', 'account', '1');
INSERT INTO `module` (`id`, `name`, `description`, `image`, `directory`, `status`) VALUES ('49', 'Notice Details ', 'Simple Notice', 'application/modules/noticeboard/assets/images/thumbnail.jpg', 'noticeboard', '1');
INSERT INTO `module` (`id`, `name`, `description`, `image`, `directory`, `status`) VALUES ('50', 'Award Details ', 'Simple Award', 'application/modules/award/assets/images/thumbnail.jpg', 'award', '1');
INSERT INTO `module` (`id`, `name`, `description`, `image`, `directory`, `status`) VALUES ('52', 'asset Details ', 'Simple asset', 'application/modules/asset/assets/images/thumbnail.jpg', 'asset', '1');
INSERT INTO `module` (`id`, `name`, `description`, `image`, `directory`, `status`) VALUES ('53', 'Notification', 'Simple notification', 'application/modules/asset/assets/images/thumbnail.jpg', 'notification', '1');


#
# TABLE STRUCTURE FOR: module_permission
#


CREATE TABLE `module_permission` (
  `id` int(11) NOT NULL AUTO_INCREMENT,
  `fk_module_id` int(11) NOT NULL,
  `fk_user_id` int(11) NOT NULL,
  `create` tinyint(1) DEFAULT NULL,
  `read` tinyint(1) DEFAULT NULL,
  `update` tinyint(1) DEFAULT NULL,
  `delete` tinyint(1) DEFAULT NULL,
  PRIMARY KEY (`id`),
  KEY `fk_module_id` (`fk_module_id`),
  KEY `fk_user_id` (`fk_user_id`)
) ENGINE=InnoDB DEFAULT CHARSET=utf8;

#
# TABLE STRUCTURE FOR: monthly_deductions
#


CREATE TABLE `monthly_deductions` (
  `id` int(11) NOT NULL AUTO_INCREMENT,
  `employee_id` int(11) DEFAULT NULL,
  `amount` varchar(100) DEFAULT NULL,
  `comment_box` text,
  `status` int(1) NOT NULL DEFAULT '0',
  `process_type` int(1) NOT NULL DEFAULT '1' COMMENT '0=Deducted, 1=Not Deducted',
  `salary_type` int(1) DEFAULT '1' COMMENT '1=Deduction, 2=Bonus',
  `created_at` timestamp NOT NULL DEFAULT CURRENT_TIMESTAMP,
  `created_by` int(11) DEFAULT NULL,
  `updated_at` datetime DEFAULT NULL,
  `updated_by` int(11) DEFAULT NULL,
  PRIMARY KEY (`id`)
) ENGINE=MyISAM AUTO_INCREMENT=9 DEFAULT CHARSET=latin1;

INSERT INTO `monthly_deductions` (`id`, `employee_id`, `amount`, `comment_box`, `status`, `process_type`, `salary_type`, `created_at`, `created_by`, `updated_at`, `updated_by`) VALUES ('1', '1', '2000', NULL, '1', '0', '1', '2020-06-08 22:07:17', '1', '2020-06-15 09:08:35', NULL);
INSERT INTO `monthly_deductions` (`id`, `employee_id`, `amount`, `comment_box`, `status`, `process_type`, `salary_type`, `created_at`, `created_by`, `updated_at`, `updated_by`) VALUES ('2', '1', '1500', NULL, '1', '0', '2', '2020-06-08 22:32:40', '1', '2020-06-15 09:08:35', NULL);
INSERT INTO `monthly_deductions` (`id`, `employee_id`, `amount`, `comment_box`, `status`, `process_type`, `salary_type`, `created_at`, `created_by`, `updated_at`, `updated_by`) VALUES ('8', '2', '3500', 'Get a Comment Box', '1', '1', '1', '2020-06-16 16:38:13', '1', NULL, NULL);


#
# TABLE STRUCTURE FOR: notice_board
#


CREATE TABLE `notice_board` (
  `notice_id` int(11) NOT NULL AUTO_INCREMENT,
  `notice_descriptiion` text NOT NULL,
  `notice_date` date NOT NULL,
  `notice_type` varchar(50) NOT NULL,
  `notice_by` varchar(50) NOT NULL,
  `notice_attachment` text,
  PRIMARY KEY (`notice_id`)
) ENGINE=InnoDB AUTO_INCREMENT=4 DEFAULT CHARSET=latin1;

INSERT INTO `notice_board` (`notice_id`, `notice_descriptiion`, `notice_date`, `notice_type`, `notice_by`, `notice_attachment`) VALUES ('1', 'Important infor', '2020-09-03', 'important', 'administrator', NULL);
INSERT INTO `notice_board` (`notice_id`, `notice_descriptiion`, `notice_date`, `notice_type`, `notice_by`, `notice_attachment`) VALUES ('2', 'Greetings News for All', '2021-03-09', 'Greetings News', 'Sajid Hussain', '0');
INSERT INTO `notice_board` (`notice_id`, `notice_descriptiion`, `notice_date`, `notice_type`, `notice_by`, `notice_attachment`) VALUES ('3', 'Happy Independence day', '2021-03-12', 'Good News for all employees', 'Sajid Hussain', '');


#
# TABLE STRUCTURE FOR: notification
#


CREATE TABLE `notification` (
  `id` int(11) NOT NULL AUTO_INCREMENT,
  `emp_id` int(11) NOT NULL,
  `text` text NOT NULL,
  `date` date NOT NULL,
  `created_by` int(11) NOT NULL,
  `viewed` int(11) DEFAULT NULL,
  PRIMARY KEY (`id`)
) ENGINE=InnoDB AUTO_INCREMENT=6 DEFAULT CHARSET=latin1;

INSERT INTO `notification` (`id`, `emp_id`, `text`, `date`, `created_by`, `viewed`) VALUES ('1', '1', 'test notification', '2020-07-06', '1', '1');
INSERT INTO `notification` (`id`, `emp_id`, `text`, `date`, `created_by`, `viewed`) VALUES ('2', '2', 'descriptions testing notifications', '2020-07-06', '1', '1');
INSERT INTO `notification` (`id`, `emp_id`, `text`, `date`, `created_by`, `viewed`) VALUES ('3', '4', 'ffhgfhgfhgf', '2020-10-05', '1', '1');
INSERT INTO `notification` (`id`, `emp_id`, `text`, `date`, `created_by`, `viewed`) VALUES ('4', '12', 'New notification for employee Hasnainkhan', '2021-03-09', '1', '1');
INSERT INTO `notification` (`id`, `emp_id`, `text`, `date`, `created_by`, `viewed`) VALUES ('5', '26', 'Congratulations, You are welcome on board of our company', '2021-03-12', '1', '1');


#
# TABLE STRUCTURE FOR: pay_frequency
#


CREATE TABLE `pay_frequency` (
  `id` int(11) NOT NULL AUTO_INCREMENT,
  `frequency_name` varchar(30) NOT NULL,
  PRIMARY KEY (`id`)
) ENGINE=InnoDB AUTO_INCREMENT=5 DEFAULT CHARSET=latin1;

INSERT INTO `pay_frequency` (`id`, `frequency_name`) VALUES ('1', 'Weekly');
INSERT INTO `pay_frequency` (`id`, `frequency_name`) VALUES ('2', 'Biweekly');
INSERT INTO `pay_frequency` (`id`, `frequency_name`) VALUES ('3', 'Annual');
INSERT INTO `pay_frequency` (`id`, `frequency_name`) VALUES ('4', 'Monthly');


#
# TABLE STRUCTURE FOR: payroll_holiday
#


CREATE TABLE `payroll_holiday` (
  `payrl_holi_id` int(11) unsigned NOT NULL AUTO_INCREMENT,
  `holiday_name` varchar(30) CHARACTER SET latin1 NOT NULL,
  `start_date` varchar(30) CHARACTER SET latin1 NOT NULL,
  `end_date` varchar(30) CHARACTER SET latin1 NOT NULL,
  `no_of_days` varchar(30) CHARACTER SET latin1 NOT NULL,
  `created_by` varchar(30) CHARACTER SET latin1 NOT NULL,
  `updated_by` varchar(30) CHARACTER SET latin1 NOT NULL,
  PRIMARY KEY (`payrl_holi_id`)
) ENGINE=InnoDB AUTO_INCREMENT=6 DEFAULT CHARSET=utf8;

INSERT INTO `payroll_holiday` (`payrl_holi_id`, `holiday_name`, `start_date`, `end_date`, `no_of_days`, `created_by`, `updated_by`) VALUES ('1', 'Independence Day', '2020-08-14', '2020-08-14', '1', '', '');
INSERT INTO `payroll_holiday` (`payrl_holi_id`, `holiday_name`, `start_date`, `end_date`, `no_of_days`, `created_by`, `updated_by`) VALUES ('2', 'Today Holiday', '2020-09-04', '2020-09-04', '1', '', '');
INSERT INTO `payroll_holiday` (`payrl_holi_id`, `holiday_name`, `start_date`, `end_date`, `no_of_days`, `created_by`, `updated_by`) VALUES ('3', 'National Chocolate Chip Cookie', '2020-08-04', '2020-08-04', '1', '', '');
INSERT INTO `payroll_holiday` (`payrl_holi_id`, `holiday_name`, `start_date`, `end_date`, `no_of_days`, `created_by`, `updated_by`) VALUES ('4', 'monthly weekend', '2020-09-20', '2020-09-20', '1', '', '');
INSERT INTO `payroll_holiday` (`payrl_holi_id`, `holiday_name`, `start_date`, `end_date`, `no_of_days`, `created_by`, `updated_by`) VALUES ('5', 'Pakistan Day', '2021-03-23', '2021-03-23', '1', '', '');


#
# TABLE STRUCTURE FOR: payroll_tax_collection
#


CREATE TABLE `payroll_tax_collection` (
  `tax_coll_id` int(11) unsigned NOT NULL AUTO_INCREMENT,
  `employee_id` varchar(30) CHARACTER SET latin1 NOT NULL,
  `date_start` varchar(30) CHARACTER SET latin1 NOT NULL,
  `amount_tax` varchar(30) CHARACTER SET latin1 NOT NULL,
  `collection_by` varchar(30) CHARACTER SET latin1 NOT NULL,
  `date_end` varchar(30) CHARACTER SET latin1 NOT NULL,
  `income_net_period` varchar(30) CHARACTER SET latin1 NOT NULL,
  PRIMARY KEY (`tax_coll_id`)
) ENGINE=InnoDB DEFAULT CHARSET=utf8;

#
# TABLE STRUCTURE FOR: payroll_tax_setup
#


CREATE TABLE `payroll_tax_setup` (
  `tax_setup_id` int(11) unsigned NOT NULL AUTO_INCREMENT,
  `start_amount` varchar(30) CHARACTER SET latin1 NOT NULL,
  `end_amount` varchar(30) CHARACTER SET latin1 NOT NULL,
  `rate` varchar(30) CHARACTER SET latin1 NOT NULL,
  `status` varchar(30) CHARACTER SET latin1 NOT NULL,
  PRIMARY KEY (`tax_setup_id`)
) ENGINE=InnoDB AUTO_INCREMENT=8 DEFAULT CHARSET=utf8;

INSERT INTO `payroll_tax_setup` (`tax_setup_id`, `start_amount`, `end_amount`, `rate`, `status`) VALUES ('1', '1', '250000', '0', '');
INSERT INTO `payroll_tax_setup` (`tax_setup_id`, `start_amount`, `end_amount`, `rate`, `status`) VALUES ('2', '250001', '500000', '5', '');
INSERT INTO `payroll_tax_setup` (`tax_setup_id`, `start_amount`, `end_amount`, `rate`, `status`) VALUES ('3', '500001', '750000', '10', '');
INSERT INTO `payroll_tax_setup` (`tax_setup_id`, `start_amount`, `end_amount`, `rate`, `status`) VALUES ('4', '7500001', '1000000', '15', '');
INSERT INTO `payroll_tax_setup` (`tax_setup_id`, `start_amount`, `end_amount`, `rate`, `status`) VALUES ('5', '1000001', '1250000', '20', '');
INSERT INTO `payroll_tax_setup` (`tax_setup_id`, `start_amount`, `end_amount`, `rate`, `status`) VALUES ('6', '12500001', '1500000', '25', '');
INSERT INTO `payroll_tax_setup` (`tax_setup_id`, `start_amount`, `end_amount`, `rate`, `status`) VALUES ('7', '1500001', '9999999', '30', '');


#
# TABLE STRUCTURE FOR: position
#


CREATE TABLE `position` (
  `pos_id` int(11) NOT NULL AUTO_INCREMENT,
  `position_name` varchar(255) CHARACTER SET latin1 NOT NULL,
  `position_details` varchar(255) CHARACTER SET latin1 NOT NULL,
  PRIMARY KEY (`pos_id`)
) ENGINE=InnoDB AUTO_INCREMENT=14 DEFAULT CHARSET=utf8;

INSERT INTO `position` (`pos_id`, `position_name`, `position_details`) VALUES ('1', 'PHP Developer', '');
INSERT INTO `position` (`pos_id`, `position_name`, `position_details`) VALUES ('2', 'Senior PHP Developer', '');
INSERT INTO `position` (`pos_id`, `position_name`, `position_details`) VALUES ('3', 'Android Developer', '');
INSERT INTO `position` (`pos_id`, `position_name`, `position_details`) VALUES ('4', 'Business Developer', '');
INSERT INTO `position` (`pos_id`, `position_name`, `position_details`) VALUES ('5', 'Manger-Avocacy', '');
INSERT INTO `position` (`pos_id`, `position_name`, `position_details`) VALUES ('6', 'Manager-Research', '');
INSERT INTO `position` (`pos_id`, `position_name`, `position_details`) VALUES ('7', 'Assistant Director-Research', '');
INSERT INTO `position` (`pos_id`, `position_name`, `position_details`) VALUES ('8', 'Manager-Academy', '');
INSERT INTO `position` (`pos_id`, `position_name`, `position_details`) VALUES ('9', 'Assistant-Managaer, academy', '');
INSERT INTO `position` (`pos_id`, `position_name`, `position_details`) VALUES ('10', 'Associate - Academy', '');
INSERT INTO `position` (`pos_id`, `position_name`, `position_details`) VALUES ('11', 'SQA Engineer', 'SQA expertise');
INSERT INTO `position` (`pos_id`, `position_name`, `position_details`) VALUES ('12', 'AI Engineer', 'Artificial Intelligence');
INSERT INTO `position` (`pos_id`, `position_name`, `position_details`) VALUES ('13', 'Manager - Business Intelligence', 'Business Intelligence');


#
# TABLE STRUCTURE FOR: rate_type
#


CREATE TABLE `rate_type` (
  `id` int(11) NOT NULL AUTO_INCREMENT,
  `r_type_name` varchar(30) NOT NULL,
  PRIMARY KEY (`id`)
) ENGINE=InnoDB DEFAULT CHARSET=latin1;

#
# TABLE STRUCTURE FOR: salary_addition
#


CREATE TABLE `salary_addition` (
  `id` int(11) NOT NULL AUTO_INCREMENT,
  `name` varchar(50) DEFAULT NULL,
  `type` varchar(25) DEFAULT NULL,
  `status` tinyint(4) DEFAULT '1',
  PRIMARY KEY (`id`)
) ENGINE=InnoDB AUTO_INCREMENT=6 DEFAULT CHARSET=latin1;

INSERT INTO `salary_addition` (`id`, `name`, `type`, `status`) VALUES ('1', 'Addition 1', 'percent', '1');
INSERT INTO `salary_addition` (`id`, `name`, `type`, `status`) VALUES ('2', 'Addition 2', 'amount', '1');
INSERT INTO `salary_addition` (`id`, `name`, `type`, `status`) VALUES ('3', 'Basic', 'amount', '1');
INSERT INTO `salary_addition` (`id`, `name`, `type`, `status`) VALUES ('4', 'House Rent', 'amount', '1');
INSERT INTO `salary_addition` (`id`, `name`, `type`, `status`) VALUES ('5', 'Medical Allow', 'amount', '1');


#
# TABLE STRUCTURE FOR: salary_deduction
#


CREATE TABLE `salary_deduction` (
  `id` int(11) NOT NULL AUTO_INCREMENT,
  `name` varchar(50) DEFAULT NULL,
  `type` varchar(50) DEFAULT NULL,
  `status` tinyint(4) DEFAULT '1',
  PRIMARY KEY (`id`)
) ENGINE=InnoDB AUTO_INCREMENT=5 DEFAULT CHARSET=latin1;

INSERT INTO `salary_deduction` (`id`, `name`, `type`, `status`) VALUES ('2', 'deductions', 'percent', '1');
INSERT INTO `salary_deduction` (`id`, `name`, `type`, `status`) VALUES ('3', 'Transport', 'amount', '1');
INSERT INTO `salary_deduction` (`id`, `name`, `type`, `status`) VALUES ('4', 'PF Employee deductable', 'amount', '1');


#
# TABLE STRUCTURE FOR: salary_setup_header
#


CREATE TABLE `salary_setup_header` (
  `s_s_h_id` int(11) unsigned NOT NULL AUTO_INCREMENT,
  `employee_id` varchar(30) CHARACTER SET latin1 NOT NULL,
  `salary_payable` varchar(30) CHARACTER SET latin1 DEFAULT NULL,
  `absent_deduct` varchar(30) CHARACTER SET latin1 DEFAULT NULL,
  `tax_manager` varchar(30) CHARACTER SET latin1 NOT NULL,
  `status` varchar(30) CHARACTER SET latin1 NOT NULL,
  PRIMARY KEY (`s_s_h_id`)
) ENGINE=InnoDB AUTO_INCREMENT=4 DEFAULT CHARSET=utf8;

INSERT INTO `salary_setup_header` (`s_s_h_id`, `employee_id`, `salary_payable`, `absent_deduct`, `tax_manager`, `status`) VALUES ('1', '1', NULL, '0', '0', '');
INSERT INTO `salary_setup_header` (`s_s_h_id`, `employee_id`, `salary_payable`, `absent_deduct`, `tax_manager`, `status`) VALUES ('2', '1', NULL, '0', '0', '');
INSERT INTO `salary_setup_header` (`s_s_h_id`, `employee_id`, `salary_payable`, `absent_deduct`, `tax_manager`, `status`) VALUES ('3', '1', NULL, '0', '0', '');


#
# TABLE STRUCTURE FOR: salary_sheet_generate
#


CREATE TABLE `salary_sheet_generate` (
  `ssg_id` int(11) unsigned NOT NULL AUTO_INCREMENT,
  `name` varchar(30) CHARACTER SET latin1 NOT NULL,
  `gdate` varchar(20) DEFAULT NULL,
  `start_date` varchar(30) CHARACTER SET latin1 NOT NULL,
  `end_date` varchar(30) CHARACTER SET latin1 NOT NULL,
  `generate_by` varchar(30) CHARACTER SET latin1 NOT NULL,
  PRIMARY KEY (`ssg_id`)
) ENGINE=InnoDB AUTO_INCREMENT=103 DEFAULT CHARSET=utf8;

INSERT INTO `salary_sheet_generate` (`ssg_id`, `name`, `gdate`, `start_date`, `end_date`, `generate_by`) VALUES ('101', 'March 2021', '2021-03-11', '2021-3-1', '2021-3-31', 'HR Admin');
INSERT INTO `salary_sheet_generate` (`ssg_id`, `name`, `gdate`, `start_date`, `end_date`, `generate_by`) VALUES ('102', 'April 2021', '2021-03-11', '2021-4-1', '2021-4-30', 'HR Admin');


#
# TABLE STRUCTURE FOR: salary_type
#


CREATE TABLE `salary_type` (
  `salary_type_id` int(10) unsigned NOT NULL AUTO_INCREMENT,
  `sal_name` varchar(50) CHARACTER SET latin1 NOT NULL,
  `emp_sal_type` varchar(50) CHARACTER SET latin1 NOT NULL,
  `default_amount` varchar(30) NOT NULL,
  `status` varchar(50) NOT NULL,
  PRIMARY KEY (`salary_type_id`)
) ENGINE=InnoDB AUTO_INCREMENT=6 DEFAULT CHARSET=utf8;

INSERT INTO `salary_type` (`salary_type_id`, `sal_name`, `emp_sal_type`, `default_amount`, `status`) VALUES ('1', 'Monthly Salary', '1', '', '');
INSERT INTO `salary_type` (`salary_type_id`, `sal_name`, `emp_sal_type`, `default_amount`, `status`) VALUES ('2', 'Old Age Benefit Deduction', '0', '', '');
INSERT INTO `salary_type` (`salary_type_id`, `sal_name`, `emp_sal_type`, `default_amount`, `status`) VALUES ('3', 'PF', '0', '', '');
INSERT INTO `salary_type` (`salary_type_id`, `sal_name`, `emp_sal_type`, `default_amount`, `status`) VALUES ('4', 'Transportation', '0', '', '');
INSERT INTO `salary_type` (`salary_type_id`, `sal_name`, `emp_sal_type`, `default_amount`, `status`) VALUES ('5', 'Bonus', '1', '', '');


#
# TABLE STRUCTURE FOR: sec_menu_item
#


CREATE TABLE `sec_menu_item` (
  `menu_id` int(11) NOT NULL AUTO_INCREMENT,
  `menu_title` varchar(200) COLLATE utf8_unicode_ci DEFAULT NULL,
  `page_url` varchar(250) COLLATE utf8_unicode_ci DEFAULT NULL,
  `module` varchar(200) COLLATE utf8_unicode_ci DEFAULT NULL,
  `parent_menu` int(11) DEFAULT NULL,
  `is_report` tinyint(1) DEFAULT NULL,
  `createby` int(11) NOT NULL,
  `createdate` datetime NOT NULL,
  `active` tinyint(1) NOT NULL DEFAULT '1',
  PRIMARY KEY (`menu_id`)
) ENGINE=InnoDB AUTO_INCREMENT=235 DEFAULT CHARSET=utf8 COLLATE=utf8_unicode_ci;

INSERT INTO `sec_menu_item` (`menu_id`, `menu_title`, `page_url`, `module`, `parent_menu`, `is_report`, `createby`, `createdate`, `active`) VALUES ('134', 'asset_type', 'type_form', 'asset', '0', '0', '2', '2018-10-04 00:00:00', '0');
INSERT INTO `sec_menu_item` (`menu_id`, `menu_title`, `page_url`, `module`, `parent_menu`, `is_report`, `createby`, `createdate`, `active`) VALUES ('137', 'equipment', 'equipment_form', 'asset', NULL, '0', '2', '2018-10-04 00:00:00', '0');
INSERT INTO `sec_menu_item` (`menu_id`, `menu_title`, `page_url`, `module`, `parent_menu`, `is_report`, `createby`, `createdate`, `active`) VALUES ('142', 'asset_assignment', 'maping_form', 'asset', NULL, '0', '2', '2018-10-04 00:00:00', '0');
INSERT INTO `sec_menu_item` (`menu_id`, `menu_title`, `page_url`, `module`, `parent_menu`, `is_report`, `createby`, `createdate`, `active`) VALUES ('143', 'return', '', 'asset', NULL, '0', '2', '2018-10-04 00:00:00', '0');
INSERT INTO `sec_menu_item` (`menu_id`, `menu_title`, `page_url`, `module`, `parent_menu`, `is_report`, `createby`, `createdate`, `active`) VALUES ('144', 'return_asset', 'asset_return_form', 'asset', '143', '0', '2', '2018-10-04 00:00:00', '0');
INSERT INTO `sec_menu_item` (`menu_id`, `menu_title`, `page_url`, `module`, `parent_menu`, `is_report`, `createby`, `createdate`, `active`) VALUES ('145', 'return_list', 'return_list', 'asset', '143', '0', '2', '2018-10-04 00:00:00', '0');
INSERT INTO `sec_menu_item` (`menu_id`, `menu_title`, `page_url`, `module`, `parent_menu`, `is_report`, `createby`, `createdate`, `active`) VALUES ('147', 'attendance', '', 'attendance', '0', '0', '2', '2018-10-04 00:00:00', '1');
INSERT INTO `sec_menu_item` (`menu_id`, `menu_title`, `page_url`, `module`, `parent_menu`, `is_report`, `createby`, `createdate`, `active`) VALUES ('148', 'atn_form', 'atnview', 'attendance', '147', '0', '2', '2018-10-04 00:00:00', '1');
INSERT INTO `sec_menu_item` (`menu_id`, `menu_title`, `page_url`, `module`, `parent_menu`, `is_report`, `createby`, `createdate`, `active`) VALUES ('149', 'new_award', 'award_form', 'award', '0', '0', '2', '2018-10-04 00:00:00', '1');
INSERT INTO `sec_menu_item` (`menu_id`, `menu_title`, `page_url`, `module`, `parent_menu`, `is_report`, `createby`, `createdate`, `active`) VALUES ('150', 'candidate_basic_info', '', 'recruitment', '0', '0', '2', '2018-10-04 00:00:00', '1');
INSERT INTO `sec_menu_item` (`menu_id`, `menu_title`, `page_url`, `module`, `parent_menu`, `is_report`, `createby`, `createdate`, `active`) VALUES ('151', 'add_canbasic_info', 'canInfo_form', 'recruitment', '150', '0', '2', '2018-10-04 00:00:00', '1');
INSERT INTO `sec_menu_item` (`menu_id`, `menu_title`, `page_url`, `module`, `parent_menu`, `is_report`, `createby`, `createdate`, `active`) VALUES ('152', 'can_basicinfo_list', 'canInfoview', 'recruitment', '150', '0', '2', '2018-10-04 00:00:00', '1');
INSERT INTO `sec_menu_item` (`menu_id`, `menu_title`, `page_url`, `module`, `parent_menu`, `is_report`, `createby`, `createdate`, `active`) VALUES ('153', 'candidate_shortlist', 'shortlist_form', 'recruitment', '0', '0', '2', '2018-10-04 00:00:00', '1');
INSERT INTO `sec_menu_item` (`menu_id`, `menu_title`, `page_url`, `module`, `parent_menu`, `is_report`, `createby`, `createdate`, `active`) VALUES ('154', 'candidate_interview', 'interview_form', 'recruitment', '0', '0', '2', '2018-10-04 00:00:00', '1');
INSERT INTO `sec_menu_item` (`menu_id`, `menu_title`, `page_url`, `module`, `parent_menu`, `is_report`, `createby`, `createdate`, `active`) VALUES ('155', 'candidate_selection', 'selection_form', 'recruitment', '0', '0', '2', '2018-10-04 00:00:00', '1');
INSERT INTO `sec_menu_item` (`menu_id`, `menu_title`, `page_url`, `module`, `parent_menu`, `is_report`, `createby`, `createdate`, `active`) VALUES ('156', 'department', 'dept_form', 'department', '0', '0', '2', '2018-10-04 00:00:00', '1');
INSERT INTO `sec_menu_item` (`menu_id`, `menu_title`, `page_url`, `module`, `parent_menu`, `is_report`, `createby`, `createdate`, `active`) VALUES ('157', 'division', '', 'department', '0', '0', '2', '2018-10-04 00:00:00', '1');
INSERT INTO `sec_menu_item` (`menu_id`, `menu_title`, `page_url`, `module`, `parent_menu`, `is_report`, `createby`, `createdate`, `active`) VALUES ('158', 'add_division', 'division_form', 'department', '157', '0', '2', '2018-10-04 00:00:00', '1');
INSERT INTO `sec_menu_item` (`menu_id`, `menu_title`, `page_url`, `module`, `parent_menu`, `is_report`, `createby`, `createdate`, `active`) VALUES ('159', 'division_list', 'division_list', 'department', '157', '0', '2', '2018-10-04 00:00:00', '1');
INSERT INTO `sec_menu_item` (`menu_id`, `menu_title`, `page_url`, `module`, `parent_menu`, `is_report`, `createby`, `createdate`, `active`) VALUES ('161', 'position', 'position_form', 'employee', '0', '0', '2', '2018-10-04 00:00:00', '1');
INSERT INTO `sec_menu_item` (`menu_id`, `menu_title`, `page_url`, `module`, `parent_menu`, `is_report`, `createby`, `createdate`, `active`) VALUES ('162', 'direct_empl', '', 'employee', '0', '0', '2', '2018-10-04 00:00:00', '1');
INSERT INTO `sec_menu_item` (`menu_id`, `menu_title`, `page_url`, `module`, `parent_menu`, `is_report`, `createby`, `createdate`, `active`) VALUES ('163', 'add_employee', 'employ_form', 'employee', '162', '0', '2', '2018-10-04 00:00:00', '1');
INSERT INTO `sec_menu_item` (`menu_id`, `menu_title`, `page_url`, `module`, `parent_menu`, `is_report`, `createby`, `createdate`, `active`) VALUES ('164', 'manage_employee', 'employee_view', 'employee', '162', '0', '2', '2018-10-04 00:00:00', '1');
INSERT INTO `sec_menu_item` (`menu_id`, `menu_title`, `page_url`, `module`, `parent_menu`, `is_report`, `createby`, `createdate`, `active`) VALUES ('165', 'emp_performance', 'emp_performance_form', 'employee', '0', '0', '2', '2018-10-04 00:00:00', '1');
INSERT INTO `sec_menu_item` (`menu_id`, `menu_title`, `page_url`, `module`, `parent_menu`, `is_report`, `createby`, `createdate`, `active`) VALUES ('167', 'weekly_holiday', 'weeklyform', 'leave', '0', '0', '2', '2018-10-08 00:00:00', '1');
INSERT INTO `sec_menu_item` (`menu_id`, `menu_title`, `page_url`, `module`, `parent_menu`, `is_report`, `createby`, `createdate`, `active`) VALUES ('168', 'holiday', 'holiday_form', 'leave', '0', '0', '2', '2018-10-08 00:00:00', '1');
INSERT INTO `sec_menu_item` (`menu_id`, `menu_title`, `page_url`, `module`, `parent_menu`, `is_report`, `createby`, `createdate`, `active`) VALUES ('169', 'others_leave_application', '', 'leave', NULL, '0', '2', '2018-10-08 00:00:00', '1');
INSERT INTO `sec_menu_item` (`menu_id`, `menu_title`, `page_url`, `module`, `parent_menu`, `is_report`, `createby`, `createdate`, `active`) VALUES ('170', 'loan_grand', 'grandloan_form', 'loan', '0', '0', '2', '2018-10-08 00:00:00', '0');
INSERT INTO `sec_menu_item` (`menu_id`, `menu_title`, `page_url`, `module`, `parent_menu`, `is_report`, `createby`, `createdate`, `active`) VALUES ('171', 'loan_installment', 'installment_form', 'loan', '0', '0', '2', '2018-10-08 00:00:00', '0');
INSERT INTO `sec_menu_item` (`menu_id`, `menu_title`, `page_url`, `module`, `parent_menu`, `is_report`, `createby`, `createdate`, `active`) VALUES ('172', 'loan_report', 'ln_report', 'loan', '0', '0', '2', '2018-10-08 00:00:00', '0');
INSERT INTO `sec_menu_item` (`menu_id`, `menu_title`, `page_url`, `module`, `parent_menu`, `is_report`, `createby`, `createdate`, `active`) VALUES ('173', 'notice', 'notice_form', 'noticeboard', '0', '0', '2', '2018-10-08 00:00:00', '1');
INSERT INTO `sec_menu_item` (`menu_id`, `menu_title`, `page_url`, `module`, `parent_menu`, `is_report`, `createby`, `createdate`, `active`) VALUES ('174', 'salary_type_setup', 'emp_salarysetup_form', 'payroll', NULL, '0', '2', '2018-10-08 00:00:00', '1');
INSERT INTO `sec_menu_item` (`menu_id`, `menu_title`, `page_url`, `module`, `parent_menu`, `is_report`, `createby`, `createdate`, `active`) VALUES ('175', 'salary_setup', 'salarysetup_form', 'payroll', '0', '0', '2', '2018-10-08 00:00:00', '1');
INSERT INTO `sec_menu_item` (`menu_id`, `menu_title`, `page_url`, `module`, `parent_menu`, `is_report`, `createby`, `createdate`, `active`) VALUES ('176', 'salary_generate', 'salary_generate_form', 'payroll', '0', '0', '2', '2018-10-08 00:00:00', '1');
INSERT INTO `sec_menu_item` (`menu_id`, `menu_title`, `page_url`, `module`, `parent_menu`, `is_report`, `createby`, `createdate`, `active`) VALUES ('177', 'employee_reports', '', 'reports', '0', '0', '2', '2018-10-09 00:00:00', '1');
INSERT INTO `sec_menu_item` (`menu_id`, `menu_title`, `page_url`, `module`, `parent_menu`, `is_report`, `createby`, `createdate`, `active`) VALUES ('178', 'demographic_report', 'demographic_list', 'reports', '177', '0', '2', '2018-10-09 00:00:00', '1');
INSERT INTO `sec_menu_item` (`menu_id`, `menu_title`, `page_url`, `module`, `parent_menu`, `is_report`, `createby`, `createdate`, `active`) VALUES ('179', 'posting_report', 'positional_list', 'reports', '177', '0', '2', '2018-10-09 00:00:00', '1');
INSERT INTO `sec_menu_item` (`menu_id`, `menu_title`, `page_url`, `module`, `parent_menu`, `is_report`, `createby`, `createdate`, `active`) VALUES ('180', 'asset', 'assets_list', 'reports', '177', '0', '2', '2018-10-09 00:00:00', '1');
INSERT INTO `sec_menu_item` (`menu_id`, `menu_title`, `page_url`, `module`, `parent_menu`, `is_report`, `createby`, `createdate`, `active`) VALUES ('181', 'benifit_report', 'benifit_list', 'reports', '177', '0', '2', '2018-10-09 00:00:00', '1');
INSERT INTO `sec_menu_item` (`menu_id`, `menu_title`, `page_url`, `module`, `parent_menu`, `is_report`, `createby`, `createdate`, `active`) VALUES ('182', 'custom_report', 'custom_list', 'reports', '177', '0', '2', '2018-10-09 00:00:00', '1');
INSERT INTO `sec_menu_item` (`menu_id`, `menu_title`, `page_url`, `module`, `parent_menu`, `is_report`, `createby`, `createdate`, `active`) VALUES ('183', 'adhoc_report', 'adhoc_form', 'reports', '0', '0', '2', '2018-10-09 00:00:00', '1');
INSERT INTO `sec_menu_item` (`menu_id`, `menu_title`, `page_url`, `module`, `parent_menu`, `is_report`, `createby`, `createdate`, `active`) VALUES ('186', 'add_leave_type', 'leave_type_form', 'leave', '169', '0', '2', '2018-10-16 00:00:00', '1');
INSERT INTO `sec_menu_item` (`menu_id`, `menu_title`, `page_url`, `module`, `parent_menu`, `is_report`, `createby`, `createdate`, `active`) VALUES ('187', 'leave_application', 'other_leave_application_form', 'leave', '169', '0', '2', '2018-10-16 00:00:00', '1');
INSERT INTO `sec_menu_item` (`menu_id`, `menu_title`, `page_url`, `module`, `parent_menu`, `is_report`, `createby`, `createdate`, `active`) VALUES ('188', 'c_o_a', 'treeview', 'accounts', NULL, '0', '2', '2018-10-18 00:00:00', '0');
INSERT INTO `sec_menu_item` (`menu_id`, `menu_title`, `page_url`, `module`, `parent_menu`, `is_report`, `createby`, `createdate`, `active`) VALUES ('189', 'balance_adjustment', 'balance_adjustment', 'accounts', '0', '0', '2', '2019-12-14 00:00:00', '0');
INSERT INTO `sec_menu_item` (`menu_id`, `menu_title`, `page_url`, `module`, `parent_menu`, `is_report`, `createby`, `createdate`, `active`) VALUES ('190', 'cash_adjustment', 'cash_adjustment', 'accounts', '0', '0', '2', '2019-12-14 00:00:00', '0');
INSERT INTO `sec_menu_item` (`menu_id`, `menu_title`, `page_url`, `module`, `parent_menu`, `is_report`, `createby`, `createdate`, `active`) VALUES ('191', 'bank_adjustment', 'bank_adjustment', 'accounts', '0', '0', '2', '2019-12-14 00:00:00', '0');
INSERT INTO `sec_menu_item` (`menu_id`, `menu_title`, `page_url`, `module`, `parent_menu`, `is_report`, `createby`, `createdate`, `active`) VALUES ('192', 'payment_type', 'payment_type', 'accounts', '0', '0', '2', '2019-12-14 00:00:00', '0');
INSERT INTO `sec_menu_item` (`menu_id`, `menu_title`, `page_url`, `module`, `parent_menu`, `is_report`, `createby`, `createdate`, `active`) VALUES ('193', 'debit_voucher', 'debit_voucher', 'accounts', '0', '0', '2', '2018-10-18 00:00:00', '0');
INSERT INTO `sec_menu_item` (`menu_id`, `menu_title`, `page_url`, `module`, `parent_menu`, `is_report`, `createby`, `createdate`, `active`) VALUES ('194', 'credit_voucher', 'credit_voucher', 'accounts', '0', '0', '2', '2018-10-18 00:00:00', '0');
INSERT INTO `sec_menu_item` (`menu_id`, `menu_title`, `page_url`, `module`, `parent_menu`, `is_report`, `createby`, `createdate`, `active`) VALUES ('195', 'contra_voucher', 'contra_voucher', 'accounts', '0', '0', '2', '2018-10-18 00:00:00', '0');
INSERT INTO `sec_menu_item` (`menu_id`, `menu_title`, `page_url`, `module`, `parent_menu`, `is_report`, `createby`, `createdate`, `active`) VALUES ('196', 'journal_voucher', 'journal_voucher', 'accounts', '0', '0', '2', '2018-10-18 00:00:00', '0');
INSERT INTO `sec_menu_item` (`menu_id`, `menu_title`, `page_url`, `module`, `parent_menu`, `is_report`, `createby`, `createdate`, `active`) VALUES ('197', 'voucher_approval', 'voucher_approve', 'accounts', '0', '0', '2', '2018-10-18 00:00:00', '0');
INSERT INTO `sec_menu_item` (`menu_id`, `menu_title`, `page_url`, `module`, `parent_menu`, `is_report`, `createby`, `createdate`, `active`) VALUES ('198', 'account_report', '', 'accounts', '0', '0', '2', '2018-10-18 00:00:00', '0');
INSERT INTO `sec_menu_item` (`menu_id`, `menu_title`, `page_url`, `module`, `parent_menu`, `is_report`, `createby`, `createdate`, `active`) VALUES ('199', 'voucher_report', 'coa', 'accounts', '194', '0', '2', '2018-10-18 00:00:00', '0');
INSERT INTO `sec_menu_item` (`menu_id`, `menu_title`, `page_url`, `module`, `parent_menu`, `is_report`, `createby`, `createdate`, `active`) VALUES ('200', 'cash_book', 'cash_book', 'accounts', '194', '0', '2', '2018-10-18 00:00:00', '0');
INSERT INTO `sec_menu_item` (`menu_id`, `menu_title`, `page_url`, `module`, `parent_menu`, `is_report`, `createby`, `createdate`, `active`) VALUES ('201', 'bank_book', 'bank_book', 'accounts', '194', '0', '2', '2018-10-18 00:00:00', '0');
INSERT INTO `sec_menu_item` (`menu_id`, `menu_title`, `page_url`, `module`, `parent_menu`, `is_report`, `createby`, `createdate`, `active`) VALUES ('202', 'general_ledger', 'general_ledger', 'accounts', '194', '0', '2', '2018-10-18 00:00:00', '0');
INSERT INTO `sec_menu_item` (`menu_id`, `menu_title`, `page_url`, `module`, `parent_menu`, `is_report`, `createby`, `createdate`, `active`) VALUES ('203', 'trial_balance', 'trial_balance', 'accounts', '194', '0', '2', '2018-10-18 00:00:00', '0');
INSERT INTO `sec_menu_item` (`menu_id`, `menu_title`, `page_url`, `module`, `parent_menu`, `is_report`, `createby`, `createdate`, `active`) VALUES ('204', 'add_bank', 'add_bank', 'bank', '0', '0', '2', '2019-12-14 00:00:00', '0');
INSERT INTO `sec_menu_item` (`menu_id`, `menu_title`, `page_url`, `module`, `parent_menu`, `is_report`, `createby`, `createdate`, `active`) VALUES ('205', 'bank_list', 'bank_list', 'bank', '0', '0', '2', '2019-12-14 00:00:00', '0');
INSERT INTO `sec_menu_item` (`menu_id`, `menu_title`, `page_url`, `module`, `parent_menu`, `is_report`, `createby`, `createdate`, `active`) VALUES ('206', 'profit_loss', 'profit_loss_report', 'accounts', '194', '0', '2', '2018-10-18 00:00:00', '0');
INSERT INTO `sec_menu_item` (`menu_id`, `menu_title`, `page_url`, `module`, `parent_menu`, `is_report`, `createby`, `createdate`, `active`) VALUES ('207', 'cash_flow', 'cash_flow_report', 'accounts', '194', '0', '2', '2018-10-18 00:00:00', '0');
INSERT INTO `sec_menu_item` (`menu_id`, `menu_title`, `page_url`, `module`, `parent_menu`, `is_report`, `createby`, `createdate`, `active`) VALUES ('208', 'coa_print', 'coa_print', 'accounts', '194', '0', '2', '2018-10-18 00:00:00', '0');
INSERT INTO `sec_menu_item` (`menu_id`, `menu_title`, `page_url`, `module`, `parent_menu`, `is_report`, `createby`, `createdate`, `active`) VALUES ('211', 'atn_log_datewise', 'attendance_log_datewise', 'attendance', '147', '0', '2', '2019-12-14 00:00:00', '1');
INSERT INTO `sec_menu_item` (`menu_id`, `menu_title`, `page_url`, `module`, `parent_menu`, `is_report`, `createby`, `createdate`, `active`) VALUES ('212', 'device_connection', 'device_connect_form', 'attendance', '0', '0', '2', '2019-12-14 00:00:00', '1');
INSERT INTO `sec_menu_item` (`menu_id`, `menu_title`, `page_url`, `module`, `parent_menu`, `is_report`, `createby`, `createdate`, `active`) VALUES ('213', 'expense_item', 'add_expense', 'expense', '0', '0', '2', '2019-12-14 00:00:00', '0');
INSERT INTO `sec_menu_item` (`menu_id`, `menu_title`, `page_url`, `module`, `parent_menu`, `is_report`, `createby`, `createdate`, `active`) VALUES ('214', 'expense_sheet', 'expense_sheet', 'expense', '0', '0', '2', '2019-12-14 00:00:00', '0');
INSERT INTO `sec_menu_item` (`menu_id`, `menu_title`, `page_url`, `module`, `parent_menu`, `is_report`, `createby`, `createdate`, `active`) VALUES ('215', 'expense_statement', 'expense_statement_form', 'expense', '0', '0', '2', '2019-12-14 00:00:00', '0');
INSERT INTO `sec_menu_item` (`menu_id`, `menu_title`, `page_url`, `module`, `parent_menu`, `is_report`, `createby`, `createdate`, `active`) VALUES ('216', 'income_field', 'add_income', 'income', '0', '0', '2', '2019-12-14 00:00:00', '0');
INSERT INTO `sec_menu_item` (`menu_id`, `menu_title`, `page_url`, `module`, `parent_menu`, `is_report`, `createby`, `createdate`, `active`) VALUES ('217', 'income_sheet', 'income_sheet', 'income', '0', '0', '2', '2019-12-14 00:00:00', '0');
INSERT INTO `sec_menu_item` (`menu_id`, `menu_title`, `page_url`, `module`, `parent_menu`, `is_report`, `createby`, `createdate`, `active`) VALUES ('218', 'income_statement', 'income_statement_form', 'income', '0', '0', '2', '2019-12-14 00:00:00', '0');
INSERT INTO `sec_menu_item` (`menu_id`, `menu_title`, `page_url`, `module`, `parent_menu`, `is_report`, `createby`, `createdate`, `active`) VALUES ('219', 'emp_sal_payment', 'paymentview', 'payroll', '0', '0', '2', '2019-12-14 00:00:00', '1');
INSERT INTO `sec_menu_item` (`menu_id`, `menu_title`, `page_url`, `module`, `parent_menu`, `is_report`, `createby`, `createdate`, `active`) VALUES ('220', 'job_posting', 'job_posting_listing', 'recruitment', '0', '0', '2', '2018-10-04 00:00:00', '1');
INSERT INTO `sec_menu_item` (`menu_id`, `menu_title`, `page_url`, `module`, `parent_menu`, `is_report`, `createby`, `createdate`, `active`) VALUES ('221', 'notification', 'index', 'notification', NULL, '0', '1', '2020-07-05 00:00:00', '1');
INSERT INTO `sec_menu_item` (`menu_id`, `menu_title`, `page_url`, `module`, `parent_menu`, `is_report`, `createby`, `createdate`, `active`) VALUES ('222', 'employee_warning', 'employeeWarning', 'employee', '0', '0', '2', '2018-10-04 00:00:00', '1');
INSERT INTO `sec_menu_item` (`menu_id`, `menu_title`, `page_url`, `module`, `parent_menu`, `is_report`, `createby`, `createdate`, `active`) VALUES ('223', 'employee_terminate', 'employeeTerminate', 'employee', '0', '0', '2', '2018-10-04 00:00:00', '1');
INSERT INTO `sec_menu_item` (`menu_id`, `menu_title`, `page_url`, `module`, `parent_menu`, `is_report`, `createby`, `createdate`, `active`) VALUES ('224', 'emp_reviews', 'manage_360_reviews', 'employee', '0', '0', '2', '2020-07-09 00:00:00', '1');
INSERT INTO `sec_menu_item` (`menu_id`, `menu_title`, `page_url`, `module`, `parent_menu`, `is_report`, `createby`, `createdate`, `active`) VALUES ('225', 'employee_resignation', 'employeeResignation', 'employee', '0', '0', '2', '2018-10-04 00:00:00', '1');
INSERT INTO `sec_menu_item` (`menu_id`, `menu_title`, `page_url`, `module`, `parent_menu`, `is_report`, `createby`, `createdate`, `active`) VALUES ('226', 'internal_accounts', 'internal_accounts', 'accounts', '0', '0', '2', '2018-10-18 00:00:00', '0');
INSERT INTO `sec_menu_item` (`menu_id`, `menu_title`, `page_url`, `module`, `parent_menu`, `is_report`, `createby`, `createdate`, `active`) VALUES ('227', 'transactions', 'transactions', 'accounts', '0', '0', '2', '2018-10-18 00:00:00', '0');
INSERT INTO `sec_menu_item` (`menu_id`, `menu_title`, `page_url`, `module`, `parent_menu`, `is_report`, `createby`, `createdate`, `active`) VALUES ('228', 'c_o_a', 'chart_of_account', 'accounts', '0', '0', '2', '2018-10-18 00:00:00', '0');
INSERT INTO `sec_menu_item` (`menu_id`, `menu_title`, `page_url`, `module`, `parent_menu`, `is_report`, `createby`, `createdate`, `active`) VALUES ('229', 'ledger_report', 'ledger_report', 'accounts', '0', '0', '2', '2018-10-18 00:00:00', '0');
INSERT INTO `sec_menu_item` (`menu_id`, `menu_title`, `page_url`, `module`, `parent_menu`, `is_report`, `createby`, `createdate`, `active`) VALUES ('230', 'hr_policy', 'hr_policy', 'hr_policy', '0', '0', '2', '2018-10-18 00:00:00', '1');
INSERT INTO `sec_menu_item` (`menu_id`, `menu_title`, `page_url`, `module`, `parent_menu`, `is_report`, `createby`, `createdate`, `active`) VALUES ('231', 'shift_management', 'shift_management', 'department', '0', '0', '2', '2018-10-04 00:00:00', '1');
INSERT INTO `sec_menu_item` (`menu_id`, `menu_title`, `page_url`, `module`, `parent_menu`, `is_report`, `createby`, `createdate`, `active`) VALUES ('232', 'direct_empl_incident', '', 'employee', '0', '0', '2', '2018-10-04 00:00:00', '1');
INSERT INTO `sec_menu_item` (`menu_id`, `menu_title`, `page_url`, `module`, `parent_menu`, `is_report`, `createby`, `createdate`, `active`) VALUES ('233', 'incident_type', 'incident_type', 'employee', '232', '0', '2', '2018-10-04 00:00:00', '1');
INSERT INTO `sec_menu_item` (`menu_id`, `menu_title`, `page_url`, `module`, `parent_menu`, `is_report`, `createby`, `createdate`, `active`) VALUES ('234', 'employee_incident', 'incidents', 'employee', '232', '0', '2', '2018-10-04 00:00:00', '1');


#
# TABLE STRUCTURE FOR: sec_role_permission
#


CREATE TABLE `sec_role_permission` (
  `id` bigint(20) NOT NULL AUTO_INCREMENT,
  `role_id` int(11) NOT NULL,
  `menu_id` int(11) NOT NULL,
  `can_access` tinyint(1) NOT NULL,
  `can_create` tinyint(1) NOT NULL,
  `can_edit` tinyint(1) NOT NULL,
  `can_delete` tinyint(1) NOT NULL,
  `createby` int(11) NOT NULL,
  `createdate` datetime NOT NULL,
  PRIMARY KEY (`id`)
) ENGINE=InnoDB AUTO_INCREMENT=4514 DEFAULT CHARSET=utf8 COLLATE=utf8_unicode_ci;

INSERT INTO `sec_role_permission` (`id`, `role_id`, `menu_id`, `can_access`, `can_create`, `can_edit`, `can_delete`, `createby`, `createdate`) VALUES ('2662', '6', '188', '1', '1', '1', '1', '1', '2020-08-31 11:03:48');
INSERT INTO `sec_role_permission` (`id`, `role_id`, `menu_id`, `can_access`, `can_create`, `can_edit`, `can_delete`, `createby`, `createdate`) VALUES ('2663', '6', '189', '0', '0', '0', '0', '1', '2020-08-31 11:03:48');
INSERT INTO `sec_role_permission` (`id`, `role_id`, `menu_id`, `can_access`, `can_create`, `can_edit`, `can_delete`, `createby`, `createdate`) VALUES ('2664', '6', '190', '0', '0', '0', '0', '1', '2020-08-31 11:03:48');
INSERT INTO `sec_role_permission` (`id`, `role_id`, `menu_id`, `can_access`, `can_create`, `can_edit`, `can_delete`, `createby`, `createdate`) VALUES ('2665', '6', '191', '0', '0', '0', '0', '1', '2020-08-31 11:03:48');
INSERT INTO `sec_role_permission` (`id`, `role_id`, `menu_id`, `can_access`, `can_create`, `can_edit`, `can_delete`, `createby`, `createdate`) VALUES ('2666', '6', '192', '0', '0', '0', '0', '1', '2020-08-31 11:03:48');
INSERT INTO `sec_role_permission` (`id`, `role_id`, `menu_id`, `can_access`, `can_create`, `can_edit`, `can_delete`, `createby`, `createdate`) VALUES ('2667', '6', '193', '0', '0', '0', '0', '1', '2020-08-31 11:03:48');
INSERT INTO `sec_role_permission` (`id`, `role_id`, `menu_id`, `can_access`, `can_create`, `can_edit`, `can_delete`, `createby`, `createdate`) VALUES ('2668', '6', '194', '0', '0', '0', '0', '1', '2020-08-31 11:03:48');
INSERT INTO `sec_role_permission` (`id`, `role_id`, `menu_id`, `can_access`, `can_create`, `can_edit`, `can_delete`, `createby`, `createdate`) VALUES ('2669', '6', '195', '0', '0', '0', '0', '1', '2020-08-31 11:03:48');
INSERT INTO `sec_role_permission` (`id`, `role_id`, `menu_id`, `can_access`, `can_create`, `can_edit`, `can_delete`, `createby`, `createdate`) VALUES ('2670', '6', '196', '0', '0', '0', '0', '1', '2020-08-31 11:03:48');
INSERT INTO `sec_role_permission` (`id`, `role_id`, `menu_id`, `can_access`, `can_create`, `can_edit`, `can_delete`, `createby`, `createdate`) VALUES ('2671', '6', '197', '0', '0', '0', '0', '1', '2020-08-31 11:03:48');
INSERT INTO `sec_role_permission` (`id`, `role_id`, `menu_id`, `can_access`, `can_create`, `can_edit`, `can_delete`, `createby`, `createdate`) VALUES ('2672', '6', '198', '0', '0', '0', '0', '1', '2020-08-31 11:03:48');
INSERT INTO `sec_role_permission` (`id`, `role_id`, `menu_id`, `can_access`, `can_create`, `can_edit`, `can_delete`, `createby`, `createdate`) VALUES ('2673', '6', '199', '0', '0', '0', '0', '1', '2020-08-31 11:03:48');
INSERT INTO `sec_role_permission` (`id`, `role_id`, `menu_id`, `can_access`, `can_create`, `can_edit`, `can_delete`, `createby`, `createdate`) VALUES ('2674', '6', '200', '0', '0', '0', '0', '1', '2020-08-31 11:03:48');
INSERT INTO `sec_role_permission` (`id`, `role_id`, `menu_id`, `can_access`, `can_create`, `can_edit`, `can_delete`, `createby`, `createdate`) VALUES ('2675', '6', '201', '0', '0', '0', '0', '1', '2020-08-31 11:03:48');
INSERT INTO `sec_role_permission` (`id`, `role_id`, `menu_id`, `can_access`, `can_create`, `can_edit`, `can_delete`, `createby`, `createdate`) VALUES ('2676', '6', '202', '0', '0', '0', '0', '1', '2020-08-31 11:03:48');
INSERT INTO `sec_role_permission` (`id`, `role_id`, `menu_id`, `can_access`, `can_create`, `can_edit`, `can_delete`, `createby`, `createdate`) VALUES ('2677', '6', '203', '0', '0', '0', '0', '1', '2020-08-31 11:03:48');
INSERT INTO `sec_role_permission` (`id`, `role_id`, `menu_id`, `can_access`, `can_create`, `can_edit`, `can_delete`, `createby`, `createdate`) VALUES ('2678', '6', '206', '0', '0', '0', '0', '1', '2020-08-31 11:03:48');
INSERT INTO `sec_role_permission` (`id`, `role_id`, `menu_id`, `can_access`, `can_create`, `can_edit`, `can_delete`, `createby`, `createdate`) VALUES ('2679', '6', '207', '0', '0', '0', '0', '1', '2020-08-31 11:03:48');
INSERT INTO `sec_role_permission` (`id`, `role_id`, `menu_id`, `can_access`, `can_create`, `can_edit`, `can_delete`, `createby`, `createdate`) VALUES ('2680', '6', '208', '0', '0', '0', '0', '1', '2020-08-31 11:03:48');
INSERT INTO `sec_role_permission` (`id`, `role_id`, `menu_id`, `can_access`, `can_create`, `can_edit`, `can_delete`, `createby`, `createdate`) VALUES ('2681', '6', '134', '1', '1', '1', '1', '1', '2020-08-31 11:03:48');
INSERT INTO `sec_role_permission` (`id`, `role_id`, `menu_id`, `can_access`, `can_create`, `can_edit`, `can_delete`, `createby`, `createdate`) VALUES ('2682', '6', '137', '0', '0', '0', '0', '1', '2020-08-31 11:03:48');
INSERT INTO `sec_role_permission` (`id`, `role_id`, `menu_id`, `can_access`, `can_create`, `can_edit`, `can_delete`, `createby`, `createdate`) VALUES ('2683', '6', '142', '0', '0', '0', '0', '1', '2020-08-31 11:03:48');
INSERT INTO `sec_role_permission` (`id`, `role_id`, `menu_id`, `can_access`, `can_create`, `can_edit`, `can_delete`, `createby`, `createdate`) VALUES ('2684', '6', '143', '0', '0', '0', '0', '1', '2020-08-31 11:03:48');
INSERT INTO `sec_role_permission` (`id`, `role_id`, `menu_id`, `can_access`, `can_create`, `can_edit`, `can_delete`, `createby`, `createdate`) VALUES ('2685', '6', '144', '0', '0', '0', '0', '1', '2020-08-31 11:03:48');
INSERT INTO `sec_role_permission` (`id`, `role_id`, `menu_id`, `can_access`, `can_create`, `can_edit`, `can_delete`, `createby`, `createdate`) VALUES ('2686', '6', '145', '0', '0', '0', '0', '1', '2020-08-31 11:03:48');
INSERT INTO `sec_role_permission` (`id`, `role_id`, `menu_id`, `can_access`, `can_create`, `can_edit`, `can_delete`, `createby`, `createdate`) VALUES ('2687', '6', '147', '1', '1', '1', '1', '1', '2020-08-31 11:03:48');
INSERT INTO `sec_role_permission` (`id`, `role_id`, `menu_id`, `can_access`, `can_create`, `can_edit`, `can_delete`, `createby`, `createdate`) VALUES ('2688', '6', '148', '1', '1', '1', '1', '1', '2020-08-31 11:03:48');
INSERT INTO `sec_role_permission` (`id`, `role_id`, `menu_id`, `can_access`, `can_create`, `can_edit`, `can_delete`, `createby`, `createdate`) VALUES ('2689', '6', '211', '1', '1', '1', '1', '1', '2020-08-31 11:03:48');
INSERT INTO `sec_role_permission` (`id`, `role_id`, `menu_id`, `can_access`, `can_create`, `can_edit`, `can_delete`, `createby`, `createdate`) VALUES ('2690', '6', '212', '1', '1', '1', '1', '1', '2020-08-31 11:03:48');
INSERT INTO `sec_role_permission` (`id`, `role_id`, `menu_id`, `can_access`, `can_create`, `can_edit`, `can_delete`, `createby`, `createdate`) VALUES ('2691', '6', '149', '1', '0', '0', '0', '1', '2020-08-31 11:03:48');
INSERT INTO `sec_role_permission` (`id`, `role_id`, `menu_id`, `can_access`, `can_create`, `can_edit`, `can_delete`, `createby`, `createdate`) VALUES ('2692', '6', '204', '1', '0', '0', '0', '1', '2020-08-31 11:03:48');
INSERT INTO `sec_role_permission` (`id`, `role_id`, `menu_id`, `can_access`, `can_create`, `can_edit`, `can_delete`, `createby`, `createdate`) VALUES ('2693', '6', '205', '1', '0', '0', '0', '1', '2020-08-31 11:03:48');
INSERT INTO `sec_role_permission` (`id`, `role_id`, `menu_id`, `can_access`, `can_create`, `can_edit`, `can_delete`, `createby`, `createdate`) VALUES ('2694', '6', '156', '1', '0', '0', '0', '1', '2020-08-31 11:03:48');
INSERT INTO `sec_role_permission` (`id`, `role_id`, `menu_id`, `can_access`, `can_create`, `can_edit`, `can_delete`, `createby`, `createdate`) VALUES ('2695', '6', '157', '1', '0', '0', '0', '1', '2020-08-31 11:03:48');
INSERT INTO `sec_role_permission` (`id`, `role_id`, `menu_id`, `can_access`, `can_create`, `can_edit`, `can_delete`, `createby`, `createdate`) VALUES ('2696', '6', '158', '1', '0', '0', '0', '1', '2020-08-31 11:03:48');
INSERT INTO `sec_role_permission` (`id`, `role_id`, `menu_id`, `can_access`, `can_create`, `can_edit`, `can_delete`, `createby`, `createdate`) VALUES ('2697', '6', '159', '1', '0', '0', '0', '1', '2020-08-31 11:03:48');
INSERT INTO `sec_role_permission` (`id`, `role_id`, `menu_id`, `can_access`, `can_create`, `can_edit`, `can_delete`, `createby`, `createdate`) VALUES ('2698', '6', '161', '1', '0', '0', '0', '1', '2020-08-31 11:03:48');
INSERT INTO `sec_role_permission` (`id`, `role_id`, `menu_id`, `can_access`, `can_create`, `can_edit`, `can_delete`, `createby`, `createdate`) VALUES ('2699', '6', '162', '1', '0', '0', '0', '1', '2020-08-31 11:03:48');
INSERT INTO `sec_role_permission` (`id`, `role_id`, `menu_id`, `can_access`, `can_create`, `can_edit`, `can_delete`, `createby`, `createdate`) VALUES ('2700', '6', '163', '1', '0', '0', '0', '1', '2020-08-31 11:03:48');
INSERT INTO `sec_role_permission` (`id`, `role_id`, `menu_id`, `can_access`, `can_create`, `can_edit`, `can_delete`, `createby`, `createdate`) VALUES ('2701', '6', '164', '1', '0', '0', '0', '1', '2020-08-31 11:03:48');
INSERT INTO `sec_role_permission` (`id`, `role_id`, `menu_id`, `can_access`, `can_create`, `can_edit`, `can_delete`, `createby`, `createdate`) VALUES ('2702', '6', '165', '1', '0', '0', '0', '1', '2020-08-31 11:03:48');
INSERT INTO `sec_role_permission` (`id`, `role_id`, `menu_id`, `can_access`, `can_create`, `can_edit`, `can_delete`, `createby`, `createdate`) VALUES ('2703', '6', '222', '1', '0', '0', '0', '1', '2020-08-31 11:03:48');
INSERT INTO `sec_role_permission` (`id`, `role_id`, `menu_id`, `can_access`, `can_create`, `can_edit`, `can_delete`, `createby`, `createdate`) VALUES ('2704', '6', '223', '1', '0', '0', '0', '1', '2020-08-31 11:03:48');
INSERT INTO `sec_role_permission` (`id`, `role_id`, `menu_id`, `can_access`, `can_create`, `can_edit`, `can_delete`, `createby`, `createdate`) VALUES ('2705', '6', '224', '1', '0', '0', '0', '1', '2020-08-31 11:03:48');
INSERT INTO `sec_role_permission` (`id`, `role_id`, `menu_id`, `can_access`, `can_create`, `can_edit`, `can_delete`, `createby`, `createdate`) VALUES ('2706', '6', '225', '1', '0', '0', '0', '1', '2020-08-31 11:03:48');
INSERT INTO `sec_role_permission` (`id`, `role_id`, `menu_id`, `can_access`, `can_create`, `can_edit`, `can_delete`, `createby`, `createdate`) VALUES ('2707', '6', '213', '0', '0', '0', '0', '1', '2020-08-31 11:03:48');
INSERT INTO `sec_role_permission` (`id`, `role_id`, `menu_id`, `can_access`, `can_create`, `can_edit`, `can_delete`, `createby`, `createdate`) VALUES ('2708', '6', '214', '0', '0', '0', '0', '1', '2020-08-31 11:03:48');
INSERT INTO `sec_role_permission` (`id`, `role_id`, `menu_id`, `can_access`, `can_create`, `can_edit`, `can_delete`, `createby`, `createdate`) VALUES ('2709', '6', '215', '0', '0', '0', '0', '1', '2020-08-31 11:03:48');
INSERT INTO `sec_role_permission` (`id`, `role_id`, `menu_id`, `can_access`, `can_create`, `can_edit`, `can_delete`, `createby`, `createdate`) VALUES ('2710', '6', '216', '0', '0', '0', '0', '1', '2020-08-31 11:03:48');
INSERT INTO `sec_role_permission` (`id`, `role_id`, `menu_id`, `can_access`, `can_create`, `can_edit`, `can_delete`, `createby`, `createdate`) VALUES ('2711', '6', '217', '0', '0', '0', '0', '1', '2020-08-31 11:03:48');
INSERT INTO `sec_role_permission` (`id`, `role_id`, `menu_id`, `can_access`, `can_create`, `can_edit`, `can_delete`, `createby`, `createdate`) VALUES ('2712', '6', '218', '0', '0', '0', '0', '1', '2020-08-31 11:03:48');
INSERT INTO `sec_role_permission` (`id`, `role_id`, `menu_id`, `can_access`, `can_create`, `can_edit`, `can_delete`, `createby`, `createdate`) VALUES ('2713', '6', '167', '0', '0', '0', '0', '1', '2020-08-31 11:03:48');
INSERT INTO `sec_role_permission` (`id`, `role_id`, `menu_id`, `can_access`, `can_create`, `can_edit`, `can_delete`, `createby`, `createdate`) VALUES ('2714', '6', '168', '0', '0', '0', '0', '1', '2020-08-31 11:03:48');
INSERT INTO `sec_role_permission` (`id`, `role_id`, `menu_id`, `can_access`, `can_create`, `can_edit`, `can_delete`, `createby`, `createdate`) VALUES ('2715', '6', '169', '0', '0', '0', '0', '1', '2020-08-31 11:03:48');
INSERT INTO `sec_role_permission` (`id`, `role_id`, `menu_id`, `can_access`, `can_create`, `can_edit`, `can_delete`, `createby`, `createdate`) VALUES ('2716', '6', '186', '0', '0', '0', '0', '1', '2020-08-31 11:03:48');
INSERT INTO `sec_role_permission` (`id`, `role_id`, `menu_id`, `can_access`, `can_create`, `can_edit`, `can_delete`, `createby`, `createdate`) VALUES ('2717', '6', '187', '0', '0', '0', '0', '1', '2020-08-31 11:03:48');
INSERT INTO `sec_role_permission` (`id`, `role_id`, `menu_id`, `can_access`, `can_create`, `can_edit`, `can_delete`, `createby`, `createdate`) VALUES ('2718', '6', '170', '0', '0', '0', '0', '1', '2020-08-31 11:03:48');
INSERT INTO `sec_role_permission` (`id`, `role_id`, `menu_id`, `can_access`, `can_create`, `can_edit`, `can_delete`, `createby`, `createdate`) VALUES ('2719', '6', '171', '0', '0', '0', '0', '1', '2020-08-31 11:03:48');
INSERT INTO `sec_role_permission` (`id`, `role_id`, `menu_id`, `can_access`, `can_create`, `can_edit`, `can_delete`, `createby`, `createdate`) VALUES ('2720', '6', '172', '0', '0', '0', '0', '1', '2020-08-31 11:03:48');
INSERT INTO `sec_role_permission` (`id`, `role_id`, `menu_id`, `can_access`, `can_create`, `can_edit`, `can_delete`, `createby`, `createdate`) VALUES ('2721', '6', '173', '0', '0', '0', '0', '1', '2020-08-31 11:03:48');
INSERT INTO `sec_role_permission` (`id`, `role_id`, `menu_id`, `can_access`, `can_create`, `can_edit`, `can_delete`, `createby`, `createdate`) VALUES ('2722', '6', '221', '0', '0', '0', '0', '1', '2020-08-31 11:03:48');
INSERT INTO `sec_role_permission` (`id`, `role_id`, `menu_id`, `can_access`, `can_create`, `can_edit`, `can_delete`, `createby`, `createdate`) VALUES ('2723', '6', '174', '0', '0', '0', '0', '1', '2020-08-31 11:03:48');
INSERT INTO `sec_role_permission` (`id`, `role_id`, `menu_id`, `can_access`, `can_create`, `can_edit`, `can_delete`, `createby`, `createdate`) VALUES ('2724', '6', '175', '0', '0', '0', '0', '1', '2020-08-31 11:03:48');
INSERT INTO `sec_role_permission` (`id`, `role_id`, `menu_id`, `can_access`, `can_create`, `can_edit`, `can_delete`, `createby`, `createdate`) VALUES ('2725', '6', '176', '0', '0', '0', '0', '1', '2020-08-31 11:03:48');
INSERT INTO `sec_role_permission` (`id`, `role_id`, `menu_id`, `can_access`, `can_create`, `can_edit`, `can_delete`, `createby`, `createdate`) VALUES ('2726', '6', '219', '0', '0', '0', '0', '1', '2020-08-31 11:03:48');
INSERT INTO `sec_role_permission` (`id`, `role_id`, `menu_id`, `can_access`, `can_create`, `can_edit`, `can_delete`, `createby`, `createdate`) VALUES ('2727', '6', '150', '0', '0', '0', '0', '1', '2020-08-31 11:03:48');
INSERT INTO `sec_role_permission` (`id`, `role_id`, `menu_id`, `can_access`, `can_create`, `can_edit`, `can_delete`, `createby`, `createdate`) VALUES ('2728', '6', '151', '0', '0', '0', '0', '1', '2020-08-31 11:03:48');
INSERT INTO `sec_role_permission` (`id`, `role_id`, `menu_id`, `can_access`, `can_create`, `can_edit`, `can_delete`, `createby`, `createdate`) VALUES ('2729', '6', '152', '0', '0', '0', '0', '1', '2020-08-31 11:03:48');
INSERT INTO `sec_role_permission` (`id`, `role_id`, `menu_id`, `can_access`, `can_create`, `can_edit`, `can_delete`, `createby`, `createdate`) VALUES ('2730', '6', '153', '0', '0', '0', '0', '1', '2020-08-31 11:03:48');
INSERT INTO `sec_role_permission` (`id`, `role_id`, `menu_id`, `can_access`, `can_create`, `can_edit`, `can_delete`, `createby`, `createdate`) VALUES ('2731', '6', '154', '0', '0', '0', '0', '1', '2020-08-31 11:03:48');
INSERT INTO `sec_role_permission` (`id`, `role_id`, `menu_id`, `can_access`, `can_create`, `can_edit`, `can_delete`, `createby`, `createdate`) VALUES ('2732', '6', '155', '0', '0', '0', '0', '1', '2020-08-31 11:03:48');
INSERT INTO `sec_role_permission` (`id`, `role_id`, `menu_id`, `can_access`, `can_create`, `can_edit`, `can_delete`, `createby`, `createdate`) VALUES ('2733', '6', '220', '0', '0', '0', '0', '1', '2020-08-31 11:03:48');
INSERT INTO `sec_role_permission` (`id`, `role_id`, `menu_id`, `can_access`, `can_create`, `can_edit`, `can_delete`, `createby`, `createdate`) VALUES ('2734', '6', '177', '0', '0', '0', '0', '1', '2020-08-31 11:03:48');
INSERT INTO `sec_role_permission` (`id`, `role_id`, `menu_id`, `can_access`, `can_create`, `can_edit`, `can_delete`, `createby`, `createdate`) VALUES ('2735', '6', '178', '0', '0', '0', '0', '1', '2020-08-31 11:03:48');
INSERT INTO `sec_role_permission` (`id`, `role_id`, `menu_id`, `can_access`, `can_create`, `can_edit`, `can_delete`, `createby`, `createdate`) VALUES ('2736', '6', '179', '0', '0', '0', '0', '1', '2020-08-31 11:03:48');
INSERT INTO `sec_role_permission` (`id`, `role_id`, `menu_id`, `can_access`, `can_create`, `can_edit`, `can_delete`, `createby`, `createdate`) VALUES ('2737', '6', '180', '0', '0', '0', '0', '1', '2020-08-31 11:03:48');
INSERT INTO `sec_role_permission` (`id`, `role_id`, `menu_id`, `can_access`, `can_create`, `can_edit`, `can_delete`, `createby`, `createdate`) VALUES ('2738', '6', '181', '0', '0', '0', '0', '1', '2020-08-31 11:03:48');
INSERT INTO `sec_role_permission` (`id`, `role_id`, `menu_id`, `can_access`, `can_create`, `can_edit`, `can_delete`, `createby`, `createdate`) VALUES ('2739', '6', '182', '0', '0', '0', '0', '1', '2020-08-31 11:03:48');
INSERT INTO `sec_role_permission` (`id`, `role_id`, `menu_id`, `can_access`, `can_create`, `can_edit`, `can_delete`, `createby`, `createdate`) VALUES ('2740', '6', '183', '0', '0', '0', '0', '1', '2020-08-31 11:03:48');
INSERT INTO `sec_role_permission` (`id`, `role_id`, `menu_id`, `can_access`, `can_create`, `can_edit`, `can_delete`, `createby`, `createdate`) VALUES ('3847', '3', '188', '0', '0', '0', '0', '1', '2020-10-05 10:12:27');
INSERT INTO `sec_role_permission` (`id`, `role_id`, `menu_id`, `can_access`, `can_create`, `can_edit`, `can_delete`, `createby`, `createdate`) VALUES ('3848', '3', '189', '0', '0', '0', '0', '1', '2020-10-05 10:12:27');
INSERT INTO `sec_role_permission` (`id`, `role_id`, `menu_id`, `can_access`, `can_create`, `can_edit`, `can_delete`, `createby`, `createdate`) VALUES ('3849', '3', '190', '0', '0', '0', '0', '1', '2020-10-05 10:12:27');
INSERT INTO `sec_role_permission` (`id`, `role_id`, `menu_id`, `can_access`, `can_create`, `can_edit`, `can_delete`, `createby`, `createdate`) VALUES ('3850', '3', '191', '0', '0', '0', '0', '1', '2020-10-05 10:12:27');
INSERT INTO `sec_role_permission` (`id`, `role_id`, `menu_id`, `can_access`, `can_create`, `can_edit`, `can_delete`, `createby`, `createdate`) VALUES ('3851', '3', '192', '0', '0', '0', '0', '1', '2020-10-05 10:12:27');
INSERT INTO `sec_role_permission` (`id`, `role_id`, `menu_id`, `can_access`, `can_create`, `can_edit`, `can_delete`, `createby`, `createdate`) VALUES ('3852', '3', '193', '0', '0', '0', '0', '1', '2020-10-05 10:12:27');
INSERT INTO `sec_role_permission` (`id`, `role_id`, `menu_id`, `can_access`, `can_create`, `can_edit`, `can_delete`, `createby`, `createdate`) VALUES ('3853', '3', '194', '0', '0', '0', '0', '1', '2020-10-05 10:12:27');
INSERT INTO `sec_role_permission` (`id`, `role_id`, `menu_id`, `can_access`, `can_create`, `can_edit`, `can_delete`, `createby`, `createdate`) VALUES ('3854', '3', '195', '0', '0', '0', '0', '1', '2020-10-05 10:12:27');
INSERT INTO `sec_role_permission` (`id`, `role_id`, `menu_id`, `can_access`, `can_create`, `can_edit`, `can_delete`, `createby`, `createdate`) VALUES ('3855', '3', '196', '0', '0', '0', '0', '1', '2020-10-05 10:12:27');
INSERT INTO `sec_role_permission` (`id`, `role_id`, `menu_id`, `can_access`, `can_create`, `can_edit`, `can_delete`, `createby`, `createdate`) VALUES ('3856', '3', '197', '0', '0', '0', '0', '1', '2020-10-05 10:12:27');
INSERT INTO `sec_role_permission` (`id`, `role_id`, `menu_id`, `can_access`, `can_create`, `can_edit`, `can_delete`, `createby`, `createdate`) VALUES ('3857', '3', '198', '0', '0', '0', '0', '1', '2020-10-05 10:12:27');
INSERT INTO `sec_role_permission` (`id`, `role_id`, `menu_id`, `can_access`, `can_create`, `can_edit`, `can_delete`, `createby`, `createdate`) VALUES ('3858', '3', '199', '0', '0', '0', '0', '1', '2020-10-05 10:12:27');
INSERT INTO `sec_role_permission` (`id`, `role_id`, `menu_id`, `can_access`, `can_create`, `can_edit`, `can_delete`, `createby`, `createdate`) VALUES ('3859', '3', '200', '0', '0', '0', '0', '1', '2020-10-05 10:12:27');
INSERT INTO `sec_role_permission` (`id`, `role_id`, `menu_id`, `can_access`, `can_create`, `can_edit`, `can_delete`, `createby`, `createdate`) VALUES ('3860', '3', '201', '0', '0', '0', '0', '1', '2020-10-05 10:12:27');
INSERT INTO `sec_role_permission` (`id`, `role_id`, `menu_id`, `can_access`, `can_create`, `can_edit`, `can_delete`, `createby`, `createdate`) VALUES ('3861', '3', '202', '0', '0', '0', '0', '1', '2020-10-05 10:12:27');
INSERT INTO `sec_role_permission` (`id`, `role_id`, `menu_id`, `can_access`, `can_create`, `can_edit`, `can_delete`, `createby`, `createdate`) VALUES ('3862', '3', '203', '0', '0', '0', '0', '1', '2020-10-05 10:12:27');
INSERT INTO `sec_role_permission` (`id`, `role_id`, `menu_id`, `can_access`, `can_create`, `can_edit`, `can_delete`, `createby`, `createdate`) VALUES ('3863', '3', '206', '0', '0', '0', '0', '1', '2020-10-05 10:12:27');
INSERT INTO `sec_role_permission` (`id`, `role_id`, `menu_id`, `can_access`, `can_create`, `can_edit`, `can_delete`, `createby`, `createdate`) VALUES ('3864', '3', '207', '0', '0', '0', '0', '1', '2020-10-05 10:12:27');
INSERT INTO `sec_role_permission` (`id`, `role_id`, `menu_id`, `can_access`, `can_create`, `can_edit`, `can_delete`, `createby`, `createdate`) VALUES ('3865', '3', '208', '0', '0', '0', '0', '1', '2020-10-05 10:12:27');
INSERT INTO `sec_role_permission` (`id`, `role_id`, `menu_id`, `can_access`, `can_create`, `can_edit`, `can_delete`, `createby`, `createdate`) VALUES ('3866', '3', '226', '1', '1', '1', '1', '1', '2020-10-05 10:12:27');
INSERT INTO `sec_role_permission` (`id`, `role_id`, `menu_id`, `can_access`, `can_create`, `can_edit`, `can_delete`, `createby`, `createdate`) VALUES ('3867', '3', '227', '1', '1', '1', '1', '1', '2020-10-05 10:12:27');
INSERT INTO `sec_role_permission` (`id`, `role_id`, `menu_id`, `can_access`, `can_create`, `can_edit`, `can_delete`, `createby`, `createdate`) VALUES ('3868', '3', '228', '1', '1', '1', '1', '1', '2020-10-05 10:12:27');
INSERT INTO `sec_role_permission` (`id`, `role_id`, `menu_id`, `can_access`, `can_create`, `can_edit`, `can_delete`, `createby`, `createdate`) VALUES ('3869', '3', '229', '1', '1', '1', '1', '1', '2020-10-05 10:12:27');
INSERT INTO `sec_role_permission` (`id`, `role_id`, `menu_id`, `can_access`, `can_create`, `can_edit`, `can_delete`, `createby`, `createdate`) VALUES ('3870', '3', '134', '0', '0', '0', '0', '1', '2020-10-05 10:12:27');
INSERT INTO `sec_role_permission` (`id`, `role_id`, `menu_id`, `can_access`, `can_create`, `can_edit`, `can_delete`, `createby`, `createdate`) VALUES ('3871', '3', '137', '0', '0', '0', '0', '1', '2020-10-05 10:12:27');
INSERT INTO `sec_role_permission` (`id`, `role_id`, `menu_id`, `can_access`, `can_create`, `can_edit`, `can_delete`, `createby`, `createdate`) VALUES ('3872', '3', '142', '0', '0', '0', '0', '1', '2020-10-05 10:12:27');
INSERT INTO `sec_role_permission` (`id`, `role_id`, `menu_id`, `can_access`, `can_create`, `can_edit`, `can_delete`, `createby`, `createdate`) VALUES ('3873', '3', '143', '0', '0', '0', '0', '1', '2020-10-05 10:12:27');
INSERT INTO `sec_role_permission` (`id`, `role_id`, `menu_id`, `can_access`, `can_create`, `can_edit`, `can_delete`, `createby`, `createdate`) VALUES ('3874', '3', '144', '0', '0', '0', '0', '1', '2020-10-05 10:12:27');
INSERT INTO `sec_role_permission` (`id`, `role_id`, `menu_id`, `can_access`, `can_create`, `can_edit`, `can_delete`, `createby`, `createdate`) VALUES ('3875', '3', '145', '0', '0', '0', '0', '1', '2020-10-05 10:12:27');
INSERT INTO `sec_role_permission` (`id`, `role_id`, `menu_id`, `can_access`, `can_create`, `can_edit`, `can_delete`, `createby`, `createdate`) VALUES ('3876', '3', '147', '1', '1', '1', '0', '1', '2020-10-05 10:12:27');
INSERT INTO `sec_role_permission` (`id`, `role_id`, `menu_id`, `can_access`, `can_create`, `can_edit`, `can_delete`, `createby`, `createdate`) VALUES ('3877', '3', '148', '1', '1', '1', '0', '1', '2020-10-05 10:12:27');
INSERT INTO `sec_role_permission` (`id`, `role_id`, `menu_id`, `can_access`, `can_create`, `can_edit`, `can_delete`, `createby`, `createdate`) VALUES ('3878', '3', '211', '1', '0', '0', '0', '1', '2020-10-05 10:12:27');
INSERT INTO `sec_role_permission` (`id`, `role_id`, `menu_id`, `can_access`, `can_create`, `can_edit`, `can_delete`, `createby`, `createdate`) VALUES ('3879', '3', '212', '0', '0', '0', '0', '1', '2020-10-05 10:12:27');
INSERT INTO `sec_role_permission` (`id`, `role_id`, `menu_id`, `can_access`, `can_create`, `can_edit`, `can_delete`, `createby`, `createdate`) VALUES ('3880', '3', '149', '1', '0', '0', '0', '1', '2020-10-05 10:12:27');
INSERT INTO `sec_role_permission` (`id`, `role_id`, `menu_id`, `can_access`, `can_create`, `can_edit`, `can_delete`, `createby`, `createdate`) VALUES ('3881', '3', '204', '0', '0', '0', '0', '1', '2020-10-05 10:12:27');
INSERT INTO `sec_role_permission` (`id`, `role_id`, `menu_id`, `can_access`, `can_create`, `can_edit`, `can_delete`, `createby`, `createdate`) VALUES ('3882', '3', '205', '0', '0', '0', '0', '1', '2020-10-05 10:12:27');
INSERT INTO `sec_role_permission` (`id`, `role_id`, `menu_id`, `can_access`, `can_create`, `can_edit`, `can_delete`, `createby`, `createdate`) VALUES ('3883', '3', '156', '1', '0', '0', '0', '1', '2020-10-05 10:12:27');
INSERT INTO `sec_role_permission` (`id`, `role_id`, `menu_id`, `can_access`, `can_create`, `can_edit`, `can_delete`, `createby`, `createdate`) VALUES ('3884', '3', '157', '1', '0', '0', '0', '1', '2020-10-05 10:12:27');
INSERT INTO `sec_role_permission` (`id`, `role_id`, `menu_id`, `can_access`, `can_create`, `can_edit`, `can_delete`, `createby`, `createdate`) VALUES ('3885', '3', '158', '0', '0', '0', '0', '1', '2020-10-05 10:12:27');
INSERT INTO `sec_role_permission` (`id`, `role_id`, `menu_id`, `can_access`, `can_create`, `can_edit`, `can_delete`, `createby`, `createdate`) VALUES ('3886', '3', '159', '0', '0', '0', '0', '1', '2020-10-05 10:12:27');
INSERT INTO `sec_role_permission` (`id`, `role_id`, `menu_id`, `can_access`, `can_create`, `can_edit`, `can_delete`, `createby`, `createdate`) VALUES ('3887', '3', '161', '1', '0', '0', '0', '1', '2020-10-05 10:12:27');
INSERT INTO `sec_role_permission` (`id`, `role_id`, `menu_id`, `can_access`, `can_create`, `can_edit`, `can_delete`, `createby`, `createdate`) VALUES ('3888', '3', '162', '1', '0', '0', '0', '1', '2020-10-05 10:12:27');
INSERT INTO `sec_role_permission` (`id`, `role_id`, `menu_id`, `can_access`, `can_create`, `can_edit`, `can_delete`, `createby`, `createdate`) VALUES ('3889', '3', '163', '0', '0', '0', '0', '1', '2020-10-05 10:12:27');
INSERT INTO `sec_role_permission` (`id`, `role_id`, `menu_id`, `can_access`, `can_create`, `can_edit`, `can_delete`, `createby`, `createdate`) VALUES ('3890', '3', '164', '1', '0', '0', '0', '1', '2020-10-05 10:12:27');
INSERT INTO `sec_role_permission` (`id`, `role_id`, `menu_id`, `can_access`, `can_create`, `can_edit`, `can_delete`, `createby`, `createdate`) VALUES ('3891', '3', '165', '1', '0', '0', '0', '1', '2020-10-05 10:12:27');
INSERT INTO `sec_role_permission` (`id`, `role_id`, `menu_id`, `can_access`, `can_create`, `can_edit`, `can_delete`, `createby`, `createdate`) VALUES ('3892', '3', '222', '1', '1', '0', '0', '1', '2020-10-05 10:12:27');
INSERT INTO `sec_role_permission` (`id`, `role_id`, `menu_id`, `can_access`, `can_create`, `can_edit`, `can_delete`, `createby`, `createdate`) VALUES ('3893', '3', '223', '1', '0', '0', '0', '1', '2020-10-05 10:12:27');
INSERT INTO `sec_role_permission` (`id`, `role_id`, `menu_id`, `can_access`, `can_create`, `can_edit`, `can_delete`, `createby`, `createdate`) VALUES ('3894', '3', '224', '0', '0', '0', '0', '1', '2020-10-05 10:12:27');
INSERT INTO `sec_role_permission` (`id`, `role_id`, `menu_id`, `can_access`, `can_create`, `can_edit`, `can_delete`, `createby`, `createdate`) VALUES ('3895', '3', '225', '1', '0', '0', '0', '1', '2020-10-05 10:12:27');
INSERT INTO `sec_role_permission` (`id`, `role_id`, `menu_id`, `can_access`, `can_create`, `can_edit`, `can_delete`, `createby`, `createdate`) VALUES ('3896', '3', '213', '0', '0', '0', '0', '1', '2020-10-05 10:12:27');
INSERT INTO `sec_role_permission` (`id`, `role_id`, `menu_id`, `can_access`, `can_create`, `can_edit`, `can_delete`, `createby`, `createdate`) VALUES ('3897', '3', '214', '0', '0', '0', '0', '1', '2020-10-05 10:12:27');
INSERT INTO `sec_role_permission` (`id`, `role_id`, `menu_id`, `can_access`, `can_create`, `can_edit`, `can_delete`, `createby`, `createdate`) VALUES ('3898', '3', '215', '0', '0', '0', '0', '1', '2020-10-05 10:12:27');
INSERT INTO `sec_role_permission` (`id`, `role_id`, `menu_id`, `can_access`, `can_create`, `can_edit`, `can_delete`, `createby`, `createdate`) VALUES ('3899', '3', '216', '0', '0', '0', '0', '1', '2020-10-05 10:12:27');
INSERT INTO `sec_role_permission` (`id`, `role_id`, `menu_id`, `can_access`, `can_create`, `can_edit`, `can_delete`, `createby`, `createdate`) VALUES ('3900', '3', '217', '0', '0', '0', '0', '1', '2020-10-05 10:12:27');
INSERT INTO `sec_role_permission` (`id`, `role_id`, `menu_id`, `can_access`, `can_create`, `can_edit`, `can_delete`, `createby`, `createdate`) VALUES ('3901', '3', '218', '0', '0', '0', '0', '1', '2020-10-05 10:12:27');
INSERT INTO `sec_role_permission` (`id`, `role_id`, `menu_id`, `can_access`, `can_create`, `can_edit`, `can_delete`, `createby`, `createdate`) VALUES ('3902', '3', '167', '1', '0', '0', '0', '1', '2020-10-05 10:12:27');
INSERT INTO `sec_role_permission` (`id`, `role_id`, `menu_id`, `can_access`, `can_create`, `can_edit`, `can_delete`, `createby`, `createdate`) VALUES ('3903', '3', '168', '1', '0', '0', '0', '1', '2020-10-05 10:12:27');
INSERT INTO `sec_role_permission` (`id`, `role_id`, `menu_id`, `can_access`, `can_create`, `can_edit`, `can_delete`, `createby`, `createdate`) VALUES ('3904', '3', '169', '1', '0', '0', '0', '1', '2020-10-05 10:12:27');
INSERT INTO `sec_role_permission` (`id`, `role_id`, `menu_id`, `can_access`, `can_create`, `can_edit`, `can_delete`, `createby`, `createdate`) VALUES ('3905', '3', '186', '0', '0', '0', '0', '1', '2020-10-05 10:12:27');
INSERT INTO `sec_role_permission` (`id`, `role_id`, `menu_id`, `can_access`, `can_create`, `can_edit`, `can_delete`, `createby`, `createdate`) VALUES ('3906', '3', '187', '1', '1', '1', '0', '1', '2020-10-05 10:12:27');
INSERT INTO `sec_role_permission` (`id`, `role_id`, `menu_id`, `can_access`, `can_create`, `can_edit`, `can_delete`, `createby`, `createdate`) VALUES ('3907', '3', '170', '0', '0', '0', '0', '1', '2020-10-05 10:12:27');
INSERT INTO `sec_role_permission` (`id`, `role_id`, `menu_id`, `can_access`, `can_create`, `can_edit`, `can_delete`, `createby`, `createdate`) VALUES ('3908', '3', '171', '0', '0', '0', '0', '1', '2020-10-05 10:12:27');
INSERT INTO `sec_role_permission` (`id`, `role_id`, `menu_id`, `can_access`, `can_create`, `can_edit`, `can_delete`, `createby`, `createdate`) VALUES ('3909', '3', '172', '0', '0', '0', '0', '1', '2020-10-05 10:12:27');
INSERT INTO `sec_role_permission` (`id`, `role_id`, `menu_id`, `can_access`, `can_create`, `can_edit`, `can_delete`, `createby`, `createdate`) VALUES ('3910', '3', '173', '1', '0', '0', '0', '1', '2020-10-05 10:12:27');
INSERT INTO `sec_role_permission` (`id`, `role_id`, `menu_id`, `can_access`, `can_create`, `can_edit`, `can_delete`, `createby`, `createdate`) VALUES ('3911', '3', '221', '1', '0', '0', '0', '1', '2020-10-05 10:12:27');
INSERT INTO `sec_role_permission` (`id`, `role_id`, `menu_id`, `can_access`, `can_create`, `can_edit`, `can_delete`, `createby`, `createdate`) VALUES ('3912', '3', '174', '0', '0', '0', '0', '1', '2020-10-05 10:12:27');
INSERT INTO `sec_role_permission` (`id`, `role_id`, `menu_id`, `can_access`, `can_create`, `can_edit`, `can_delete`, `createby`, `createdate`) VALUES ('3913', '3', '175', '0', '0', '0', '0', '1', '2020-10-05 10:12:27');
INSERT INTO `sec_role_permission` (`id`, `role_id`, `menu_id`, `can_access`, `can_create`, `can_edit`, `can_delete`, `createby`, `createdate`) VALUES ('3914', '3', '176', '0', '0', '0', '0', '1', '2020-10-05 10:12:27');
INSERT INTO `sec_role_permission` (`id`, `role_id`, `menu_id`, `can_access`, `can_create`, `can_edit`, `can_delete`, `createby`, `createdate`) VALUES ('3915', '3', '219', '1', '0', '0', '0', '1', '2020-10-05 10:12:27');
INSERT INTO `sec_role_permission` (`id`, `role_id`, `menu_id`, `can_access`, `can_create`, `can_edit`, `can_delete`, `createby`, `createdate`) VALUES ('3916', '3', '150', '1', '0', '0', '0', '1', '2020-10-05 10:12:27');
INSERT INTO `sec_role_permission` (`id`, `role_id`, `menu_id`, `can_access`, `can_create`, `can_edit`, `can_delete`, `createby`, `createdate`) VALUES ('3917', '3', '151', '0', '0', '0', '0', '1', '2020-10-05 10:12:27');
INSERT INTO `sec_role_permission` (`id`, `role_id`, `menu_id`, `can_access`, `can_create`, `can_edit`, `can_delete`, `createby`, `createdate`) VALUES ('3918', '3', '152', '0', '0', '0', '0', '1', '2020-10-05 10:12:27');
INSERT INTO `sec_role_permission` (`id`, `role_id`, `menu_id`, `can_access`, `can_create`, `can_edit`, `can_delete`, `createby`, `createdate`) VALUES ('3919', '3', '153', '0', '0', '0', '0', '1', '2020-10-05 10:12:27');
INSERT INTO `sec_role_permission` (`id`, `role_id`, `menu_id`, `can_access`, `can_create`, `can_edit`, `can_delete`, `createby`, `createdate`) VALUES ('3920', '3', '154', '0', '0', '0', '0', '1', '2020-10-05 10:12:27');
INSERT INTO `sec_role_permission` (`id`, `role_id`, `menu_id`, `can_access`, `can_create`, `can_edit`, `can_delete`, `createby`, `createdate`) VALUES ('3921', '3', '155', '0', '0', '0', '0', '1', '2020-10-05 10:12:27');
INSERT INTO `sec_role_permission` (`id`, `role_id`, `menu_id`, `can_access`, `can_create`, `can_edit`, `can_delete`, `createby`, `createdate`) VALUES ('3922', '3', '220', '0', '0', '0', '0', '1', '2020-10-05 10:12:27');
INSERT INTO `sec_role_permission` (`id`, `role_id`, `menu_id`, `can_access`, `can_create`, `can_edit`, `can_delete`, `createby`, `createdate`) VALUES ('3923', '3', '177', '1', '0', '0', '0', '1', '2020-10-05 10:12:27');
INSERT INTO `sec_role_permission` (`id`, `role_id`, `menu_id`, `can_access`, `can_create`, `can_edit`, `can_delete`, `createby`, `createdate`) VALUES ('3924', '3', '178', '0', '0', '0', '0', '1', '2020-10-05 10:12:27');
INSERT INTO `sec_role_permission` (`id`, `role_id`, `menu_id`, `can_access`, `can_create`, `can_edit`, `can_delete`, `createby`, `createdate`) VALUES ('3925', '3', '179', '0', '0', '0', '0', '1', '2020-10-05 10:12:27');
INSERT INTO `sec_role_permission` (`id`, `role_id`, `menu_id`, `can_access`, `can_create`, `can_edit`, `can_delete`, `createby`, `createdate`) VALUES ('3926', '3', '180', '0', '0', '0', '0', '1', '2020-10-05 10:12:27');
INSERT INTO `sec_role_permission` (`id`, `role_id`, `menu_id`, `can_access`, `can_create`, `can_edit`, `can_delete`, `createby`, `createdate`) VALUES ('3927', '3', '181', '0', '0', '0', '0', '1', '2020-10-05 10:12:27');
INSERT INTO `sec_role_permission` (`id`, `role_id`, `menu_id`, `can_access`, `can_create`, `can_edit`, `can_delete`, `createby`, `createdate`) VALUES ('3928', '3', '182', '0', '0', '0', '0', '1', '2020-10-05 10:12:27');
INSERT INTO `sec_role_permission` (`id`, `role_id`, `menu_id`, `can_access`, `can_create`, `can_edit`, `can_delete`, `createby`, `createdate`) VALUES ('3929', '3', '183', '0', '0', '0', '0', '1', '2020-10-05 10:12:27');
INSERT INTO `sec_role_permission` (`id`, `role_id`, `menu_id`, `can_access`, `can_create`, `can_edit`, `can_delete`, `createby`, `createdate`) VALUES ('4122', '5', '226', '1', '1', '1', '1', '1', '2020-10-06 05:59:06');
INSERT INTO `sec_role_permission` (`id`, `role_id`, `menu_id`, `can_access`, `can_create`, `can_edit`, `can_delete`, `createby`, `createdate`) VALUES ('4123', '5', '227', '1', '1', '1', '1', '1', '2020-10-06 05:59:06');
INSERT INTO `sec_role_permission` (`id`, `role_id`, `menu_id`, `can_access`, `can_create`, `can_edit`, `can_delete`, `createby`, `createdate`) VALUES ('4124', '5', '228', '0', '0', '0', '0', '1', '2020-10-06 05:59:06');
INSERT INTO `sec_role_permission` (`id`, `role_id`, `menu_id`, `can_access`, `can_create`, `can_edit`, `can_delete`, `createby`, `createdate`) VALUES ('4125', '5', '229', '1', '1', '1', '1', '1', '2020-10-06 05:59:06');
INSERT INTO `sec_role_permission` (`id`, `role_id`, `menu_id`, `can_access`, `can_create`, `can_edit`, `can_delete`, `createby`, `createdate`) VALUES ('4126', '5', '134', '0', '0', '0', '0', '1', '2020-10-06 05:59:06');
INSERT INTO `sec_role_permission` (`id`, `role_id`, `menu_id`, `can_access`, `can_create`, `can_edit`, `can_delete`, `createby`, `createdate`) VALUES ('4127', '5', '137', '0', '0', '0', '0', '1', '2020-10-06 05:59:06');
INSERT INTO `sec_role_permission` (`id`, `role_id`, `menu_id`, `can_access`, `can_create`, `can_edit`, `can_delete`, `createby`, `createdate`) VALUES ('4128', '5', '142', '0', '0', '0', '0', '1', '2020-10-06 05:59:06');
INSERT INTO `sec_role_permission` (`id`, `role_id`, `menu_id`, `can_access`, `can_create`, `can_edit`, `can_delete`, `createby`, `createdate`) VALUES ('4129', '5', '143', '0', '0', '0', '0', '1', '2020-10-06 05:59:06');
INSERT INTO `sec_role_permission` (`id`, `role_id`, `menu_id`, `can_access`, `can_create`, `can_edit`, `can_delete`, `createby`, `createdate`) VALUES ('4130', '5', '144', '0', '0', '0', '0', '1', '2020-10-06 05:59:06');
INSERT INTO `sec_role_permission` (`id`, `role_id`, `menu_id`, `can_access`, `can_create`, `can_edit`, `can_delete`, `createby`, `createdate`) VALUES ('4131', '5', '145', '0', '0', '0', '0', '1', '2020-10-06 05:59:06');
INSERT INTO `sec_role_permission` (`id`, `role_id`, `menu_id`, `can_access`, `can_create`, `can_edit`, `can_delete`, `createby`, `createdate`) VALUES ('4132', '5', '147', '1', '1', '0', '0', '1', '2020-10-06 05:59:06');
INSERT INTO `sec_role_permission` (`id`, `role_id`, `menu_id`, `can_access`, `can_create`, `can_edit`, `can_delete`, `createby`, `createdate`) VALUES ('4133', '5', '148', '1', '0', '0', '0', '1', '2020-10-06 05:59:06');
INSERT INTO `sec_role_permission` (`id`, `role_id`, `menu_id`, `can_access`, `can_create`, `can_edit`, `can_delete`, `createby`, `createdate`) VALUES ('4134', '5', '211', '1', '0', '0', '0', '1', '2020-10-06 05:59:06');
INSERT INTO `sec_role_permission` (`id`, `role_id`, `menu_id`, `can_access`, `can_create`, `can_edit`, `can_delete`, `createby`, `createdate`) VALUES ('4135', '5', '212', '0', '0', '0', '0', '1', '2020-10-06 05:59:06');
INSERT INTO `sec_role_permission` (`id`, `role_id`, `menu_id`, `can_access`, `can_create`, `can_edit`, `can_delete`, `createby`, `createdate`) VALUES ('4136', '5', '149', '1', '0', '0', '0', '1', '2020-10-06 05:59:06');
INSERT INTO `sec_role_permission` (`id`, `role_id`, `menu_id`, `can_access`, `can_create`, `can_edit`, `can_delete`, `createby`, `createdate`) VALUES ('4137', '5', '204', '0', '0', '0', '0', '1', '2020-10-06 05:59:06');
INSERT INTO `sec_role_permission` (`id`, `role_id`, `menu_id`, `can_access`, `can_create`, `can_edit`, `can_delete`, `createby`, `createdate`) VALUES ('4138', '5', '205', '0', '0', '0', '0', '1', '2020-10-06 05:59:06');
INSERT INTO `sec_role_permission` (`id`, `role_id`, `menu_id`, `can_access`, `can_create`, `can_edit`, `can_delete`, `createby`, `createdate`) VALUES ('4139', '5', '156', '0', '0', '0', '0', '1', '2020-10-06 05:59:06');
INSERT INTO `sec_role_permission` (`id`, `role_id`, `menu_id`, `can_access`, `can_create`, `can_edit`, `can_delete`, `createby`, `createdate`) VALUES ('4140', '5', '157', '0', '0', '0', '0', '1', '2020-10-06 05:59:06');
INSERT INTO `sec_role_permission` (`id`, `role_id`, `menu_id`, `can_access`, `can_create`, `can_edit`, `can_delete`, `createby`, `createdate`) VALUES ('4141', '5', '158', '0', '0', '0', '0', '1', '2020-10-06 05:59:06');
INSERT INTO `sec_role_permission` (`id`, `role_id`, `menu_id`, `can_access`, `can_create`, `can_edit`, `can_delete`, `createby`, `createdate`) VALUES ('4142', '5', '159', '0', '0', '0', '0', '1', '2020-10-06 05:59:06');
INSERT INTO `sec_role_permission` (`id`, `role_id`, `menu_id`, `can_access`, `can_create`, `can_edit`, `can_delete`, `createby`, `createdate`) VALUES ('4143', '5', '161', '1', '0', '0', '0', '1', '2020-10-06 05:59:06');
INSERT INTO `sec_role_permission` (`id`, `role_id`, `menu_id`, `can_access`, `can_create`, `can_edit`, `can_delete`, `createby`, `createdate`) VALUES ('4144', '5', '162', '1', '0', '1', '0', '1', '2020-10-06 05:59:06');
INSERT INTO `sec_role_permission` (`id`, `role_id`, `menu_id`, `can_access`, `can_create`, `can_edit`, `can_delete`, `createby`, `createdate`) VALUES ('4145', '5', '163', '0', '0', '0', '0', '1', '2020-10-06 05:59:06');
INSERT INTO `sec_role_permission` (`id`, `role_id`, `menu_id`, `can_access`, `can_create`, `can_edit`, `can_delete`, `createby`, `createdate`) VALUES ('4146', '5', '164', '1', '0', '1', '0', '1', '2020-10-06 05:59:06');
INSERT INTO `sec_role_permission` (`id`, `role_id`, `menu_id`, `can_access`, `can_create`, `can_edit`, `can_delete`, `createby`, `createdate`) VALUES ('4147', '5', '165', '1', '0', '1', '0', '1', '2020-10-06 05:59:06');
INSERT INTO `sec_role_permission` (`id`, `role_id`, `menu_id`, `can_access`, `can_create`, `can_edit`, `can_delete`, `createby`, `createdate`) VALUES ('4148', '5', '222', '1', '0', '1', '0', '1', '2020-10-06 05:59:06');
INSERT INTO `sec_role_permission` (`id`, `role_id`, `menu_id`, `can_access`, `can_create`, `can_edit`, `can_delete`, `createby`, `createdate`) VALUES ('4149', '5', '223', '1', '0', '1', '0', '1', '2020-10-06 05:59:06');
INSERT INTO `sec_role_permission` (`id`, `role_id`, `menu_id`, `can_access`, `can_create`, `can_edit`, `can_delete`, `createby`, `createdate`) VALUES ('4150', '5', '224', '1', '0', '0', '0', '1', '2020-10-06 05:59:06');
INSERT INTO `sec_role_permission` (`id`, `role_id`, `menu_id`, `can_access`, `can_create`, `can_edit`, `can_delete`, `createby`, `createdate`) VALUES ('4151', '5', '225', '1', '0', '1', '0', '1', '2020-10-06 05:59:06');
INSERT INTO `sec_role_permission` (`id`, `role_id`, `menu_id`, `can_access`, `can_create`, `can_edit`, `can_delete`, `createby`, `createdate`) VALUES ('4152', '5', '213', '0', '0', '0', '0', '1', '2020-10-06 05:59:06');
INSERT INTO `sec_role_permission` (`id`, `role_id`, `menu_id`, `can_access`, `can_create`, `can_edit`, `can_delete`, `createby`, `createdate`) VALUES ('4153', '5', '214', '0', '0', '0', '0', '1', '2020-10-06 05:59:06');
INSERT INTO `sec_role_permission` (`id`, `role_id`, `menu_id`, `can_access`, `can_create`, `can_edit`, `can_delete`, `createby`, `createdate`) VALUES ('4154', '5', '215', '0', '0', '0', '0', '1', '2020-10-06 05:59:06');
INSERT INTO `sec_role_permission` (`id`, `role_id`, `menu_id`, `can_access`, `can_create`, `can_edit`, `can_delete`, `createby`, `createdate`) VALUES ('4155', '5', '216', '0', '0', '0', '0', '1', '2020-10-06 05:59:06');
INSERT INTO `sec_role_permission` (`id`, `role_id`, `menu_id`, `can_access`, `can_create`, `can_edit`, `can_delete`, `createby`, `createdate`) VALUES ('4156', '5', '217', '0', '0', '0', '0', '1', '2020-10-06 05:59:06');
INSERT INTO `sec_role_permission` (`id`, `role_id`, `menu_id`, `can_access`, `can_create`, `can_edit`, `can_delete`, `createby`, `createdate`) VALUES ('4157', '5', '218', '0', '0', '0', '0', '1', '2020-10-06 05:59:06');
INSERT INTO `sec_role_permission` (`id`, `role_id`, `menu_id`, `can_access`, `can_create`, `can_edit`, `can_delete`, `createby`, `createdate`) VALUES ('4158', '5', '167', '1', '0', '0', '0', '1', '2020-10-06 05:59:06');
INSERT INTO `sec_role_permission` (`id`, `role_id`, `menu_id`, `can_access`, `can_create`, `can_edit`, `can_delete`, `createby`, `createdate`) VALUES ('4159', '5', '168', '1', '0', '0', '0', '1', '2020-10-06 05:59:06');
INSERT INTO `sec_role_permission` (`id`, `role_id`, `menu_id`, `can_access`, `can_create`, `can_edit`, `can_delete`, `createby`, `createdate`) VALUES ('4160', '5', '169', '1', '0', '0', '0', '1', '2020-10-06 05:59:06');
INSERT INTO `sec_role_permission` (`id`, `role_id`, `menu_id`, `can_access`, `can_create`, `can_edit`, `can_delete`, `createby`, `createdate`) VALUES ('4161', '5', '186', '0', '0', '0', '0', '1', '2020-10-06 05:59:06');
INSERT INTO `sec_role_permission` (`id`, `role_id`, `menu_id`, `can_access`, `can_create`, `can_edit`, `can_delete`, `createby`, `createdate`) VALUES ('4162', '5', '187', '1', '1', '1', '0', '1', '2020-10-06 05:59:06');
INSERT INTO `sec_role_permission` (`id`, `role_id`, `menu_id`, `can_access`, `can_create`, `can_edit`, `can_delete`, `createby`, `createdate`) VALUES ('4163', '5', '170', '1', '1', '1', '1', '1', '2020-10-06 05:59:06');
INSERT INTO `sec_role_permission` (`id`, `role_id`, `menu_id`, `can_access`, `can_create`, `can_edit`, `can_delete`, `createby`, `createdate`) VALUES ('4164', '5', '171', '1', '1', '1', '1', '1', '2020-10-06 05:59:06');
INSERT INTO `sec_role_permission` (`id`, `role_id`, `menu_id`, `can_access`, `can_create`, `can_edit`, `can_delete`, `createby`, `createdate`) VALUES ('4165', '5', '172', '1', '1', '1', '1', '1', '2020-10-06 05:59:06');
INSERT INTO `sec_role_permission` (`id`, `role_id`, `menu_id`, `can_access`, `can_create`, `can_edit`, `can_delete`, `createby`, `createdate`) VALUES ('4166', '5', '173', '1', '0', '0', '0', '1', '2020-10-06 05:59:06');
INSERT INTO `sec_role_permission` (`id`, `role_id`, `menu_id`, `can_access`, `can_create`, `can_edit`, `can_delete`, `createby`, `createdate`) VALUES ('4167', '5', '221', '1', '0', '0', '0', '1', '2020-10-06 05:59:06');
INSERT INTO `sec_role_permission` (`id`, `role_id`, `menu_id`, `can_access`, `can_create`, `can_edit`, `can_delete`, `createby`, `createdate`) VALUES ('4168', '5', '174', '0', '0', '0', '0', '1', '2020-10-06 05:59:06');
INSERT INTO `sec_role_permission` (`id`, `role_id`, `menu_id`, `can_access`, `can_create`, `can_edit`, `can_delete`, `createby`, `createdate`) VALUES ('4169', '5', '175', '0', '0', '0', '0', '1', '2020-10-06 05:59:06');
INSERT INTO `sec_role_permission` (`id`, `role_id`, `menu_id`, `can_access`, `can_create`, `can_edit`, `can_delete`, `createby`, `createdate`) VALUES ('4170', '5', '176', '0', '0', '0', '0', '1', '2020-10-06 05:59:06');
INSERT INTO `sec_role_permission` (`id`, `role_id`, `menu_id`, `can_access`, `can_create`, `can_edit`, `can_delete`, `createby`, `createdate`) VALUES ('4171', '5', '219', '1', '0', '0', '0', '1', '2020-10-06 05:59:06');
INSERT INTO `sec_role_permission` (`id`, `role_id`, `menu_id`, `can_access`, `can_create`, `can_edit`, `can_delete`, `createby`, `createdate`) VALUES ('4172', '5', '150', '1', '1', '0', '0', '1', '2020-10-06 05:59:06');
INSERT INTO `sec_role_permission` (`id`, `role_id`, `menu_id`, `can_access`, `can_create`, `can_edit`, `can_delete`, `createby`, `createdate`) VALUES ('4173', '5', '151', '1', '1', '0', '0', '1', '2020-10-06 05:59:06');
INSERT INTO `sec_role_permission` (`id`, `role_id`, `menu_id`, `can_access`, `can_create`, `can_edit`, `can_delete`, `createby`, `createdate`) VALUES ('4174', '5', '152', '1', '1', '0', '0', '1', '2020-10-06 05:59:06');
INSERT INTO `sec_role_permission` (`id`, `role_id`, `menu_id`, `can_access`, `can_create`, `can_edit`, `can_delete`, `createby`, `createdate`) VALUES ('4175', '5', '153', '0', '0', '0', '0', '1', '2020-10-06 05:59:06');
INSERT INTO `sec_role_permission` (`id`, `role_id`, `menu_id`, `can_access`, `can_create`, `can_edit`, `can_delete`, `createby`, `createdate`) VALUES ('4176', '5', '154', '0', '0', '0', '0', '1', '2020-10-06 05:59:06');
INSERT INTO `sec_role_permission` (`id`, `role_id`, `menu_id`, `can_access`, `can_create`, `can_edit`, `can_delete`, `createby`, `createdate`) VALUES ('4177', '5', '155', '0', '0', '0', '0', '1', '2020-10-06 05:59:06');
INSERT INTO `sec_role_permission` (`id`, `role_id`, `menu_id`, `can_access`, `can_create`, `can_edit`, `can_delete`, `createby`, `createdate`) VALUES ('4178', '5', '220', '0', '0', '0', '0', '1', '2020-10-06 05:59:06');
INSERT INTO `sec_role_permission` (`id`, `role_id`, `menu_id`, `can_access`, `can_create`, `can_edit`, `can_delete`, `createby`, `createdate`) VALUES ('4179', '5', '177', '0', '0', '0', '0', '1', '2020-10-06 05:59:06');
INSERT INTO `sec_role_permission` (`id`, `role_id`, `menu_id`, `can_access`, `can_create`, `can_edit`, `can_delete`, `createby`, `createdate`) VALUES ('4180', '5', '178', '0', '0', '0', '0', '1', '2020-10-06 05:59:06');
INSERT INTO `sec_role_permission` (`id`, `role_id`, `menu_id`, `can_access`, `can_create`, `can_edit`, `can_delete`, `createby`, `createdate`) VALUES ('4181', '5', '179', '0', '0', '0', '0', '1', '2020-10-06 05:59:06');
INSERT INTO `sec_role_permission` (`id`, `role_id`, `menu_id`, `can_access`, `can_create`, `can_edit`, `can_delete`, `createby`, `createdate`) VALUES ('4182', '5', '180', '0', '0', '0', '0', '1', '2020-10-06 05:59:06');
INSERT INTO `sec_role_permission` (`id`, `role_id`, `menu_id`, `can_access`, `can_create`, `can_edit`, `can_delete`, `createby`, `createdate`) VALUES ('4183', '5', '181', '0', '0', '0', '0', '1', '2020-10-06 05:59:06');
INSERT INTO `sec_role_permission` (`id`, `role_id`, `menu_id`, `can_access`, `can_create`, `can_edit`, `can_delete`, `createby`, `createdate`) VALUES ('4184', '5', '182', '0', '0', '0', '0', '1', '2020-10-06 05:59:06');
INSERT INTO `sec_role_permission` (`id`, `role_id`, `menu_id`, `can_access`, `can_create`, `can_edit`, `can_delete`, `createby`, `createdate`) VALUES ('4185', '5', '183', '0', '0', '0', '0', '1', '2020-10-06 05:59:06');
INSERT INTO `sec_role_permission` (`id`, `role_id`, `menu_id`, `can_access`, `can_create`, `can_edit`, `can_delete`, `createby`, `createdate`) VALUES ('4466', '7', '147', '0', '1', '0', '0', '1', '2021-03-12 02:08:53');
INSERT INTO `sec_role_permission` (`id`, `role_id`, `menu_id`, `can_access`, `can_create`, `can_edit`, `can_delete`, `createby`, `createdate`) VALUES ('4467', '7', '148', '0', '1', '0', '0', '1', '2021-03-12 02:08:53');
INSERT INTO `sec_role_permission` (`id`, `role_id`, `menu_id`, `can_access`, `can_create`, `can_edit`, `can_delete`, `createby`, `createdate`) VALUES ('4468', '7', '211', '0', '1', '0', '0', '1', '2021-03-12 02:08:53');
INSERT INTO `sec_role_permission` (`id`, `role_id`, `menu_id`, `can_access`, `can_create`, `can_edit`, `can_delete`, `createby`, `createdate`) VALUES ('4469', '7', '212', '0', '0', '0', '0', '1', '2021-03-12 02:08:53');
INSERT INTO `sec_role_permission` (`id`, `role_id`, `menu_id`, `can_access`, `can_create`, `can_edit`, `can_delete`, `createby`, `createdate`) VALUES ('4470', '7', '149', '0', '0', '0', '0', '1', '2021-03-12 02:08:53');
INSERT INTO `sec_role_permission` (`id`, `role_id`, `menu_id`, `can_access`, `can_create`, `can_edit`, `can_delete`, `createby`, `createdate`) VALUES ('4471', '7', '156', '0', '0', '0', '0', '1', '2021-03-12 02:08:53');
INSERT INTO `sec_role_permission` (`id`, `role_id`, `menu_id`, `can_access`, `can_create`, `can_edit`, `can_delete`, `createby`, `createdate`) VALUES ('4472', '7', '157', '0', '0', '0', '0', '1', '2021-03-12 02:08:53');
INSERT INTO `sec_role_permission` (`id`, `role_id`, `menu_id`, `can_access`, `can_create`, `can_edit`, `can_delete`, `createby`, `createdate`) VALUES ('4473', '7', '158', '0', '0', '0', '0', '1', '2021-03-12 02:08:53');
INSERT INTO `sec_role_permission` (`id`, `role_id`, `menu_id`, `can_access`, `can_create`, `can_edit`, `can_delete`, `createby`, `createdate`) VALUES ('4474', '7', '159', '0', '0', '0', '0', '1', '2021-03-12 02:08:53');
INSERT INTO `sec_role_permission` (`id`, `role_id`, `menu_id`, `can_access`, `can_create`, `can_edit`, `can_delete`, `createby`, `createdate`) VALUES ('4475', '7', '231', '0', '0', '0', '0', '1', '2021-03-12 02:08:53');
INSERT INTO `sec_role_permission` (`id`, `role_id`, `menu_id`, `can_access`, `can_create`, `can_edit`, `can_delete`, `createby`, `createdate`) VALUES ('4476', '7', '161', '0', '0', '0', '0', '1', '2021-03-12 02:08:53');
INSERT INTO `sec_role_permission` (`id`, `role_id`, `menu_id`, `can_access`, `can_create`, `can_edit`, `can_delete`, `createby`, `createdate`) VALUES ('4477', '7', '162', '0', '1', '0', '0', '1', '2021-03-12 02:08:53');
INSERT INTO `sec_role_permission` (`id`, `role_id`, `menu_id`, `can_access`, `can_create`, `can_edit`, `can_delete`, `createby`, `createdate`) VALUES ('4478', '7', '163', '0', '0', '0', '0', '1', '2021-03-12 02:08:53');
INSERT INTO `sec_role_permission` (`id`, `role_id`, `menu_id`, `can_access`, `can_create`, `can_edit`, `can_delete`, `createby`, `createdate`) VALUES ('4479', '7', '164', '0', '1', '0', '0', '1', '2021-03-12 02:08:53');
INSERT INTO `sec_role_permission` (`id`, `role_id`, `menu_id`, `can_access`, `can_create`, `can_edit`, `can_delete`, `createby`, `createdate`) VALUES ('4480', '7', '165', '0', '0', '0', '0', '1', '2021-03-12 02:08:53');
INSERT INTO `sec_role_permission` (`id`, `role_id`, `menu_id`, `can_access`, `can_create`, `can_edit`, `can_delete`, `createby`, `createdate`) VALUES ('4481', '7', '222', '0', '0', '0', '0', '1', '2021-03-12 02:08:53');
INSERT INTO `sec_role_permission` (`id`, `role_id`, `menu_id`, `can_access`, `can_create`, `can_edit`, `can_delete`, `createby`, `createdate`) VALUES ('4482', '7', '223', '0', '0', '0', '0', '1', '2021-03-12 02:08:53');
INSERT INTO `sec_role_permission` (`id`, `role_id`, `menu_id`, `can_access`, `can_create`, `can_edit`, `can_delete`, `createby`, `createdate`) VALUES ('4483', '7', '224', '0', '0', '0', '0', '1', '2021-03-12 02:08:53');
INSERT INTO `sec_role_permission` (`id`, `role_id`, `menu_id`, `can_access`, `can_create`, `can_edit`, `can_delete`, `createby`, `createdate`) VALUES ('4484', '7', '225', '0', '0', '0', '0', '1', '2021-03-12 02:08:53');
INSERT INTO `sec_role_permission` (`id`, `role_id`, `menu_id`, `can_access`, `can_create`, `can_edit`, `can_delete`, `createby`, `createdate`) VALUES ('4485', '7', '232', '0', '0', '0', '0', '1', '2021-03-12 02:08:53');
INSERT INTO `sec_role_permission` (`id`, `role_id`, `menu_id`, `can_access`, `can_create`, `can_edit`, `can_delete`, `createby`, `createdate`) VALUES ('4486', '7', '233', '0', '0', '0', '0', '1', '2021-03-12 02:08:53');
INSERT INTO `sec_role_permission` (`id`, `role_id`, `menu_id`, `can_access`, `can_create`, `can_edit`, `can_delete`, `createby`, `createdate`) VALUES ('4487', '7', '234', '0', '0', '0', '0', '1', '2021-03-12 02:08:53');
INSERT INTO `sec_role_permission` (`id`, `role_id`, `menu_id`, `can_access`, `can_create`, `can_edit`, `can_delete`, `createby`, `createdate`) VALUES ('4488', '7', '230', '0', '0', '0', '0', '1', '2021-03-12 02:08:53');
INSERT INTO `sec_role_permission` (`id`, `role_id`, `menu_id`, `can_access`, `can_create`, `can_edit`, `can_delete`, `createby`, `createdate`) VALUES ('4489', '7', '167', '0', '0', '0', '0', '1', '2021-03-12 02:08:53');
INSERT INTO `sec_role_permission` (`id`, `role_id`, `menu_id`, `can_access`, `can_create`, `can_edit`, `can_delete`, `createby`, `createdate`) VALUES ('4490', '7', '168', '0', '0', '0', '0', '1', '2021-03-12 02:08:53');
INSERT INTO `sec_role_permission` (`id`, `role_id`, `menu_id`, `can_access`, `can_create`, `can_edit`, `can_delete`, `createby`, `createdate`) VALUES ('4491', '7', '169', '0', '1', '0', '0', '1', '2021-03-12 02:08:53');
INSERT INTO `sec_role_permission` (`id`, `role_id`, `menu_id`, `can_access`, `can_create`, `can_edit`, `can_delete`, `createby`, `createdate`) VALUES ('4492', '7', '186', '0', '0', '0', '0', '1', '2021-03-12 02:08:53');
INSERT INTO `sec_role_permission` (`id`, `role_id`, `menu_id`, `can_access`, `can_create`, `can_edit`, `can_delete`, `createby`, `createdate`) VALUES ('4493', '7', '187', '0', '1', '0', '0', '1', '2021-03-12 02:08:53');
INSERT INTO `sec_role_permission` (`id`, `role_id`, `menu_id`, `can_access`, `can_create`, `can_edit`, `can_delete`, `createby`, `createdate`) VALUES ('4494', '7', '173', '1', '0', '0', '0', '1', '2021-03-12 02:08:53');
INSERT INTO `sec_role_permission` (`id`, `role_id`, `menu_id`, `can_access`, `can_create`, `can_edit`, `can_delete`, `createby`, `createdate`) VALUES ('4495', '7', '221', '1', '0', '0', '0', '1', '2021-03-12 02:08:53');
INSERT INTO `sec_role_permission` (`id`, `role_id`, `menu_id`, `can_access`, `can_create`, `can_edit`, `can_delete`, `createby`, `createdate`) VALUES ('4496', '7', '174', '0', '0', '0', '0', '1', '2021-03-12 02:08:53');
INSERT INTO `sec_role_permission` (`id`, `role_id`, `menu_id`, `can_access`, `can_create`, `can_edit`, `can_delete`, `createby`, `createdate`) VALUES ('4497', '7', '175', '0', '0', '0', '0', '1', '2021-03-12 02:08:53');
INSERT INTO `sec_role_permission` (`id`, `role_id`, `menu_id`, `can_access`, `can_create`, `can_edit`, `can_delete`, `createby`, `createdate`) VALUES ('4498', '7', '176', '0', '0', '0', '0', '1', '2021-03-12 02:08:53');
INSERT INTO `sec_role_permission` (`id`, `role_id`, `menu_id`, `can_access`, `can_create`, `can_edit`, `can_delete`, `createby`, `createdate`) VALUES ('4499', '7', '219', '1', '0', '0', '0', '1', '2021-03-12 02:08:53');
INSERT INTO `sec_role_permission` (`id`, `role_id`, `menu_id`, `can_access`, `can_create`, `can_edit`, `can_delete`, `createby`, `createdate`) VALUES ('4500', '7', '150', '0', '0', '0', '0', '1', '2021-03-12 02:08:53');
INSERT INTO `sec_role_permission` (`id`, `role_id`, `menu_id`, `can_access`, `can_create`, `can_edit`, `can_delete`, `createby`, `createdate`) VALUES ('4501', '7', '151', '0', '0', '0', '0', '1', '2021-03-12 02:08:53');
INSERT INTO `sec_role_permission` (`id`, `role_id`, `menu_id`, `can_access`, `can_create`, `can_edit`, `can_delete`, `createby`, `createdate`) VALUES ('4502', '7', '152', '0', '0', '0', '0', '1', '2021-03-12 02:08:53');
INSERT INTO `sec_role_permission` (`id`, `role_id`, `menu_id`, `can_access`, `can_create`, `can_edit`, `can_delete`, `createby`, `createdate`) VALUES ('4503', '7', '153', '0', '0', '0', '0', '1', '2021-03-12 02:08:53');
INSERT INTO `sec_role_permission` (`id`, `role_id`, `menu_id`, `can_access`, `can_create`, `can_edit`, `can_delete`, `createby`, `createdate`) VALUES ('4504', '7', '154', '0', '0', '0', '0', '1', '2021-03-12 02:08:53');
INSERT INTO `sec_role_permission` (`id`, `role_id`, `menu_id`, `can_access`, `can_create`, `can_edit`, `can_delete`, `createby`, `createdate`) VALUES ('4505', '7', '155', '0', '0', '0', '0', '1', '2021-03-12 02:08:53');
INSERT INTO `sec_role_permission` (`id`, `role_id`, `menu_id`, `can_access`, `can_create`, `can_edit`, `can_delete`, `createby`, `createdate`) VALUES ('4506', '7', '220', '0', '0', '0', '0', '1', '2021-03-12 02:08:53');
INSERT INTO `sec_role_permission` (`id`, `role_id`, `menu_id`, `can_access`, `can_create`, `can_edit`, `can_delete`, `createby`, `createdate`) VALUES ('4507', '7', '177', '0', '1', '0', '0', '1', '2021-03-12 02:08:53');
INSERT INTO `sec_role_permission` (`id`, `role_id`, `menu_id`, `can_access`, `can_create`, `can_edit`, `can_delete`, `createby`, `createdate`) VALUES ('4508', '7', '178', '0', '1', '0', '0', '1', '2021-03-12 02:08:53');
INSERT INTO `sec_role_permission` (`id`, `role_id`, `menu_id`, `can_access`, `can_create`, `can_edit`, `can_delete`, `createby`, `createdate`) VALUES ('4509', '7', '179', '0', '1', '0', '0', '1', '2021-03-12 02:08:53');
INSERT INTO `sec_role_permission` (`id`, `role_id`, `menu_id`, `can_access`, `can_create`, `can_edit`, `can_delete`, `createby`, `createdate`) VALUES ('4510', '7', '180', '0', '1', '0', '0', '1', '2021-03-12 02:08:53');
INSERT INTO `sec_role_permission` (`id`, `role_id`, `menu_id`, `can_access`, `can_create`, `can_edit`, `can_delete`, `createby`, `createdate`) VALUES ('4511', '7', '181', '0', '1', '0', '0', '1', '2021-03-12 02:08:53');
INSERT INTO `sec_role_permission` (`id`, `role_id`, `menu_id`, `can_access`, `can_create`, `can_edit`, `can_delete`, `createby`, `createdate`) VALUES ('4512', '7', '182', '0', '1', '0', '0', '1', '2021-03-12 02:08:53');
INSERT INTO `sec_role_permission` (`id`, `role_id`, `menu_id`, `can_access`, `can_create`, `can_edit`, `can_delete`, `createby`, `createdate`) VALUES ('4513', '7', '183', '0', '1', '0', '0', '1', '2021-03-12 02:08:53');


#
# TABLE STRUCTURE FOR: sec_role_tbl
#


CREATE TABLE `sec_role_tbl` (
  `role_id` int(11) NOT NULL AUTO_INCREMENT,
  `role_name` text NOT NULL,
  `role_description` text NOT NULL,
  `create_by` int(11) DEFAULT NULL,
  `date_time` datetime DEFAULT NULL,
  `role_status` int(11) NOT NULL DEFAULT '1',
  PRIMARY KEY (`role_id`)
) ENGINE=InnoDB AUTO_INCREMENT=8 DEFAULT CHARSET=utf8;

INSERT INTO `sec_role_tbl` (`role_id`, `role_name`, `role_description`, `create_by`, `date_time`, `role_status`) VALUES ('3', 'Manager', 'sdfdfsdf', '2', '2018-10-04 11:22:31', '1');
INSERT INTO `sec_role_tbl` (`role_id`, `role_name`, `role_description`, `create_by`, `date_time`, `role_status`) VALUES ('5', 'employee', 'employee ', '1', '2020-06-10 10:09:13', '1');
INSERT INTO `sec_role_tbl` (`role_id`, `role_name`, `role_description`, `create_by`, `date_time`, `role_status`) VALUES ('6', 'HR', 'Human Resource', '1', '2020-08-31 11:03:48', '1');
INSERT INTO `sec_role_tbl` (`role_id`, `role_name`, `role_description`, `create_by`, `date_time`, `role_status`) VALUES ('7', 'New employee Role for View', 'New employee Role for View or reporting', '1', '2021-03-10 11:46:38', '1');


#
# TABLE STRUCTURE FOR: sec_user_access_tbl
#


CREATE TABLE `sec_user_access_tbl` (
  `role_acc_id` int(11) NOT NULL AUTO_INCREMENT,
  `fk_role_id` int(11) NOT NULL,
  `fk_user_id` int(11) NOT NULL,
  PRIMARY KEY (`role_acc_id`)
) ENGINE=InnoDB AUTO_INCREMENT=19 DEFAULT CHARSET=utf8;

INSERT INTO `sec_user_access_tbl` (`role_acc_id`, `fk_role_id`, `fk_user_id`) VALUES ('2', '5', '3');
INSERT INTO `sec_user_access_tbl` (`role_acc_id`, `fk_role_id`, `fk_user_id`) VALUES ('5', '6', '4');
INSERT INTO `sec_user_access_tbl` (`role_acc_id`, `fk_role_id`, `fk_user_id`) VALUES ('6', '5', '6');
INSERT INTO `sec_user_access_tbl` (`role_acc_id`, `fk_role_id`, `fk_user_id`) VALUES ('8', '3', '7');
INSERT INTO `sec_user_access_tbl` (`role_acc_id`, `fk_role_id`, `fk_user_id`) VALUES ('9', '5', '8');
INSERT INTO `sec_user_access_tbl` (`role_acc_id`, `fk_role_id`, `fk_user_id`) VALUES ('12', '3', '11');
INSERT INTO `sec_user_access_tbl` (`role_acc_id`, `fk_role_id`, `fk_user_id`) VALUES ('14', '7', '16');
INSERT INTO `sec_user_access_tbl` (`role_acc_id`, `fk_role_id`, `fk_user_id`) VALUES ('15', '7', '19');
INSERT INTO `sec_user_access_tbl` (`role_acc_id`, `fk_role_id`, `fk_user_id`) VALUES ('16', '5', '20');
INSERT INTO `sec_user_access_tbl` (`role_acc_id`, `fk_role_id`, `fk_user_id`) VALUES ('17', '7', '21');
INSERT INTO `sec_user_access_tbl` (`role_acc_id`, `fk_role_id`, `fk_user_id`) VALUES ('18', '5', '2');


#
# TABLE STRUCTURE FOR: setting
#


CREATE TABLE `setting` (
  `id` int(11) NOT NULL AUTO_INCREMENT,
  `title` varchar(255) DEFAULT NULL,
  `address` text,
  `email` varchar(50) DEFAULT NULL,
  `phone` varchar(20) DEFAULT NULL,
  `logo` varchar(50) DEFAULT NULL,
  `favicon` varchar(100) DEFAULT NULL,
  `language` varchar(100) DEFAULT NULL,
  `timezone` varchar(150) NOT NULL,
  `site_align` varchar(50) DEFAULT NULL,
  `footer_text` varchar(255) DEFAULT NULL,
  PRIMARY KEY (`id`)
) ENGINE=InnoDB AUTO_INCREMENT=3 DEFAULT CHARSET=utf8;

INSERT INTO `setting` (`id`, `title`, `address`, `email`, `phone`, `logo`, `favicon`, `language`, `timezone`, `site_align`, `footer_text`) VALUES ('2', 'Appedology', 'PK', 'hr@appedology.com', '27956', 'assets/img/icons/2020-09-03/app1.png', 'assets/img/icons/2020-09-04/Des.jpg', 'english', 'Asia/Karachi', 'LTR', 'Copyright @ 2020');


#
# TABLE STRUCTURE FOR: shift
#


CREATE TABLE `shift` (
  `id` int(11) NOT NULL AUTO_INCREMENT,
  `name` varchar(50) NOT NULL,
  PRIMARY KEY (`id`)
) ENGINE=InnoDB AUTO_INCREMENT=6 DEFAULT CHARSET=latin1;

INSERT INTO `shift` (`id`, `name`) VALUES ('3', 'Evening');
INSERT INTO `shift` (`id`, `name`) VALUES ('4', 'Night');
INSERT INTO `shift` (`id`, `name`) VALUES ('5', 'Morning');


#
# TABLE STRUCTURE FOR: social_media_policy
#


CREATE TABLE `social_media_policy` (
  `id` int(11) NOT NULL AUTO_INCREMENT,
  `date` date NOT NULL,
  `category` varchar(100) NOT NULL,
  `text` text NOT NULL,
  `created_on` int(11) DEFAULT NULL,
  `created_by` int(11) DEFAULT NULL,
  PRIMARY KEY (`id`)
) ENGINE=InnoDB AUTO_INCREMENT=3 DEFAULT CHARSET=latin1;

INSERT INTO `social_media_policy` (`id`, `date`, `category`, `text`, `created_on`, `created_by`) VALUES ('1', '2020-12-24', 'Personal Grooming & Hygiene', '<p>desc</p>\r\n', '2020', '1');


#
# TABLE STRUCTURE FOR: synchronizer_setting
#


CREATE TABLE `synchronizer_setting` (
  `id` int(11) NOT NULL AUTO_INCREMENT,
  `hostname` varchar(100) NOT NULL,
  `username` varchar(100) NOT NULL,
  `password` varchar(100) NOT NULL,
  `port` varchar(10) NOT NULL,
  `debug` varchar(10) NOT NULL,
  `project_root` varchar(100) NOT NULL,
  PRIMARY KEY (`id`)
) ENGINE=InnoDB DEFAULT CHARSET=utf8;

#
# TABLE STRUCTURE FOR: template_category
#


CREATE TABLE `template_category` (
  `id` int(11) NOT NULL AUTO_INCREMENT,
  `name` varchar(50) NOT NULL,
  `created_on` date NOT NULL,
  `created_by` int(11) NOT NULL,
  PRIMARY KEY (`id`)
) ENGINE=InnoDB AUTO_INCREMENT=19 DEFAULT CHARSET=latin1;

INSERT INTO `template_category` (`id`, `name`, `created_on`, `created_by`) VALUES ('10', 'Warning Letters', '2020-07-08', '1');
INSERT INTO `template_category` (`id`, `name`, `created_on`, `created_by`) VALUES ('11', 'Termination Letters', '2020-08-17', '1');
INSERT INTO `template_category` (`id`, `name`, `created_on`, `created_by`) VALUES ('12', 'Appointment Letters', '2020-07-08', '1');
INSERT INTO `template_category` (`id`, `name`, `created_on`, `created_by`) VALUES ('13', 'Appreciation Letters', '2020-07-08', '1');
INSERT INTO `template_category` (`id`, `name`, `created_on`, `created_by`) VALUES ('14', 'Promotion Letters', '2020-07-08', '1');
INSERT INTO `template_category` (`id`, `name`, `created_on`, `created_by`) VALUES ('15', 'Demotion Letters', '2020-07-08', '1');
INSERT INTO `template_category` (`id`, `name`, `created_on`, `created_by`) VALUES ('16', 'Allowance', '2021-03-16', '1');


#
# TABLE STRUCTURE FOR: transactions
#


CREATE TABLE `transactions` (
  `id` int(11) NOT NULL AUTO_INCREMENT,
  `type` varchar(100) DEFAULT NULL,
  `internal_account` int(11) DEFAULT NULL,
  `payment_amount` varchar(100) DEFAULT NULL,
  `description` text,
  `employee_pay_id` int(11) DEFAULT NULL,
  `relation_type` int(11) DEFAULT NULL,
  `relation_id` int(11) DEFAULT NULL,
  `created_date` date DEFAULT NULL,
  `relation_name` varchar(150) DEFAULT NULL,
  PRIMARY KEY (`id`)
) ENGINE=InnoDB AUTO_INCREMENT=31 DEFAULT CHARSET=latin1;

INSERT INTO `transactions` (`id`, `type`, `internal_account`, `payment_amount`, `description`, `employee_pay_id`, `relation_type`, `relation_id`, `created_date`, `relation_name`) VALUES ('3', 'debit', '1', '100', '123', NULL, NULL, '1', '2020-10-02', 'expenses');
INSERT INTO `transactions` (`id`, `type`, `internal_account`, `payment_amount`, `description`, `employee_pay_id`, `relation_type`, `relation_id`, `created_date`, `relation_name`) VALUES ('4', 'credit', '2', '1000', 'desc', NULL, NULL, '3', '2020-10-02', 'income');
INSERT INTO `transactions` (`id`, `type`, `internal_account`, `payment_amount`, `description`, `employee_pay_id`, `relation_type`, `relation_id`, `created_date`, `relation_name`) VALUES ('28', 'debit', NULL, '89500', 'Salary Transactions', '26', NULL, NULL, NULL, 'salary');
INSERT INTO `transactions` (`id`, `type`, `internal_account`, `payment_amount`, `description`, `employee_pay_id`, `relation_type`, `relation_id`, `created_date`, `relation_name`) VALUES ('29', 'debit', NULL, '89000', 'Salary Transactions', '27', NULL, NULL, NULL, 'salary');
INSERT INTO `transactions` (`id`, `type`, `internal_account`, `payment_amount`, `description`, `employee_pay_id`, `relation_type`, `relation_id`, `created_date`, `relation_name`) VALUES ('30', 'debit', NULL, '95000', 'Salary Transactions', '28', NULL, NULL, NULL, 'salary');


#
# TABLE STRUCTURE FOR: upload_documents
#


CREATE TABLE `upload_documents` (
  `id` int(11) NOT NULL AUTO_INCREMENT,
  `employee_id` int(11) NOT NULL,
  `documents` varchar(250) NOT NULL,
  `created_date` date DEFAULT NULL,
  PRIMARY KEY (`id`)
) ENGINE=MyISAM AUTO_INCREMENT=29 DEFAULT CHARSET=latin1;

INSERT INTO `upload_documents` (`id`, `employee_id`, `documents`, `created_date`) VALUES ('1', '13', 'Chrysanthemum.jpg', NULL);
INSERT INTO `upload_documents` (`id`, `employee_id`, `documents`, `created_date`) VALUES ('2', '13', 'Desert.jpg', NULL);
INSERT INTO `upload_documents` (`id`, `employee_id`, `documents`, `created_date`) VALUES ('3', '13', 'hasnain_khan.jpg', NULL);
INSERT INTO `upload_documents` (`id`, `employee_id`, `documents`, `created_date`) VALUES ('4', '13', 'Hydrangeas.jpg', NULL);
INSERT INTO `upload_documents` (`id`, `employee_id`, `documents`, `created_date`) VALUES ('5', '13', 'Jellyfish.jpg', NULL);
INSERT INTO `upload_documents` (`id`, `employee_id`, `documents`, `created_date`) VALUES ('6', '13', 'Koala.jpg', NULL);
INSERT INTO `upload_documents` (`id`, `employee_id`, `documents`, `created_date`) VALUES ('7', '13', 'Lighthouse.jpg', NULL);
INSERT INTO `upload_documents` (`id`, `employee_id`, `documents`, `created_date`) VALUES ('8', '13', 'Penguins.jpg', NULL);
INSERT INTO `upload_documents` (`id`, `employee_id`, `documents`, `created_date`) VALUES ('9', '13', 'Desert1.jpg', NULL);
INSERT INTO `upload_documents` (`id`, `employee_id`, `documents`, `created_date`) VALUES ('10', '13', 'Lighthouse1.jpg', NULL);
INSERT INTO `upload_documents` (`id`, `employee_id`, `documents`, `created_date`) VALUES ('19', '4', 'hasnain_khan1.jpg', '2020-10-01');
INSERT INTO `upload_documents` (`id`, `employee_id`, `documents`, `created_date`) VALUES ('20', '4', 'Hydrangeas1.jpg', '2020-10-01');
INSERT INTO `upload_documents` (`id`, `employee_id`, `documents`, `created_date`) VALUES ('21', '4', 'Jellyfish1.jpg', '2020-10-01');
INSERT INTO `upload_documents` (`id`, `employee_id`, `documents`, `created_date`) VALUES ('23', '4', 'Lighthouse2.jpg', '2020-10-01');
INSERT INTO `upload_documents` (`id`, `employee_id`, `documents`, `created_date`) VALUES ('24', '4', 'Penguins1.jpg', '2020-10-01');
INSERT INTO `upload_documents` (`id`, `employee_id`, `documents`, `created_date`) VALUES ('25', '15', 'ExampleFile_(2).csv', '2020-10-04');
INSERT INTO `upload_documents` (`id`, `employee_id`, `documents`, `created_date`) VALUES ('26', '15', 'exportTitle_(2).xlsx', '2020-10-04');
INSERT INTO `upload_documents` (`id`, `employee_id`, `documents`, `created_date`) VALUES ('27', '15', 'exportTitle_(1).xlsx', '2020-10-04');
INSERT INTO `upload_documents` (`id`, `employee_id`, `documents`, `created_date`) VALUES ('28', '12', 'ExampleFile.csv', '2020-10-05');


#
# TABLE STRUCTURE FOR: user
#


CREATE TABLE `user` (
  `id` int(11) NOT NULL AUTO_INCREMENT,
  `firstname` varchar(50) DEFAULT NULL,
  `lastname` varchar(50) DEFAULT NULL,
  `about` text,
  `email` varchar(100) NOT NULL,
  `password` varchar(32) NOT NULL,
  `password_reset_token` varchar(20) DEFAULT NULL,
  `image` varchar(100) DEFAULT NULL,
  `last_login` datetime DEFAULT NULL,
  `last_logout` datetime DEFAULT NULL,
  `ip_address` varchar(14) DEFAULT NULL,
  `status` tinyint(1) NOT NULL DEFAULT '1',
  `is_admin` tinyint(4) NOT NULL DEFAULT '0',
  PRIMARY KEY (`id`)
) ENGINE=InnoDB AUTO_INCREMENT=22 DEFAULT CHARSET=utf8;

INSERT INTO `user` (`id`, `firstname`, `lastname`, `about`, `email`, `password`, `password_reset_token`, `image`, `last_login`, `last_logout`, `ip_address`, `status`, `is_admin`) VALUES ('1', 'HR', 'Admin', '', 'admin@admin.com', '81dc9bdb52d04dc20036dbd8313ed055', NULL, './assets/img/user/admin-login-icon-png-61.png', '2021-03-17 03:37:05', '2021-03-16 13:52:08', '110.93.225.217', '1', '1');
INSERT INTO `user` (`id`, `firstname`, `lastname`, `about`, `email`, `password`, `password_reset_token`, `image`, `last_login`, `last_logout`, `ip_address`, `status`, `is_admin`) VALUES ('2', 'George', 'Bell', NULL, 'georgebell@mailinator.com', '81dc9bdb52d04dc20036dbd8313ed055', NULL, './application/modules/employee/assets/images/2020-06-08/Chr.jpg', '2020-08-19 04:34:31', '2020-08-19 04:34:27', '39.33.154.39', '0', '0');
INSERT INTO `user` (`id`, `firstname`, `lastname`, `about`, `email`, `password`, `password_reset_token`, `image`, `last_login`, `last_logout`, `ip_address`, `status`, `is_admin`) VALUES ('4', 'TestEmployee2', 'TestEmployee2', NULL, 'testEmployee1@mailinator.com', '202cb962ac59075b964b07152d234b70', NULL, '', '2020-10-05 11:51:54', '2020-10-05 11:51:50', '182.189.30.226', '1', '0');
INSERT INTO `user` (`id`, `firstname`, `lastname`, `about`, `email`, `password`, `password_reset_token`, `image`, `last_login`, `last_logout`, `ip_address`, `status`, `is_admin`) VALUES ('5', '', 'kingkhan', NULL, 'hasnain@mailinator.com', '81dc9bdb52d04dc20036dbd8313ed055', NULL, '', NULL, NULL, NULL, '0', '0');
INSERT INTO `user` (`id`, `firstname`, `lastname`, `about`, `email`, `password`, `password_reset_token`, `image`, `last_login`, `last_logout`, `ip_address`, `status`, `is_admin`) VALUES ('6', '', 'zohaib', NULL, 'zohaib@mailinator.com', '202cb962ac59075b964b07152d234b70', NULL, '', '2020-10-06 09:12:46', '2020-10-06 05:59:25', '182.189.7.157', '1', '0');
INSERT INTO `user` (`id`, `firstname`, `lastname`, `about`, `email`, `password`, `password_reset_token`, `image`, `last_login`, `last_logout`, `ip_address`, `status`, `is_admin`) VALUES ('7', '', 'testmanager1', NULL, 'testmanager@mailinator.com', '81dc9bdb52d04dc20036dbd8313ed055', NULL, '', '2020-10-04 17:38:02', '2020-10-04 17:50:52', '39.33.239.17', '1', '0');
INSERT INTO `user` (`id`, `firstname`, `lastname`, `about`, `email`, `password`, `password_reset_token`, `image`, `last_login`, `last_logout`, `ip_address`, `status`, `is_admin`) VALUES ('8', '', 'jeff1', NULL, 'jeffry@mailinator.com', '202cb962ac59075b964b07152d234b70', NULL, '', '2020-10-06 07:37:27', NULL, '182.189.6.206', '1', '0');
INSERT INTO `user` (`id`, `firstname`, `lastname`, `about`, `email`, `password`, `password_reset_token`, `image`, `last_login`, `last_logout`, `ip_address`, `status`, `is_admin`) VALUES ('11', 'Sajid', 'hussain', NULL, 'sajid.hussain@appedology.com', '202cb962ac59075b964b07152d234b70', NULL, '', '2021-03-10 11:29:37', '2021-03-10 11:32:09', '110.93.225.217', '1', '0');
INSERT INTO `user` (`id`, `firstname`, `lastname`, `about`, `email`, `password`, `password_reset_token`, `image`, `last_login`, `last_logout`, `ip_address`, `status`, `is_admin`) VALUES ('14', 'Imran', 'Ali', NULL, 'imran@gmail.com', '202cb962ac59075b964b07152d234b70', NULL, '', '2021-03-10 11:01:12', '2021-03-10 11:05:56', '110.93.225.217', '1', '0');
INSERT INTO `user` (`id`, `firstname`, `lastname`, `about`, `email`, `password`, `password_reset_token`, `image`, `last_login`, `last_logout`, `ip_address`, `status`, `is_admin`) VALUES ('18', '', 'A', NULL, 'ali1@yahoo.com', '4297f44b13955235245b2497399d7a93', NULL, '', NULL, NULL, NULL, '1', '0');
INSERT INTO `user` (`id`, `firstname`, `lastname`, `about`, `email`, `password`, `password_reset_token`, `image`, `last_login`, `last_logout`, `ip_address`, `status`, `is_admin`) VALUES ('19', 'ALI', 'HASAN', NULL, 'ali@yahoo.com', '81dc9bdb52d04dc20036dbd8313ed055', NULL, '', '2021-03-16 11:29:57', '2021-03-16 11:33:14', '110.93.225.217', '1', '0');
INSERT INTO `user` (`id`, `firstname`, `lastname`, `about`, `email`, `password`, `password_reset_token`, `image`, `last_login`, `last_logout`, `ip_address`, `status`, `is_admin`) VALUES ('20', 'Hasan', 'Shah', NULL, 'hasanshah@gmail.com', '4297f44b13955235245b2497399d7a93', NULL, '', '2021-03-16 11:09:33', '2021-03-16 11:25:08', '110.93.225.217', '1', '0');
INSERT INTO `user` (`id`, `firstname`, `lastname`, `about`, `email`, `password`, `password_reset_token`, `image`, `last_login`, `last_logout`, `ip_address`, `status`, `is_admin`) VALUES ('21', 'Raza', 'Ali', NULL, 'raza@yahoo.com', '202cb962ac59075b964b07152d234b70', NULL, '', NULL, NULL, NULL, '1', '0');


#
# TABLE STRUCTURE FOR: weekly_holiday
#


CREATE TABLE `weekly_holiday` (
  `wk_id` int(11) NOT NULL AUTO_INCREMENT,
  `dayname` varchar(30) CHARACTER SET latin1 NOT NULL,
  PRIMARY KEY (`wk_id`)
) ENGINE=InnoDB AUTO_INCREMENT=2 DEFAULT CHARSET=utf8;

INSERT INTO `weekly_holiday` (`wk_id`, `dayname`) VALUES ('1', 'Friday,Saturday');


